000
CDUS45 KCYS 082138
CLICYS

CLIMATE REPORT
NATIONAL WEATHER SERVICE CHEYENNE WY
338 PM MDT SAT MAY 08 2021

...................................

...THE CHEYENNE WYOMING AIRPORT CLIMATE SUMMARY FOR MAY 8 2021...
VALID AS OF 0300 PM LOCAL TIME.

CLIMATE NORMAL PERIOD 1991 TO 2020
CLIMATE RECORD PERIOD 1871 TO 2021


WEATHER ITEM   OBSERVED TIME   RECORD YEAR NORMAL DEPARTURE LAST
                VALUE   (LST)  VALUE       VALUE  FROM      YEAR
                                                  NORMAL
...................................................................
TEMPERATURE (F)
 TODAY
  MAXIMUM         65    128 PM  84    1895  61      4       54
  MINIMUM         47    342 AM  23    1885  37     10       31
  AVERAGE         56                        49      7       43

PRECIPITATION (IN)
  TODAY            0.00          1.56 2015   0.08  -0.08      T
  MONTH TO DATE    0.63                      0.60   0.03     0.48
  SINCE MAR 1      6.11                      3.35   2.76     2.59
  SINCE JAN 1      6.83                      4.22   2.61     3.38

SNOWFALL (IN)
  TODAY            0.0           9.0  1943   0.2   -0.2       T
  MONTH TO DATE    T                         1.5   -1.5       T
  SINCE MAR 1     41.4                      22.5   18.9     19.3
  SINCE JUL 1     78.6                      61.0   17.6     72.2
  SNOW DEPTH       0

DEGREE DAYS
 HEATING
  TODAY            9                        16     -7       22
  MONTH TO DATE  117                       137    -20      123
  SINCE MAR 1   1770                      1668    102     1693
  SINCE JUL 1   6688                      6584    104     6678

 COOLING
  TODAY            0                         0      0        0
  MONTH TO DATE    0                         0      0        0
  SINCE MAR 1      0                         0      0        0
  SINCE JAN 1      0                         0      0        0
...................................................................


WIND (MPH)
  HIGHEST WIND SPEED    29   HIGHEST WIND DIRECTION    NW (300)
  HIGHEST GUST SPEED    41   HIGHEST GUST DIRECTION    NW (300)
  AVERAGE WIND SPEED    16.0


SKY COVER
  POSSIBLE SUNSHINE  MM
  AVERAGE SKY COVER 0.1


WEATHER CONDITIONS
THE FOLLOWING WEATHER WAS RECORDED TODAY.
  NO SIGNIFICANT WEATHER WAS OBSERVED.


RELATIVE HUMIDITY (PERCENT)
 HIGHEST    86           300 AM
 LOWEST     22           200 PM
 AVERAGE    54

..........................................................


THE CHEYENNE WYOMING AIRPORT CLIMATE NORMALS FOR TOMORROW
                         NORMAL    RECORD    YEAR
 MAXIMUM TEMPERATURE (F)   61        84      1962
 MINIMUM TEMPERATURE (F)   38        20      2002


SUNRISE AND SUNSET
MAY  8 2021...........SUNRISE   548 AM MDT   SUNSET   804 PM MDT
MAY  9 2021...........SUNRISE   547 AM MDT   SUNSET   805 PM MDT


-  INDICATES NEGATIVE NUMBERS.
R  INDICATES RECORD WAS SET OR TIED.
MM INDICATES DATA IS MISSING.
T  INDICATES TRACE AMOUNT.




$$
