000
CDUS41 KLWX 040526
CLIDCA

CLIMATE REPORT
NATIONAL WEATHER SERVICE BALTIMORE MD/WASHINGTON DC
126 AM EDT THU JUN 04 2020

...................................

...THE WASHINGTON NATIONAL DC CLIMATE SUMMARY FOR JUNE 3 2020...

CLIMATE NORMAL PERIOD: 1981 TO 2010
CLIMATE RECORD PERIOD: 1871 TO 2020


WEATHER ITEM   OBSERVED TIME   RECORD YEAR NORMAL DEPARTURE LAST
                VALUE   (LST)  VALUE       VALUE  FROM      YEAR
                                                  NORMAL
...................................................................
TEMPERATURE (F)
 YESTERDAY
  MAXIMUM         93   3:47 PM  99    1925  81     12       76
  MINIMUM         68   3:35 AM  45    1910  63      5       58
  AVERAGE         81                        72      9       67

PRECIPITATION (IN)
  YESTERDAY        0.00          1.97 1963   0.13  -0.13     0.00
  MONTH TO DATE    T                         0.38  -0.38     0.01
  SINCE JUN 1      T                         0.38  -0.38     0.01
  SINCE JAN 1     17.10                     16.34   0.76    18.04

SNOWFALL (IN)
  YESTERDAY        0.0          MM      MM   0.0    0.0      0.0
  MONTH TO DATE    0.0                       0.0    0.0      0.0
  SINCE JUN 1      0.0                       0.0    0.0      0.0
  SINCE JUL 1      0.6                      15.4  -14.8     16.9
  SNOW DEPTH       0

DEGREE DAYS
 HEATING
  YESTERDAY        0                         1     -1        0
  MONTH TO DATE    0                         3     -3        0
  SINCE JUN 1      0                         3     -3        0
  SINCE JUL 1   3428                      4028   -600     3604

 COOLING
  YESTERDAY       16                         7      9        2
  MONTH TO DATE   19                        21     -2       26
  SINCE JUN 1     19                        21     -2       26
  SINCE JAN 1    126                       155    -29      309
...................................................................


WIND (MPH)
  HIGHEST WIND SPEED    20   HIGHEST WIND DIRECTION    SW (210)
  HIGHEST GUST SPEED    27   HIGHEST GUST DIRECTION    SW (220)
  AVERAGE WIND SPEED     9.8


SKY COVER
  AVERAGE SKY COVER 0.9


WEATHER CONDITIONS
THE FOLLOWING WEATHER WAS RECORDED YESTERDAY.
  NO SIGNIFICANT WEATHER WAS OBSERVED.


RELATIVE HUMIDITY (PERCENT)
 HIGHEST    84           4:00 AM
 LOWEST     39           4:00 PM
 AVERAGE    62

..........................................................


THE WASHINGTON NATIONAL DC CLIMATE NORMALS FOR TODAY
                         NORMAL    RECORD    YEAR
 MAXIMUM TEMPERATURE (F)   81        99      1925
 MINIMUM TEMPERATURE (F)   63        46      1907
                                             1929


SUNRISE AND SUNSET
JUNE  4 2020..........SUNRISE   5:44 AM EDT   SUNSET   8:30 PM EDT
JUNE  5 2020..........SUNRISE   5:43 AM EDT   SUNSET   8:30 PM EDT


-  INDICATES NEGATIVE NUMBERS.
R  INDICATES RECORD WAS SET OR TIED.
MM INDICATES DATA IS MISSING.
T  INDICATES TRACE AMOUNT.




$$
