000
CXUS51 KPHI 011647
CLM55N


CLIMATE REPORT
NATIONAL WEATHER SERVICE MOUNT HOLLY NJ
1126 AM EST TUE JAN 1 2019

...................................

...THE ATLANTIC CITY MARINA CLIMATE SUMMARY FOR THE MONTH OF DECEMBER 2018...

CLIMATE NORMAL PERIOD 1981 TO 2010
CLIMATE RECORD PERIOD 1873 TO 2018

WEATHER         OBSERVED          NORMAL  DEPART
                 VALUE   DATE(S)  VALUE   FROM
                                          NORMAL
................................................
TEMPERATURE (F)
HIGHEST            58   12/28        MM      MM
                        12/21
                        12/03
LOWEST             27   12/08        MM      MM
AVG. MAXIMUM     47.0              46.3     0.7
AVG. MINIMUM     36.9              33.5     3.4
MEAN             42.0              39.9     2.1
DAYS MAX >= 90      0               0.0     0.0
DAYS MAX <= 32      0               1.6    -1.6
DAYS MIN <= 32     11              13.2    -2.2
DAYS MIN <= 0       0               0.0     0.0

PRECIPITATION (INCHES)
RECORD
 MAXIMUM           MM   MM
TOTALS           5.26              3.62    1.64
DAILY AVG.       0.18                MM      MM
DAYS >= .01        10              10.4    -0.4
DAYS >= .10         8               6.5     1.5
DAYS >= .50         5               2.8     2.2
DAYS >= 1.00        2               0.8     1.2
GREATEST
 24 HR. TOTAL    1.25   12/16 TO 12/16
 STORM TOTAL       MM
 (MM/DD(HH))            MM

DEGREE_DAYS
HEATING TOTAL     705               778     -73
 SINCE 7/1       1410              1491     -81
COOLING TOTAL       0                 0       0
 SINCE 1/1       1278              1020     258
.................................................

WIND (MPH)
AVERAGE WIND SPEED              7.9
HIGHEST WIND SPEED/DIRECTION    82/040    DATE  12/09
HIGHEST GUST SPEED/DIRECTION    MM        DATE   MM

SKY COVER
POSSIBLE SUNSHINE (PERCENT)   MM
AVERAGE SKY COVER             MM
NUMBER OF DAYS FAIR            0
NUMBER OF DAYS PC              0
NUMBER OF DAYS CLOUDY          0

AVERAGE RH (PERCENT)     MM

WEATHER CONDITIONS. NUMBER OF DAYS WITH
THUNDERSTORM              0     MIXED PRECIP               0
HEAVY RAIN                1     LIGHT RAIN                 6
FREEZING RAIN             0     LT FREEZING RAIN           0
HEAVY SNOW                0     SNOW                       0
LIGHT SNOW                0     FOG                        0
FOG W/VIS <= 1/4 MILE     0     HAZE                       0

-  INDICATES NEGATIVE NUMBERS.
R  INDICATES RECORD WAS SET OR TIED.
MM INDICATES DATA IS MISSING.
T  INDICATES TRACE AMOUNT.

$$
