000
CXUS51 KPHI 071852
CLM55N


CLIMATE REPORT
NATIONAL WEATHER SERVICE MOUNT HOLLY NJ
245 PM EDT TUE AUG 7 2018

...................................

...THE ATLANTIC CITY MARINA CLIMATE SUMMARY FOR THE MONTH OF JULY 2018...

CLIMATE NORMAL PERIOD 1981 TO 2010
CLIMATE RECORD PERIOD 1873 TO 2018

WEATHER         OBSERVED          NORMAL  DEPART
                 VALUE   DATE(S)  VALUE   FROM
                                          NORMAL
................................................
TEMPERATURE (F)
RECORD
 HIGH              MM   MM
 LOW               61   07/09/2018
HIGHEST            90   07/01        MM      MM
LOWEST             61R  07/09        MM      MM
AVG. MAXIMUM     79.8              81.3    -1.5
AVG. MINIMUM     71.2              70.0     1.2
MEAN             75.5              75.6    -0.1
DAYS MAX >= 90      1               2.3    -1.3
DAYS MAX <= 32      0               0.0     0.0
DAYS MIN <= 32      0               0.0     0.0
DAYS MIN <= 0       0               0.0     0.0

PRECIPITATION (INCHES)
RECORD
 MAXIMUM           MM   MM
TOTALS           3.41              3.31    0.10
DAILY AVG.       0.11              0.11    0.00
DAYS >= .01         9               8.4     0.6
DAYS >= .10         5               5.1    -0.1
DAYS >= .50         4               2.1     1.9
DAYS >= 1.00        1               0.9     0.1
GREATEST
 24 HR. TOTAL    1.14   07/21 TO 07/21
 STORM TOTAL       MM
 (MM/DD(HH))            MM

DEGREE_DAYS
HEATING TOTAL       0                 0       0
 SINCE 7/1          0                 0       0
COOLING TOTAL     333               330       3
 SINCE 1/1        546               538       8

FREEZE DATES
RECORD
 EARLIEST     MM
 LATEST       MM
EARLIEST                        MM
LATEST                          MM
.................................................

WIND (MPH)
AVERAGE WIND SPEED              6.1
HIGHEST WIND SPEED/DIRECTION    32/110
HIGHEST GUST SPEED/DIRECTION    41/110

SKY COVER
POSSIBLE SUNSHINE (PERCENT)   MM
AVERAGE SKY COVER             MM
NUMBER OF DAYS FAIR            0
NUMBER OF DAYS PC              0
NUMBER OF DAYS CLOUDY          0

AVERAGE RH (PERCENT)     MM


-  INDICATES NEGATIVE NUMBERS.
R  INDICATES RECORD WAS SET OR TIED.
MM INDICATES DATA IS MISSING.
T  INDICATES TRACE AMOUNT.

$$
