000
CXUS51 KPHI 011932
CLM55N


CLIMATE REPORT
NATIONAL WEATHER SERVICE MOUNT HOLLY NJ
319 PM EDT TUE MAY 1 2018

...................................

...THE ATLANTIC CITY MARINA CLIMATE SUMMARY FOR THE MONTH OF APRIL 2018...

CLIMATE NORMAL PERIOD 1981 TO 2010
CLIMATE RECORD PERIOD 9999 TO 9999

WEATHER         OBSERVED          NORMAL  DEPART
                 VALUE   DATE(S)  VALUE   FROM
                                          NORMAL
................................................
TEMPERATURE (F)
RECORD
 HIGH              MM   MM
 LOW               34   04/09/2018
                        04/08/2018
                        03/07/1960
HIGHEST            68   04/26        MM      MM
LOWEST             34R  04/09        MM      MM
                        04/08
AVG. MAXIMUM     55.0              57.6    -2.6
AVG. MINIMUM     42.9              45.5    -2.6
MEAN             49.0              51.6    -2.6
DAYS MAX >= 90      0               0.0     0.0
DAYS MAX <= 32      0               0.0     0.0
DAYS MIN <= 32      0               0.5    -0.5
DAYS MIN <= 0       0               0.0     0.0

PRECIPITATION (INCHES)
RECORD
 MAXIMUM           MM   MM
TOTALS           3.51              3.39    0.12
DAILY AVG.       0.12              0.11    0.01
DAYS >= .01        10              10.9    -0.9
DAYS >= .10         8               6.4     1.6
DAYS >= .50         3               2.4     0.6
DAYS >= 1.00        1               0.9     0.1
GREATEST
 24 HR. TOTAL    1.01   04/15 TO 04/15
 STORM TOTAL       MM
 (MM/DD(HH))            MM

DEGREE_DAYS
HEATING TOTAL     474               407      67
 SINCE 7/1       4273              4264       9
COOLING TOTAL       0                 4      -4
 SINCE 1/1          0                 4      -4

FREEZE DATES
RECORD
 EARLIEST     MM
 LATEST       MM
EARLIEST                        MM
LATEST                          MM
.................................................

WIND (MPH)
AVERAGE WIND SPEED              6.7
HIGHEST WIND SPEED/DIRECTION    28/150
HIGHEST GUST SPEED/DIRECTION    40/150

SKY COVER
POSSIBLE SUNSHINE (PERCENT)   MM
AVERAGE SKY COVER             MM
NUMBER OF DAYS FAIR            0
NUMBER OF DAYS PC              0
NUMBER OF DAYS CLOUDY          0

AVERAGE RH (PERCENT)     MM


-  INDICATES NEGATIVE NUMBERS.
R  INDICATES RECORD WAS SET OR TIED.
MM INDICATES DATA IS MISSING.
T  INDICATES TRACE AMOUNT.

$$
