000
CXUS51 KPHI 011247
CLM55N


CLIMATE REPORT
NATIONAL WEATHER SERVICE MOUNT HOLLY NJ
838 AM EDT MON OCT 1 2018

...................................

...THE ATLANTIC CITY MARINA CLIMATE SUMMARY FOR THE MONTH OF SEPTEMBER 2018...

CLIMATE NORMAL PERIOD 1981 TO 2010
CLIMATE RECORD PERIOD 1873 TO 2018

WEATHER         OBSERVED          NORMAL  DEPART
                 VALUE   DATE(S)  VALUE   FROM
                                          NORMAL
................................................
TEMPERATURE (F)
RECORD
 HIGH              MM   MM
 LOW               55   09/30/2017
                        09/10/2017
                        09/22/1904
HIGHEST            90   09/04        MM      MM
LOWEST             61   09/30        MM      MM
                        09/28
                        09/10
AVG. MAXIMUM     76.2              74.8     1.4
AVG. MINIMUM     68.8              63.5     5.3
MEAN             72.5              69.1     3.4
DAYS MAX >= 90      1               0.3     0.7
DAYS MAX <= 32      0               0.0     0.0
DAYS MIN <= 32      0               0.0     0.0
DAYS MIN <= 0       0               0.0     0.0

PRECIPITATION (INCHES)
RECORD
 MAXIMUM           MM   MM
TOTALS           5.34              3.08    2.26
DAILY AVG.       0.18              0.10    0.08
DAYS >= .01        12               7.7     4.3
DAYS >= .10         7               5.0     2.0
DAYS >= .50         5               1.9     3.1
DAYS >= 1.00        1               0.8     0.2
GREATEST
 24 HR. TOTAL    1.07   09/18 TO 09/18
 STORM TOTAL       MM
 (MM/DD(HH))            MM

DEGREE_DAYS
HEATING TOTAL       0                27     -27
 SINCE 7/1          0                28     -28
COOLING TOTAL     224               152      72
 SINCE 1/1       1195               999     196

FREEZE DATES
RECORD
 EARLIEST     MM
 LATEST       MM
EARLIEST                        MM
LATEST                          MM
.................................................

WIND (MPH)
AVERAGE WIND SPEED              9.9
HIGHEST WIND SPEED/DIRECTION    34/MM
HIGHEST GUST SPEED/DIRECTION    32/MM

SKY COVER
POSSIBLE SUNSHINE (PERCENT)    0
AVERAGE SKY COVER           0.00
NUMBER OF DAYS FAIR           14
NUMBER OF DAYS PC              0
NUMBER OF DAYS CLOUDY          0

AVERAGE RH (PERCENT)      0


-  INDICATES NEGATIVE NUMBERS.
R  INDICATES RECORD WAS SET OR TIED.
MM INDICATES DATA IS MISSING.
T  INDICATES TRACE AMOUNT.

$$
