000
CXUS53 KABR 011715
CLM8D3


CLIMATE REPORT
NATIONAL WEATHER SERVICE ABERDEEN SD
1210 PM CDT FRI JUN 1 2018

...................................

...THE SISSETON SD CLIMATE SUMMARY FOR THE MONTH OF MAY 2018...

CLIMATE NORMAL PERIOD 1981 TO 2010
CLIMATE RECORD PERIOD 1900 TO 2018

WEATHER         OBSERVED          NORMAL  DEPART  LAST YEAR`S
                 VALUE   DATE(S)  VALUE   FROM    VALUE  DATE(S)
                                          NORMAL
................................................................
TEMPERATURE (F)
RECORD
 HIGH             113   05/30/1934
 LOW               19   05/03/2005
                        05/12/1946
HIGHEST            97   05/27        70      27       87  05/14
LOWEST             33   05/02        MM      MM       34  05/11
                                                          05/02
AVG. MAXIMUM     78.7              69.4     9.3     70.5
AVG. MINIMUM     51.7              45.1     6.6     44.6
MEAN             65.2              57.3     7.9     57.6
DAYS MAX >= 90      6               0.9     5.1        0
DAYS MAX <= 32      0               0.0     0.0        0
DAYS MIN <= 32      0               1.3    -1.3        0
DAYS MIN <= 0       0               0.0     0.0        0

PRECIPITATION (INCHES)
RECORD
 MAXIMUM         9.76   1965
 MINIMUM         0.36   1934
TOTALS           1.80              2.72   -0.92     1.14
DAYS >= .01         8                MM      MM       12
DAYS >= .10         5                MM      MM        3
DAYS >= .50         1                MM      MM        1
DAYS >= 1.00        0                MM      MM        0

SNOWFALL (INCHES)
RECORDS
 TOTAL            9.0   5
                        0
                        -26215
 SNOW DEPTH        MM   MM
TOTALS            0.0                MM      MM      0.0
SINCE 7/1        49.9                MM      MM     31.1
SNOWDEPTH AVG.      0                MM      MM        0
DAYS >= TRACE       0                MM      MM        0
DAYS >= 1.0         0                MM      MM        0
GREATEST
 SNOW DEPTH         0   MM                             0  MM

DEGREE_DAYS
HEATING TOTAL     126               262    -136      236
 SINCE 7/1       8235              8221      14     7150
COOLING TOTAL     141                22     119       16
 SINCE 1/1        141                23     118       16

FREEZE DATES
RECORD
 EARLIEST     MM
 LATEST       MM
EARLIEST                        MM
LATEST                          MM
.................................................................

WIND (MPH)
AVERAGE WIND SPEED              9.6
RESULTANT WIND SPEED/DIRECTION   1/256
HIGHEST WIND SPEED/DIRECTION    38/230    DATE  05/07
HIGHEST GUST SPEED/DIRECTION    49/230    DATE  05/07

SKY COVER
POSSIBLE SUNSHINE (PERCENT)   MM
AVERAGE SKY COVER           0.00
NUMBER OF DAYS FAIR           31
NUMBER OF DAYS PC              0
NUMBER OF DAYS CLOUDY          0

AVERAGE RH (PERCENT)     60

WEATHER CONDITIONS. NUMBER OF DAYS WITH
  0
  1
  0
  0
  0
  0
  0
HAZE                      0

-  INDICATES NEGATIVE NUMBERS.
R  INDICATES RECORD WAS SET OR TIED.
MM INDICATES DATA IS MISSING.
T  INDICATES TRACE AMOUNT.

$$
