000
CXUS53 KABR 011905
CLM8D3


CLIMATE REPORT
NATIONAL WEATHER SERVICE ABERDEEN SD
1247 PM CST SAT DEC 1 2018

...................................

...THE SISSETON SD CLIMATE SUMMARY FOR THE MONTH OF NOVEMBER 2018...

CLIMATE NORMAL PERIOD 1981 TO 2010
CLIMATE RECORD PERIOD 1900 TO 2018

WEATHER         OBSERVED          NORMAL  DEPART  LAST YEAR`S
                 VALUE   DATE(S)  VALUE   FROM    VALUE  DATE(S)
                                          NORMAL
................................................................
TEMPERATURE (F)
RECORD
 HIGH              79   11/02/1965
 LOW              -18   11/30/1964
HIGHEST            53   11/14                         62  11/27
LOWEST             -3   11/19                          8  11/22
                                                          11/09
AVG. MAXIMUM     31.1              40.2    -9.1     41.9
AVG. MINIMUM     16.1              21.5    -5.4     21.6
MEAN             23.6              30.8    -7.2     31.7
DAYS MAX >= 90      0               0.0     0.0        0
DAYS MAX <= 32     18               7.6    10.4        6
DAYS MIN <= 32     26              25.8     0.2       29
DAYS MIN <= 0       3               1.0     2.0        0

PRECIPITATION (INCHES)
RECORD
 MAXIMUM         4.77   1977
 MINIMUM         0.00   1999
TOTALS           1.15              0.58    0.57     0.20
DAYS >= .01        12                MM      MM        5
DAYS >= .10         4                MM      MM        1
DAYS >= .50         0                MM      MM        0
DAYS >= 1.00        0                MM      MM        0

SNOWFALL (INCHES)
RECORDS
 TOTAL           27.7   5
 SNOW DEPTH        13   11/30/2005
TOTALS            3.9                MM      MM      0.5
SINCE 7/1         7.3                MM      MM      0.5
SNOWDEPTH AVG.      0                MM      MM        0
DAYS >= TRACE      12                MM      MM        4
DAYS >= 1.0         2                MM      MM        0
GREATEST
 SNOW DEPTH         2   11/20                          1  11/04
                        11/19
                        11/18

DEGREE_DAYS
HEATING TOTAL    1234              1024     210      991
 SINCE 7/1       2217              1851     366     1643
COOLING TOTAL       0                 0       0        0
 SINCE 1/1        754               527     227      554

FREEZE DATES
RECORD
 EARLIEST     MM
 LATEST       MM
EARLIEST                        MM
LATEST                          MM
.................................................................

WIND (MPH)
AVERAGE WIND SPEED              11.4
RESULTANT WIND SPEED/DIRECTION   3/320
HIGHEST WIND SPEED/DIRECTION    33/250    DATE  11/20
HIGHEST GUST SPEED/DIRECTION    48/240    DATE  11/14

SKY COVER
POSSIBLE SUNSHINE (PERCENT)   MM
AVERAGE SKY COVER           0.00
NUMBER OF DAYS FAIR           30
NUMBER OF DAYS PC              0
NUMBER OF DAYS CLOUDY          0

AVERAGE RH (PERCENT)     83

-  INDICATES NEGATIVE NUMBERS.
R  INDICATES RECORD WAS SET OR TIED.
MM INDICATES DATA IS MISSING.
T  INDICATES TRACE AMOUNT.

$$
