000
CXUS52 KTAE 011343
CLMAAF

CLIMATE REPORT
NATIONAL WEATHER SERVICE TALLAHASSEE FL
843 AM EST TUE JAN 1 2019

...................................

...THE APALACHICOLA CLIMATE SUMMARY FOR THE MONTH OF DECEMBER 2018...

CLIMATE NORMAL PERIOD 1981 TO 2010
CLIMATE RECORD PERIOD 1931 TO 2018

WEATHER         OBSERVED                   LAST YEAR`S
                 VALUE   DATE(S)           VALUE  DATE(S)

.........................................................
TEMPERATURE (F)
HIGHEST            78   12/02                  80  12/18
LOWEST             31   12/12                  30  12/11
AVG. MAXIMUM     64.3                        66.7
AVG. MINIMUM     49.0                        49.0
MEAN             56.6                        57.9
DAYS MAX >= 90      0                           0
DAYS MAX <= 32      0                           0
DAYS MIN <= 32      1                           1
DAYS MIN <= 0       0                           0

PRECIPITATION (INCHES)
TOTALS          12.08R                       1.74
DAILY AVG.       0.39                        0.06
DAYS >= .01        14                           7
DAYS >= .10         9                           5
DAYS >= .50         6                           2
DAYS >= 1.00        5                           0
GREATEST
 24 HR. TOTAL    2.81   12/01 TO 12/01       0.69

DEGREE_DAYS
HEATING TOTAL     268                         252
 SINCE 7/1        451                         358
COOLING TOTAL      16                          37
 SINCE 1/1       2937                        2945
..........................................................

WIND (MPH)
AVERAGE WIND SPEED              7.6
HIGHEST WIND SPEED/DIRECTION    26/120    DATE  12/01
HIGHEST GUST SPEED/DIRECTION    37/120    DATE  12/01

SKY COVER
AVERAGE SKY COVER           0.50

AVERAGE RH (PERCENT)     79

-  INDICATES NEGATIVE NUMBERS.
R  INDICATES RECORD WAS SET OR TIED.
MM INDICATES DATA IS MISSING.
T  INDICATES TRACE AMOUNT.

$$
