000
CXUS52 KTAE 011236
CLMAAF

CLIMATE REPORT
NATIONAL WEATHER SERVICE TALLAHASSEE FL
832 AM EDT SAT SEP 1 2018

...................................

...THE APALACHICOLA CLIMATE SUMMARY FOR THE MONTH OF AUGUST 2018...

CLIMATE NORMAL PERIOD 1981 TO 2010
CLIMATE RECORD PERIOD 1931 TO 2018

WEATHER         OBSERVED                   LAST YEAR`S
                 VALUE   DATE(S)           VALUE  DATE(S)

.........................................................
TEMPERATURE (F)
HIGHEST            93   08/22                  95  08/18
                        08/11                      08/17
LOWEST             73   08/30                  69  08/01
AVG. MAXIMUM     89.3                        89.6
AVG. MINIMUM     75.5                        75.5
MEAN             82.4                        82.6
DAYS MAX >= 90     16                          20
DAYS MAX <= 32      0                           0
DAYS MIN <= 32      0                           0
DAYS MIN <= 0       0                           0

PRECIPITATION (INCHES)
TOTALS           8.27                        7.53
DAILY AVG.       0.27                        0.24
DAYS >= .01        17                          17
DAYS >= .10        11                          11
DAYS >= .50         5                           6
DAYS >= 1.00        3                           4
GREATEST
 24 HR. TOTAL    2.17   08/02 TO 08/02       1.45

DEGREE_DAYS
HEATING TOTAL       0                           0
 SINCE 7/1          0                           0
COOLING TOTAL     548                         550
 SINCE 1/1       2186                        2121
..........................................................

WIND (MPH)
AVERAGE WIND SPEED              5.9
HIGHEST WIND SPEED/DIRECTION    24/150    DATE  08/30
HIGHEST GUST SPEED/DIRECTION    35/230    DATE  08/16

SKY COVER
AVERAGE SKY COVER           0.20

AVERAGE RH (PERCENT)     84

WEATHER CONDITIONS. NUMBER OF DAYS WITH
  0
  7
  0
  0
  0
  0
  0
HAZE                      0

-  INDICATES NEGATIVE NUMBERS.
R  INDICATES RECORD WAS SET OR TIED.
MM INDICATES DATA IS MISSING.
T  INDICATES TRACE AMOUNT.

$$
