000
CXUS52 KTAE 011955
CLMAAF

MIACLMAAF 000
TTAA00 KTAE 011236


CLIMATE REPORT
NATIONAL WEATHER SERVICE TALLAHASSEE FL
833 AM EDT FRI JUN 1 2018

...................................

...THE APALACHICOLA CLIMATE SUMMARY FOR THE MONTH OF MAY 2018...

CLIMATE NORMAL PERIOD 1981 TO 2010
CLIMATE RECORD PERIOD 1931 TO 2018

WEATHER         OBSERVED                   LAST YEAR`S
                 VALUE   DATE(S)           VALUE  DATE(S)

.........................................................
TEMPERATURE (F)
HIGHEST            92   05/07                  89  05/28
                                                   05/27
LOWEST             58   05/01                  48  05/06
AVG. MAXIMUM     84.4                        83.7
AVG. MINIMUM     67.9                        65.2
MEAN             76.2                        74.5
DAYS MAX >= 90      3                           0
DAYS MAX <= 32      0                           0
DAYS MIN <= 32      0                           0
DAYS MIN <= 0       0                           0

PRECIPITATION (INCHES)
TOTALS           4.55                        2.35
DAILY AVG.       0.15                        0.08
DAYS >= .01        11                           6
DAYS >= .10        10                           5
DAYS >= .50         3                           3
DAYS >= 1.00        0                           0
GREATEST
 24 HR. TOTAL    0.94   05/28 TO 05/28       0.76

DEGREE_DAYS
HEATING TOTAL       0                           4
 SINCE 7/1       1108                         679
COOLING TOTAL     353                         268
 SINCE 1/1        558                         576
..........................................................

WIND (MPH)
AVERAGE WIND SPEED              8.1
HIGHEST WIND SPEED/DIRECTION    37/170    DATE  05/28
HIGHEST GUST SPEED/DIRECTION    50/170    DATE  05/28

SKY COVER
AVERAGE SKY COVER           0.30

AVERAGE RH (PERCENT)     80

WEATHER CONDITIONS. NUMBER OF DAYS WITH
  0
  6
  0
  0
  0
  0
  2
HAZE                      1

-  INDICATES NEGATIVE NUMBERS.
R  INDICATES RECORD WAS SET OR TIED.
MM INDICATES DATA IS MISSING.
T  INDICATES TRACE AMOUNT.

$$
