000
CXUS54 KSJT 020310
CLMABI


CLIMATE REPORT
NATIONAL WEATHER SERVICE SAN ANGELO TX
900 PM CST SAT DEC 1 2018

...................................

...THE ABILENE CLIMATE SUMMARY FOR THE MONTH OF NOVEMBER 2018...

CLIMATE NORMAL PERIOD 1981 TO 2010
CLIMATE RECORD PERIOD 1886 TO 2018

WEATHER         OBSERVED          NORMAL  DEPART  LAST YEAR`S
                 VALUE   DATE(S)  VALUE   FROM    VALUE  DATE(S)
                                          NORMAL
................................................................
TEMPERATURE (F)
RECORD
 HIGH              92   11/08/1980
 LOW               13   11/27/1887
HIGHEST            82   11/29        MM      MM       89  11/05
                        11/06
LOWEST             23   11/14        MM      MM       28  11/19
AVG. MAXIMUM     64.3              66.3    -2.0     69.7
AVG. MINIMUM     39.9              43.0    -3.1     45.3
MEAN             52.1              54.6    -2.5     57.5
DAYS MAX >= 90      0               0.1    -0.1        0
DAYS MAX <= 32      0               0.1    -0.1        0
DAYS MIN <= 32      7               4.4     2.6        3
DAYS MIN <= 0       0               0.0     0.0        0

PRECIPITATION (INCHES)
RECORD
 MAXIMUM         5.82   1913
 MINIMUM         0.00   1949
TOTALS           0.28              1.41   -1.13     0.90
DAILY AVG.       0.01              0.05   -0.04     0.03
DAYS >= .01         4               4.6    -0.6        1
DAYS >= .10         2               2.5    -0.5        1
DAYS >= .50         0               1.0    -1.0        1
DAYS >= 1.00        0               0.2    -0.2        0
GREATEST
 24 HR. TOTAL    0.78   10/31 TO 11/01
                        11/01 TO 11/02
                        11/02 TO 11/03

SNOWFALL (INCHES)
RECORDS
 TOTAL            8.2   1918
                        0
                        0
TOTALS              T               0.7    -0.7      0.0
SINCE 7/1           T               0.7    -0.7        T
SNOWDEPTH AVG.      0                MM      MM        0
DAYS >= 1.0         0               0.2    -0.2        0
GREATEST
 SNOW DEPTH         0   MM                             0  MM
 24 HR TOTAL        T   11/12 TO 11/12

DEGREE_DAYS
HEATING TOTAL     388               329      59      252
 SINCE 7/1        542               433     109      395
COOLING TOTAL       9                19     -10       37
 SINCE 1/1       2756              2408     348     2424
.................................................................

WIND (MPH)
AVERAGE WIND SPEED              10.2
HIGHEST WIND SPEED/DIRECTION    32/340    DATE  11/12
HIGHEST GUST SPEED/DIRECTION    42/210    DATE  11/03

SKY COVER
AVERAGE SKY COVER           0.20

AVERAGE RH (PERCENT)     62

WEATHER CONDITIONS. NUMBER OF DAYS WITH
  0
  0
  0
  0
  0
  0
  2
HAZE                      1

-  INDICATES NEGATIVE NUMBERS.
R  INDICATES RECORD WAS SET OR TIED.
MM INDICATES DATA IS MISSING.
T  INDICATES TRACE AMOUNT.

$$
