000
CXUS54 KSJT 011454
CLMABI


CLIMATE REPORT
NATIONAL WEATHER SERVICE SAN ANGELO TX
948 AM CDT FRI JUN 1 2018

...................................

...THE ABILENE CLIMATE SUMMARY FOR THE MONTH OF MAY 2018...

CLIMATE NORMAL PERIOD 1981 TO 2010
CLIMATE RECORD PERIOD 1886 TO 2018

WEATHER         OBSERVED          NORMAL  DEPART  LAST YEAR`S
                 VALUE   DATE(S)  VALUE   FROM    VALUE  DATE(S)
                                          NORMAL
................................................................
TEMPERATURE (F)
RECORD
 HIGH             109   05/28/2011
                        05/24/2000
                        54/01/2206
 LOW               33   05/03/2013
                        05/04/1907
                        01/01/2000
HIGHEST           102   05/31        MM      MM       99  05/27
                        05/26                             05/26
LOWEST             54   05/05        MM      MM       42  05/05
                                                          05/01
AVG. MAXIMUM     90.7              84.6     6.1     83.4
AVG. MINIMUM     65.5              61.4     4.1     58.0
MEAN             78.1              73.0     5.1     70.7
DAYS MAX >= 90     19               8.3    10.7        5
DAYS MAX <= 32      0               0.0     0.0        0
DAYS MIN <= 32      0               0.0     0.0        0
DAYS MIN <= 0       0               0.0     0.0        0

PRECIPITATION (INCHES)
RECORD
 MAXIMUM        13.19   1957
 MINIMUM         0.06   1911
TOTALS           1.93              3.18   -1.25     2.73
DAILY AVG.       0.06              0.10   -0.04     0.09
DAYS >= .01         7               7.7    -0.7        9
DAYS >= .10         3               4.6    -1.6        7
DAYS >= .50         1               2.2    -1.2        2
DAYS >= 1.00        1               0.9     0.1        0
GREATEST
 24 HR. TOTAL    1.20   05/03

SNOWFALL (INCHES)
RECORDS
 TOTAL              T   2016
                        2015
                        2013
TOTALS            0.0               0.0     0.0      0.0
SINCE 7/1         0.5               4.7    -4.2        T
SNOWDEPTH AVG.      0                MM      MM        0
DAYS >= 1.0         0               0.0     0.0        0
GREATEST
 SNOW DEPTH         0   MM                             0  MM
 24 HR TOTAL      0.0   05/31

DEGREE_DAYS
HEATING TOTAL       0                16     -16       16
 SINCE 7/1       2583              2558      25     1826
COOLING TOTAL     414               264     150      200
 SINCE 1/1        531               397     134      419
.................................................................

WIND (MPH)
AVERAGE WIND SPEED              12.8
HIGHEST WIND SPEED/DIRECTION    38/220    DATE  05/03
HIGHEST GUST SPEED/DIRECTION    49/190    DATE  05/03

SKY COVER
AVERAGE SKY COVER           0.10

AVERAGE RH (PERCENT)     58

WEATHER CONDITIONS. NUMBER OF DAYS WITH
THUNDERSTORM              9     MIXED PRECIP               0
HEAVY RAIN                2     RAIN                       1
LIGHT RAIN                8     FREEZING RAIN              0
LT FREEZING RAIN          0     HAIL                       0
HEAVY SNOW                0     SNOW                       0
LIGHT SNOW                0     SLEET                      0
FOG                       5     FOG W/VIS <= 1/4 MILE      0
HAZE                      1

-  INDICATES NEGATIVE NUMBERS.
R  INDICATES RECORD WAS SET OR TIED.
MM INDICATES DATA IS MISSING.
T  INDICATES TRACE AMOUNT.

$$
