000
CXUS55 KABQ 012308 CCA
CLMABQ

ABQCLMABQ 000
TTAA00 KABQ 011803


CLIMATE REPORT
NATIONAL WEATHER SERVICE ALBUQUERQUE NM
1157 AM MDT MON OCT 1 2018

...................................

...THE ALBUQUERQUE  NM CLIMATE SUMMARY FOR THE MONTH OF SEPTEMBER
2018...

CLIMATE NORMAL PERIOD 1981 TO 2010 CLIMATE RECORD PERIOD 1891 TO 2018

WEATHER        OBSERVED          NORMAL  DEPART  LAST YEAR`S
                VALUE   DATE(S)  VALUE   FROM    VALUE  DATE(S)
                                         NORMAL
................................................................
TEMPERATURE (F)
RECORD
 HIGH             100   09/05/1979
 LOW               35   09/29/1936
                        09/29/1936
                        09/27/1936
HIGHEST            92   09/18        92     0       94  09/04
                        09/17
LOWEST             51   09/28        44     7       49  09/27
AVG. MAXIMUM     84.8              80.7   4.1     83.6
AVG. MINIMUM     59.5              57.9   1.6     59.3
MEAN             72.1              69.3   2.8     71.4
DAYS MAX >= 90      8               1.2   6.8        5
DAYS MAX <= 32      0               0.0   0.0        0
DAYS MIN <= 32      0               0.0   0.0        0
DAYS MIN <= 0       0               0.0   0.0        0

PRECIPITATION (INCHES)
RECORD
 MAXIMUM         3.97   2013
 MINIMUM            T   1957
TOTALS           0.84              1.08  -0.24    2.20
DAILY AVG.       0.03              0.04  -0.01    0.07
DAYS >= .01         6               5.9    0.1       8
DAYS >= .10         4               2.6    1.4       3
DAYS >= .50         0               0.7   -0.7       2
DAYS >= 1.00        0               0.1   -0.1       0
GREATEST
 24 HR. TOTAL    0.31   09/09 TO 09/09            0.80

SNOWFALL (INCHES)
RECORDS
 TOTAL              T   2006
TOTALS            0.0               0.0     0.0     0.0
SINCE 7/1           T               0.0     0.0     0.0
SNOWDEPTH AVG.      0                MM      MM       0
DAYS >= 1.0         0               0.0     0.0       0
GREATEST
 SNOW DEPTH         0   MM                            0  MM
 24 HR TOTAL      0.0   09/30 TO 09/30              0.0

DEGREE_DAYS
HEATING TOTAL       2                26     -24      21
 SINCE 7/1          2                26     -24      21
COOLING TOTAL     223               155      68     220
 SINCE 1/1       1709              1312     397    1530

.................................................................

WIND (MPH)
AVERAGE WIND SPEED              7.0
HIGHEST WIND SPEED/DIRECTION    40/080    DATE  09/05
HIGHEST GUST SPEED/DIRECTION    49/080    DATE  09/05

SKY COVER
POSSIBLE SUNSHINE (PERCENT)   MM
AVERAGE SKY COVER           0.40
NUMBER OF DAYS FAIR           17
NUMBER OF DAYS PC             12
NUMBER OF DAYS CLOUDY          1

AVERAGE RH (PERCENT)     45

WEATHER CONDITIONS. NUMBER OF DAYS WITH
THUNDERSTORM      9      MIXED PRECIP            0
HEAVY RAIN        4      RAIN                    0
LIGHT RAIN        2      FREEZING RAIN           0
LT FREEZING RAIN  0      HAIL                    0
HEAVY SNOW        0      SNOW                    0
LIGHT SNOW        0      SLEET                   0
FOG               4      FOG W/VIS <= 1/4 MILE   0
HAZE              0

-  INDICATES NEGATIVE NUMBERS.
R  INDICATES RECORD WAS SET OR TIED.
MM INDICATES DATA IS MISSING.
T  INDICATES TRACE AMOUNT.

$$

-------------------------------------------------------------

THE AVERAGE MAXIMUM TEMPERATURE AT THE ALBUQUERQUE SUNPORT IN
SEPTEMBER 2018 WAS 84.8 DEGREES. THE AVERAGE MINIMUM TEMPERATURE
FOR THE MONTH WAS 59.5 DEGREES.

THE HIGHEST MAXIMUM TEMPERATURE FOR THE MONTH WAS 92 DEGREES ON
THE 17TH AND 18TH. THE LOWEST TEMPERATURE FOR THE MONTH WAS 51
DEGREES ON THE 28TH.

TOTAL PRECIPITATION FOR THE MONTH WAS 0.84 INCHES, WHICH WAS 0.24
INCHES BELOW NORMAL.

AVERAGE WIND SPEED WAS 7.0 MILES PER HOUR. THE PEAK WIND GUST FOR
THE MONTH WAS 49 MILES PER HOUR FROM THE EAST-NORTHEAST ON THE 5TH.
