000
CXUS55 KABQ 021935 CCA
CLMABQ

CLIMATE REPORT...CORRECTION
NATIONAL WEATHER SERVICE ALBUQUERQUE NM
136 PM MDT MON JUL 2 2018

................................

...THE ALBUQUERQUE  NM CLIMATE SUMMARY FOR THE MONTH OF JUNE
2018...

CLIMATE NORMAL PERIOD 1981 TO 2010
CLIMATE RECORD PERIOD 1891 TO 2018

WEATHER         OBSERVED          NORMAL  DEPART  LAST YEAR`S
                 VALUE   DATE(S)  VALUE   FROM    VALUE  DATE(S)
                                          NORMAL
................................................................
TEMPERATURE (F)
RECORD
 HIGH             107   06/26/1994
 LOW               40   06/02/1980
HIGHEST           100   06/27       100       0      103  06/22
                        06/22
LOWEST             56   06/03        48       8       51  06/01
AVG. MAXIMUM     92.8              88.3     4.5     93.2
AVG. MINIMUM     64.7              61.6     3.1     63.8
MEAN             78.8              74.9     3.9     78.5
DAYS MAX >= 90     26              12.5    13.5       25
DAYS MAX <= 32      0               0.0     0.0        0
DAYS MIN <= 32      0               0.0     0.0        0
DAYS MIN <= 0       0               0.0     0.0        0

PRECIPITATION (INCHES)
RECORD
 MAXIMUM         3.81   1933
 MINIMUM            T   2011
                        1975
                        1964
TOTALS           1.40              0.66    0.74     0.48
DAILY AVG.       0.05              0.02    0.03     0.02
DAYS >= .01         2               4.4    -2.4        1
DAYS >= .10         2               1.7     0.3        1
DAYS >= .50         2               0.4     1.6        0
DAYS >= 1.00        0               0.0     0.0        0
GREATEST
 24 HR. TOTAL    0.83   06/16 TO 06/16              0.48

SNOWFALL (INCHES)
RECORDS
 TOTAL              T   2017
                        2007
                        2006
TOTALS            0.0               0.0     0.0        T
SINCE 7/1         0.3               9.6    -9.3      3.6
SNOWDEPTH AVG.      0                MM      MM        0
DAYS >= 1.0         0               0.0     0.0        0
GREATEST
 SNOW DEPTH         0   MM                             0  MM
 24 HR TOTAL      0.0   06/30 TO 06/30                 T

DEGREE_DAYS
HEATING TOTAL       0                 4      -4        0
 SINCE 7/1       3329              4179    -850     3300
COOLING TOTAL     422               302     120      412
 SINCE 1/1        618               400     218      491
.................................................................

WIND (MPH)
AVERAGE WIND SPEED              8.6
HIGHEST WIND SPEED/DIRECTION    41/110    DATE  06/03
HIGHEST GUST SPEED/DIRECTION    53/110    DATE  06/03

SKY COVER
POSSIBLE SUNSHINE (PERCENT)   MM
AVERAGE SKY COVER           0.40
NUMBER OF DAYS FAIR           14
NUMBER OF DAYS PC             14
NUMBER OF DAYS CLOUDY          2

AVERAGE RH (PERCENT)     26

WEATHER CONDITIONS. NUMBER OF DAYS WITH
THUNDERSTORM              2     MIXED PRECIP            0
HEAVY RAIN                2     RAIN                    0
LIGHT RAIN                3     FREEZING RAIN           0
LT FREEZING RAIN          0     HAIL                    1
HEAVY SNOW                0     SNOW                    0
LIGHT SNOW                0     SLEET                   0
FOG                       1     FOG W/VIS <= 1/4 MILE   0
HAZE                      1


-  INDICATES NEGATIVE NUMBERS.
R  INDICATES RECORD WAS SET OR TIED.
MM INDICATES DATA IS MISSING.
T  INDICATES TRACE AMOUNT.

____________________________________________________________________________

.......................................................................

THE AVERAGE MAXIMUM TEMPERATURE AT THE ALBUQUERQUE SUNPORT FOR JUNE
2018 WAS 92.8 DEGREES. THE AVERAGE MINIMUM TEMPERATURE WAS 64.7
DEGREES. THE AVERAGE MONTHLY TEMPERATURE WAS 78.8 DEGREES WHICH WAS
3.9 DEGREES ABOVE THE NORMAL OF 74.9 DEGREES.

THE HIGHEST TEMPERATURE FOR THE MONTH WAS 100 DEGREES ON THE 22ND
AND THE 27TH. THE LOWEST WAS 56 DEGREES ON THE 3RD OF THE MONTH.
TOTAL HEATING DEGREE DAYS WAS 4 WHICH WAS BELOW THE NORMAL.

TOTAL PRECIPITAION FOR THE MONTH WAS 1.40 INCHES OF RAIN WHICH
OCCURED ON THE 3RD AND THE 16TH OF JUNE. THE NORMAL FOR THE MONTH IS
0.66 INCHES.

THE AVERAGE WIND SPEED FOR THE MONTH WAS 8.6 MILES PER HOUR. THE
PEAK WIND GUST WAS 53 MPH FROM THE EAST-SOUTHEAST WHICH OCCURRED ON
THE 3RD.

_______________________________________________________________________________

$$
