000
CXUS55 KABQ 011145 AAA
CLMABQ

ABQCLMABQ 000
TTAA00 KABQ 011135


CLIMATE REPORT
NATIONAL WEATHER SERVICE ALBUQUERQUE NM
431 AM MST THU FEB 1 2018

...................................

...THE ALBUQUERQUE  NM CLIMATE SUMMARY FOR THE MONTH OF JANUARY 2018...

CLIMATE NORMAL PERIOD 1981 TO 2010
CLIMATE RECORD PERIOD 1891 TO 2018

WEATHER         OBSERVED          NORMAL  DEPART  LAST YEAR`S
                 VALUE   DATE(S)  VALUE   FROM    VALUE  DATE(S)
                                          NORMAL
................................................................
TEMPERATURE (F)
RECORD
 HIGH              69   01/05/1994
                        01/31/1971
 LOW              -17   01/07/1971
HIGHEST            64   01/31        61       3       61  01/31
                                                          01/10
LOWEST             16   01/17        10       6       14  01/06
                        09/9999
                        09/9999
AVG. MAXIMUM     51.8              46.8     5.0     49.2
AVG. MINIMUM     26.0              26.1    -0.1     29.4
MEAN             38.9              36.4     2.5     39.3
DAYS MAX >= 90      0               0.0     0.0        0
DAYS MAX <= 32      0               1.1    -1.1        0
DAYS MIN <= 32     27              25.8     1.2       19
DAYS MIN <= 0       0               0.0     0.0        0

PRECIPITATION (INCHES)
RECORD
 MAXIMUM         1.38   2005
 MINIMUM         0.00   2014
                        1976
TOTALS           0.03              0.38   -0.35     1.04
DAILY AVG.       0.00              0.01   -0.01     0.03
DAYS >= .01         1               4.1    -3.1        7
DAYS >= .10         0               1.5    -1.5        2
DAYS >= .50         0               0.0     0.0        1
DAYS >= 1.00        0               0.0     0.0        0
GREATEST
 24 HR. TOTAL    0.03   01/10 TO 01/10              0.66

SNOWFALL (INCHES)
RECORDS
 TOTAL            9.5   1973
TOTALS              T               2.1    -2.1      1.1
SINCE 7/1           T               6.1    -6.1      1.3
SNOWDEPTH AVG.      0                MM      MM        0
DAYS >= 1.0         0               0.7    -0.7        0
GREATEST
 SNOW DEPTH         0   MM                             1  01/06
 24 HR TOTAL        T   01/21 TO 01/21               0.6

DEGREE_DAYS
HEATING TOTAL     802               885     -83      790
 SINCE 7/1       2125              2642    -517     2158
COOLING TOTAL       0                 0       0        0
 SINCE 1/1          0                 0       0        0
.................................................................

WIND (MPH)
AVERAGE WIND SPEED              6.5
HIGHEST WIND SPEED/DIRECTION    38/110    DATE  01/15
HIGHEST GUST SPEED/DIRECTION    46/110    DATE  01/15

SKY COVER
POSSIBLE SUNSHINE (PERCENT)   MM
AVERAGE SKY COVER           0.40
NUMBER OF DAYS FAIR           12
NUMBER OF DAYS PC             16
NUMBER OF DAYS CLOUDY          3

AVERAGE RH (PERCENT)     40

WEATHER CONDITIONS. NUMBER OF DAYS WITH
THUNDERSTORM              0     MIXED PRECIP               0
HEAVY RAIN                0     RAIN                       0
LIGHT RAIN                2     FREEZING RAIN              0
LT FREEZING RAIN          0     HAIL                       0
HEAVY SNOW                0     SNOW                       0
LIGHT SNOW                2     SLEET                      0
FOG                       1     FOG W/VIS <= 1/4 MILE      0
HAZE                      2

-  INDICATES NEGATIVE NUMBERS.
R  INDICATES RECORD WAS SET OR TIED.
MM INDICATES DATA IS MISSING.
T  INDICATES TRACE AMOUNT.

---------------------------------------------------------------

THE AVERAGE MAXIMUM TEMPERATURE AT THE ALBUQUERQUE SUNPORT IN
JANUARY 2018 WAS 51.8 DEGREES. THE AVERAGE MINIMUM TEMPERATURE FOR THE
MONTH WAS 26.0 DEGREES.

THE HIGHEST TEMPERATURE FOR THE MONTH WAS 64 DEGREES ON THE 31ST.
THE LOWEST TEMPERATURE FOR THE MONTH WAS 16 DEGREES ON THE 17TH.

TOTAL PRECIPITATION FOR THE MONTH WAS 0.03 INCHES WHICH OCCURRED ON
THE 10TH. THIS IS 0.35 INCHES BELOW NORMAL. TOTAL SNOWFALL WAS ALSO
A TRACE ON THE 21ST. THIS IS 2.1 INCHES BELOW NORMAL.

AVERAGE WIND SPEED WAS 6.5 MILES PER HOUR. THE PEAK WIND GUST WAS 46
MILES PER HOUR FROM THE EAST-NORTHEAST, WHICH OCCURRED ON THE 15TH.

$$
