000
CXUS53 KABR 011538
CLMABR


CLIMATE REPORT
NATIONAL WEATHER SERVICE ABERDEEN SD
1036 AM CDT SUN JUL 1 2018

...................................

...THE ABERDEEN SD CLIMATE SUMMARY FOR THE MONTH OF JUNE 2018...

CLIMATE NORMAL PERIOD 1981 TO 2010
CLIMATE RECORD PERIOD 1893 TO 2018

WEATHER         OBSERVED          NORMAL  DEPART  LAST YEAR`S
                 VALUE   DATE(S)  VALUE   FROM    VALUE  DATE(S)
                                          NORMAL
................................................................
TEMPERATURE (F)
RECORD
 HIGH             112   06/28/1931
 LOW               28   06/07/1901
HIGHEST           101   06/05        MM      MM      100  06/02
LOWEST             44   06/13        MM      MM       39  06/26
                                                          06/24
                                                          06/01
AVG. MAXIMUM     84.7              77.4     7.3     82.7
AVG. MINIMUM     59.5              53.7     5.8     52.1
MEAN             72.1              65.6     6.5     67.4
DAYS MAX >= 90      8               1.7     6.3        6
DAYS MAX <= 32      0               0.0     0.0        0
DAYS MIN <= 32      0               0.0     0.0        0
DAYS MIN <= 0       0               0.0     0.0        0

PRECIPITATION (INCHES)
RECORD
 MAXIMUM        10.91   1925
 MINIMUM         0.07   1929
TOTALS           2.72              3.70   -0.98     3.94
DAYS >= .01        11              11.1    -0.1       10
DAYS >= .10         7               7.2    -0.2        4
DAYS >= .50         2               2.4    -0.4        2
DAYS >= 1.00        1               0.9     0.1        1

SNOWFALL (INCHES)
RECORDS
 TOTAL             MM   MM
 SNOW DEPTH        MM   MM
TOTALS            0.0               0.0     0.0      0.0
SINCE 7/1        43.2              38.1     5.1     39.9
SNOWDEPTH AVG.      0                MM      MM        0
DAYS >= TRACE       0               0.0     0.0        0
DAYS >= 1.0         0               0.0     0.0        0
GREATEST
 SNOW DEPTH         0   MM                             0  MM

DEGREE_DAYS
HEATING TOTAL       4                76     -72       52
 SINCE 7/1       8498              8534     -36     7552
COOLING TOTAL     225                92     133      133
 SINCE 1/1        348               115     233      145

FREEZE DATES
RECORD
 EARLIEST     MM
 LATEST       MM
EARLIEST                        MM
LATEST                          MM
.................................................................

WIND (MPH)
AVERAGE WIND SPEED              10.7
RESULTANT WIND SPEED/DIRECTION   3/088
HIGHEST WIND SPEED/DIRECTION    39/240    DATE  06/01
HIGHEST GUST SPEED/DIRECTION    58/230    DATE  06/01

SKY COVER
POSSIBLE SUNSHINE (PERCENT)   MM
AVERAGE SKY COVER           0.30
NUMBER OF DAYS FAIR           20
NUMBER OF DAYS PC              9
NUMBER OF DAYS CLOUDY          1

AVERAGE RH (PERCENT)     66


$$
