000
CXUS54 KFWD 010910
CLMACT

CLIMATE REPORT
NATIONAL WEATHER SERVICE FORT WORTH TX
403 AM CDT SUN JUL 1 2018

...................................

...THE WACO CLIMATE SUMMARY FOR THE MONTH OF JUNE 2018...

CLIMATE NORMAL PERIOD 1981 TO 2010
CLIMATE RECORD PERIOD 1901 TO 2018

WEATHER         OBSERVED          NORMAL  DEPART  LAST YEAR`S
                 VALUE   DATE(S)  VALUE   FROM    VALUE  DATE(S)
                                          NORMAL
................................................................
TEMPERATURE (F)
RECORD
 HIGH             109   06/27/1980
 LOW               52   06/01/1964
                        06/03/1919
HIGHEST           103   06/22        99       4      100  06/23
LOWEST             73   06/08        61      12       65  06/07
AVG. MAXIMUM     98.0              91.7     6.3     91.7
AVG. MINIMUM     76.4              70.8     5.6     72.3
MEAN             87.2              81.2     6.0     82.0
DAYS MAX >= 90     28              20.2     7.8       22
DAYS MAX <= 32      0               0.0     0.0        0
DAYS MAX >= 100    10                                  1
DAYS MIN <= 32      0               0.0     0.0        0
DAYS MIN <= 0       0               0.0     0.0        0
DAYS MIN >= 80      0                                  1

PRECIPITATION (INCHES)
RECORD
 MAXIMUM        12.06   1961
 MINIMUM            T   1934
                        1933
TOTALS           0.20              3.43   -3.23     4.74
DAILY AVG.       0.01              0.11   -0.10     0.16
DAYS >= .01         3               7.5    -4.5        7
DAYS >= .10         1               5.3    -4.3        4
DAYS >= .50         0               2.1    -2.1        2
DAYS >= 1.00        0               1.1    -1.1        1
GREATEST
 24 HR. TOTAL    0.13   06/19 TO 06/20              3.31

DEGREE_DAYS
HEATING TOTAL       0                 0       0        0
 SINCE 7/1       2088              2142     -54     1335
COOLING TOTAL     675               488     187      517
 SINCE 1/1       1243               940     303     1086
.................................................................

WIND (MPH)
AVERAGE WIND SPEED              13.2
HIGHEST WIND SPEED/DIRECTION    30/160    DATE  06/24
HIGHEST GUST SPEED/DIRECTION    40/170    DATE  06/25

SKY COVER
POSSIBLE SUNSHINE (PERCENT)   MM
AVERAGE SKY COVER           0.20
NUMBER OF DAYS FAIR           23
NUMBER OF DAYS PC              5
NUMBER OF DAYS CLOUDY          2

AVERAGE RH (PERCENT)     60

WEATHER CONDITIONS. NUMBER OF DAYS WITH
THUNDERSTORM              1     MIXED PRECIP                0
HEAVY RAIN                0     RAIN                        1
LIGHT RAIN                4     FREEZING RAIN               0
LT FREEZING RAIN          0     HAIL                        0
HEAVY SNOW                0     SNOW                        0
LIGHT SNOW                0     SLEET                       0
FOG                       3     FOG W/VIS <= 1/4 MILE       0
HAZE                      5

-  INDICATES NEGATIVE NUMBERS.
R  INDICATES RECORD WAS SET OR TIED.
MM INDICATES DATA IS MISSING.
T  INDICATES TRACE AMOUNT.

$$
