000
CXUS54 KFWD 061312 CCA
CLMACT

CLIMATE REPORT...CORRECTED
NATIONAL WEATHER SERVICE FORT WORTH TX
812 AM CDT SAT OCT 6 2018

...................................

...THE WACO CLIMATE SUMMARY FOR THE MONTH OF SEPTEMBER 2018...

CLIMATE NORMAL PERIOD 1981 TO 2010
CLIMATE RECORD PERIOD 1901 TO 2018

WEATHER         OBSERVED          NORMAL  DEPART  LAST YEAR`S
                 VALUE   DATE(S)  VALUE   FROM    VALUE  DATE(S)
                                          NORMAL
................................................................
TEMPERATURE (F)
RECORD
 HIGH             111   09/04/2000
 LOW               39   09/27/1942
HIGHEST            98   09/01        99      -1       99  09/21
LOWEST             61   09/28        53       8       51  09/07
AVG. MAXIMUM     89.1              89.8    -0.7     92.0
AVG. MINIMUM     71.7              66.4     5.3     66.5
MEAN             80.4              78.1     2.3     79.2
DAYS MAX >= 90     17              16.1     0.9       20
DAYS MAX <= 32      0               0.0     0.0        0
DAYS MAX >= 100     0                                  0
DAYS MIN <= 32      0               0.0     0.0        0
DAYS MIN <= 0       0               0.0     0.0        0
DAYS MIN >= 80      0                                  0

PRECIPITATION (INCHES)
RECORD
 MAXIMUM        11.17   1913
 MINIMUM         0.00   1956
TOTALS           4.90              3.06    1.84     0.51
DAILY AVG.       0.16              0.10    0.06     0.02
DAYS >= .01        13               5.8     7.2        3
DAYS >= .10         8               3.9     4.1        2
DAYS >= .50         2               1.8     0.2        0
DAYS >= 1.00        1               0.9     0.1        0
GREATEST
 24 HR. TOTAL    2.25   09/07 TO 09/07              0.30

DEGREE_DAYS
HEATING TOTAL       0                 6      -6        0
 SINCE 7/1          0                 6      -6        0
COOLING TOTAL     471               399      72      435
 SINCE 1/1       3180              2594     586     2775
.................................................................

WIND (MPH)
AVERAGE WIND SPEED              7.2
HIGHEST WIND SPEED/DIRECTION    30/190    DATE  09/20
HIGHEST GUST SPEED/DIRECTION    41/190    DATE  09/20

SKY COVER
POSSIBLE SUNSHINE (PERCENT)   MM
AVERAGE SKY COVER           0.50
NUMBER OF DAYS FAIR            7
NUMBER OF DAYS PC             16
NUMBER OF DAYS CLOUDY          7

AVERAGE RH (PERCENT)     72

WEATHER CONDITIONS. NUMBER OF DAYS WITH
THUNDERSTORM              8     MIXED PRECIP                0
HEAVY RAIN                5     RAIN                        7
LIGHT RAIN               17     FREEZING RAIN               0
LT FREEZING RAIN          0     HAIL                        0
HEAVY SNOW                0     SNOW                        0
LIGHT SNOW                0     SLEET                       0
FOG                      12     FOG W/VIS <= 1/4 MILE       0
HAZE                      2

-  INDICATES NEGATIVE NUMBERS.
R  INDICATES RECORD WAS SET OR TIED.
MM INDICATES DATA IS MISSING.
T  INDICATES TRACE AMOUNT.

$$
