000
CXUS54 KFWD 010848 RRA
CLMACT

CLIMATE REPORT
NATIONAL WEATHER SERVICE FORT WORTH TX
240 AM CST TUE JAN 1 2019

...................................

...THE WACO CLIMATE SUMMARY FOR THE MONTH OF DECEMBER 2018...

CLIMATE NORMAL PERIOD 1981 TO 2010
CLIMATE RECORD PERIOD 1901 TO 2018

WEATHER         OBSERVED          NORMAL  DEPART  LAST YEAR`S
                 VALUE   DATE(S)  VALUE   FROM    VALUE  DATE(S)
                                          NORMAL
................................................................
TEMPERATURE (F)
RECORD
 HIGH              91   12/24/1955
 LOW               -4   12/23/1989
HIGHEST            77   12/22        78      -1       83  12/04
LOWEST             29   12/24        22       7       20  12/08
AVG. MAXIMUM     59.1              59.0     0.1     59.5
AVG. MINIMUM     39.4              37.5     1.9     36.8
MEAN             49.3              48.3     1.0     48.1
DAYS MAX >= 90      0               0.0     0.0        0
DAYS MAX <= 32      0               0.6    -0.6        0
DAYS MAX >= 100     0                                  0
DAYS MIN <= 32      6               9.6    -3.6       12
DAYS MIN <= 0       0               0.0     0.0        0
DAYS MIN >= 80      0                                  0

PRECIPITATION (INCHES)
RECORD
 MAXIMUM        11.76   1913
 MINIMUM            T   1922
                        1917
                        1916
TOTALS           4.73              2.75    1.98     1.78
DAILY AVG.       0.15              0.09    0.06     0.06
DAYS >= .01        10               7.1     2.9        8
DAYS >= .10         6               4.0     2.0        3
DAYS >= .50         2               1.6     0.4        1
DAYS >= 1.00        2               0.7     1.3        0
GREATEST
 24 HR. TOTAL    1.88   12/26 TO 12/27              0.66

SNOWFALL (INCHES)
RECORDS
 TOTAL           13.0   1929
 24 HR TOTAL     13.0   12/20/1929 TO 12/21/1929
TOTALS            0.0                 T     0.0        T
SINCE 7/1         0.0               0.1    -0.1        T
SNOWDEPTH AVG.      0                MM      MM        0
DAYS >= TRACE       0                                  3
DAYS >= 1.0         0               0.0     0.0        0
GREATEST
 SNOW DEPTH         0   MM                             0  MM

DEGREE_DAYS
HEATING TOTAL     481               524     -43      524
 SINCE 7/1        922               852      70      765
COOLING TOTAL       0                 5      -5        9
 SINCE 1/1       3373              2797     576     3065
.................................................................

WIND (MPH)
AVERAGE WIND SPEED              9.5
HIGHEST WIND SPEED/DIRECTION    32/130    DATE  12/26
HIGHEST GUST SPEED/DIRECTION    45/320    DATE  12/20

SKY COVER
POSSIBLE SUNSHINE (PERCENT)   MM
AVERAGE SKY COVER           0.40
NUMBER OF DAYS FAIR           18
NUMBER OF DAYS PC              2
NUMBER OF DAYS CLOUDY         11

AVERAGE RH (PERCENT)     70

WEATHER CONDITIONS. NUMBER OF DAYS WITH
THUNDERSTORM              3     MIXED PRECIP                0
HEAVY RAIN                5     RAIN                        7
LIGHT RAIN               12     FREEZING RAIN               0
LT FREEZING RAIN          0     HAIL                        0
HEAVY SNOW                0     SNOW                        0
LIGHT SNOW                0     SLEET                       0
FOG                      13     FOG W/VIS <= 1/4 MILE       0
HAZE                      2

-  INDICATES NEGATIVE NUMBERS.
R  INDICATES RECORD WAS SET OR TIED.
MM INDICATES DATA IS MISSING.
T  INDICATES TRACE AMOUNT.

$$
