000
CXUS51 KPHI 011247
CLMACY


CLIMATE REPORT
NATIONAL WEATHER SERVICE MOUNT HOLLY NJ
838 AM EDT MON OCT 1 2018

...................................

...THE ATLANTIC CITY CLIMATE SUMMARY FOR THE MONTH OF SEPTEMBER 2018...

CLIMATE NORMAL PERIOD 1981 TO 2010
CLIMATE RECORD PERIOD 1943 TO 2018

WEATHER         OBSERVED          NORMAL  DEPART  LAST YEAR`S
                 VALUE   DATE(S)  VALUE   FROM    VALUE  DATE(S)
                                          NORMAL
................................................................
TEMPERATURE (F)
RECORD
 HIGH              99   09/11/1983
 LOW               32   09/30/1969
                        09/24/1967
HIGHEST            96   09/04        89       7       87  09/24
                                                          09/23
LOWEST             53   09/29        40      13       49  09/29
AVG. MAXIMUM     80.2              77.0     3.2     78.8
AVG. MINIMUM     66.3              57.4     8.9     61.0
MEAN             73.2              67.2     6.0     69.9
DAYS MAX >= 90      4               1.1     2.9        0
DAYS MAX <= 32      0               0.0     0.0        0
DAYS MIN <= 32      0               0.0     0.0        0
DAYS MIN <= 0       0               0.0     0.0        0

PRECIPITATION (INCHES)
RECORD
 MAXIMUM        14.73   1935
 MINIMUM         0.01   1941
TOTALS           8.54              3.15    5.39     4.05
DAILY AVG.       0.28              0.11    0.17     0.14
DAYS >= .01        13               8.0     5.0        6
DAYS >= .10        10               5.6     4.4        3
DAYS >= .50         5               2.0     3.0        2
DAYS >= 1.00        4               0.7     3.3        2
GREATEST
 24 HR. TOTAL    2.13   09/18 TO 09/18              1.96

SNOWFALL (INCHES)
RECORDS
 TOTAL             MM   5
 24 HR TOTAL       MM
TOTALS            0.0               0.0     0.0      0.0
SINCE 7/1         0.0               0.0     0.0      0.0
SNOWDEPTH AVG.      0                MM      MM        0
DAYS >= 1.0         0               0.0     0.0        0
GREATEST
 SNOW DEPTH         0   MM                             0  MM
 24 HR TOTAL      0.0   09/30 TO 09/30               0.0

DEGREE_DAYS
HEATING TOTAL       1                59     -58       19
 SINCE 7/1          1                62     -61       19
COOLING TOTAL     256               125     131      173
 SINCE 1/1       1485              1034     451     1190
.................................................................

WIND (MPH)
AVERAGE WIND SPEED              7.7
HIGHEST WIND SPEED/DIRECTION    26/100    DATE  09/10
HIGHEST GUST SPEED/DIRECTION    39/070    DATE  09/09

SKY COVER
POSSIBLE SUNSHINE (PERCENT)   MM
AVERAGE SKY COVER           0.60
NUMBER OF DAYS FAIR            9
NUMBER OF DAYS PC              9
NUMBER OF DAYS CLOUDY         12

AVERAGE RH (PERCENT)     85

WEATHER CONDITIONS. NUMBER OF DAYS WITH
THUNDERSTORM              3     MIXED PRECIP               0
HEAVY RAIN                7     RAIN                      11
LIGHT RAIN               16     FREEZING RAIN              0
LT FREEZING RAIN          0     HEAVY SNOW                 0
SNOW                      0     LIGHT SNOW                 0
SLEET                     0     FOG                       21
FOG W/VIS <= 1/4 MILE     6     HAZE                       1

-  INDICATES NEGATIVE NUMBERS.
R  INDICATES RECORD WAS SET OR TIED.
MM INDICATES DATA IS MISSING.
T  INDICATES TRACE AMOUNT.

$$
