000
CXUS51 KPHI 011633
CLMACY


CLIMATE REPORT
NATIONAL WEATHER SERVICE MOUNT HOLLY NJ
1224 PM EDT SUN JUL 1 2018

...................................

...THE ATLANTIC CITY CLIMATE SUMMARY FOR THE MONTH OF JUNE 2018...

CLIMATE NORMAL PERIOD 1981 TO 2010
CLIMATE RECORD PERIOD 1943 TO 2018

WEATHER         OBSERVED          NORMAL  DEPART  LAST YEAR`S
                 VALUE   DATE(S)  VALUE   FROM    VALUE  DATE(S)
                                          NORMAL
................................................................
TEMPERATURE (F)
RECORD
 HIGH             106   06/28/1969
 LOW               37   06/12/1980
                        06/01/1967
HIGHEST            98   06/30        93       5       95  06/13
LOWEST             49   06/12        45       4       47  06/08
AVG. MAXIMUM     81.8              80.6     1.2     82.2
AVG. MINIMUM     62.3              61.2     1.1     62.2
MEAN             72.1              70.9     1.2     72.2
DAYS MAX >= 90      5               3.5     1.5        3
DAYS MAX <= 32      0               0.0     0.0        0
DAYS MIN <= 32      0               0.0     0.0        0
DAYS MIN <= 0       0               0.0     0.0        0

PRECIPITATION (INCHES)
RECORD
 MAXIMUM         8.45   1920
 MINIMUM         0.28   1954
TOTALS           2.38              3.11   -0.73     2.66
DAILY AVG.       0.08              0.10   -0.02     0.09
DAYS >= .01        10               9.4     0.6       10
DAYS >= .10         6               5.7     0.3        3
DAYS >= .50         2               1.8     0.2        2
DAYS >= 1.00        0               0.8    -0.8        1
GREATEST
 24 HR. TOTAL    0.93   06/11 TO 06/11              1.24

SNOWFALL (INCHES)
RECORDS
 TOTAL             MM   5
 24 HR TOTAL       MM
TOTALS            0.0               0.0     0.0      0.0
SINCE 7/1        34.1              16.5    17.6      7.7
SNOWDEPTH AVG.      0                MM      MM        0
DAYS >= 1.0         0               0.0     0.0        0
GREATEST
 SNOW DEPTH         0   MM                             0  MM
 24 HR TOTAL      0.0   06/30 TO 06/30               0.0

DEGREE_DAYS
HEATING TOTAL      11                27     -16       24
 SINCE 7/1       4518              4905    -387     4144
COOLING TOTAL     231               203      28      251
 SINCE 1/1        361               267      94      336
.................................................................

WIND (MPH)
AVERAGE WIND SPEED              7.5
HIGHEST WIND SPEED/DIRECTION    30/070    DATE  06/03
HIGHEST GUST SPEED/DIRECTION    42/060    DATE  06/03

SKY COVER
POSSIBLE SUNSHINE (PERCENT)   MM
AVERAGE SKY COVER           0.40
NUMBER OF DAYS FAIR           13
NUMBER OF DAYS PC             12
NUMBER OF DAYS CLOUDY          5

AVERAGE RH (PERCENT)     74

WEATHER CONDITIONS. NUMBER OF DAYS WITH
THUNDERSTORM              2     MIXED PRECIP               0
HEAVY RAIN                3     RAIN                       8
LIGHT RAIN               12     FREEZING RAIN              0
LT FREEZING RAIN          0     HEAVY SNOW                 0
SNOW                      0     LIGHT SNOW                 0
SLEET                     0     FOG                       17
FOG W/VIS <= 1/4 MILE     3     HAZE                       0

-  INDICATES NEGATIVE NUMBERS.
R  INDICATES RECORD WAS SET OR TIED.
MM INDICATES DATA IS MISSING.
T  INDICATES TRACE AMOUNT.

$$
