000
CXUS51 KPHI 021404 CCA
CLMACY

CLIMATE REPORT
NATIONAL WEATHER SERVICE MOUNT HOLLY NJ
1056 AM EDT SUN APR 1 2018

...................................

...THE ATLANTIC CITY CLIMATE SUMMARY FOR THE MONTH OF MARCH 2018...

CLIMATE NORMAL PERIOD 1981 TO 2010
CLIMATE RECORD PERIOD 1874 TO 2018

WEATHER         OBSERVED          NORMAL  DEPART  LAST YEAR`S
                 VALUE   DATE(S)  VALUE   FROM    VALUE  DATE(S)
                                          NORMAL
................................................................
TEMPERATURE (F)
RECORD
 HIGH              87   03/30/1998
 LOW                2   03/03/2014
HIGHEST            73   03/30        73       0       81  03/25
LOWEST             21   03/18        15       6       14  03/13
                                                          03/05
AVG. MAXIMUM     48.5              51.8    -3.3     51.8
AVG. MINIMUM     31.2              32.7    -1.5     31.4
MEAN             39.9              42.2    -2.3     41.6
DAYS MAX >= 90      0               0.0     0.0        0
DAYS MAX <= 32      0               0.4    -0.4        1
DAYS MIN <= 32     21              14.8     6.2       18
DAYS MIN <= 0       0               0.0     0.0        0

PRECIPITATION (INCHES)
RECORD
 MAXIMUM         9.25   1994
 MINIMUM         0.37   2006
TOTALS           5.33              4.21    1.12     5.62
DAILY AVG.       0.17              0.14    0.03     0.18
DAYS >= .01        12              10.3     1.7       10
DAYS >= .10         8               6.8     1.2        7
DAYS >= .50         4               3.1     0.9        2
DAYS >= 1.00        1               1.1    -0.1        2
GREATEST
 24 HR. TOTAL    2.23   03/06 TO 03/07              3.02

SNOWFALL (INCHES)
RECORDS
 TOTAL             MM   5
 24 HR TOTAL       MM
TOTALS            9.6               1.1     8.5      0.2
SINCE 7/1        34.1              16.2    17.9      7.7
SNOWDEPTH AVG.      0                MM      MM        0
DAYS >= 1.0         2               0.4     1.6        0
GREATEST
 SNOW DEPTH         6   03/22                          0  MM
 24 HR TOTAL      5.7   03/21 TO 03/21               0.2

DEGREE_DAYS
HEATING TOTAL     771               706      65      719
 SINCE 7/1       4009              4297    -288     3715
COOLING TOTAL       0                 0       0        0
 SINCE 1/1          0                 0       0        0
.................................................................

WIND (MPH)
AVERAGE WIND SPEED              12.0
HIGHEST WIND SPEED/DIRECTION    41/310    DATE  03/02
HIGHEST GUST SPEED/DIRECTION    60/310    DATE  03/02

SKY COVER
POSSIBLE SUNSHINE (PERCENT)   MM
AVERAGE SKY COVER           0.40
NUMBER OF DAYS FAIR           18
NUMBER OF DAYS PC              7
NUMBER OF DAYS CLOUDY          6

AVERAGE RH (PERCENT)     68

WEATHER CONDITIONS. NUMBER OF DAYS WITH
THUNDERSTORM              1     MIXED PRECIP               0
HEAVY RAIN                4     RAIN                       5
LIGHT RAIN               11     FREEZING RAIN              1
LT FREEZING RAIN          1     HEAVY SNOW                 2
SNOW                      3     LIGHT SNOW                 9
SLEET                     1     FOG                       14
FOG W/VIS <= 1/4 MILE     3     HAZE                       0


-  INDICATES NEGATIVE NUMBERS.
R  INDICATES RECORD WAS SET OR TIED.
MM INDICATES DATA IS MISSING.
T  INDICATES TRACE AMOUNT.

$$
