000
CXAK58 PADQ 011355
CLMADQ


CLIMATE REPORT
NATIONAL WEATHER SERVICE ANCHORAGE, AK
555 AM AKDT MON OCT 1 2018

...................................

...THE KODIAK CLIMATE SUMMARY FOR THE MONTH OF SEPTEMBER 2018...

CLIMATE NORMAL PERIOD 1981 TO 2010
CLIMATE RECORD PERIOD 1913 TO 2018

WEATHER         OBSERVED          NORMAL  DEPART  LAST YEAR`S
                 VALUE   DATE(S)  VALUE   FROM    VALUE  DATE(S)
                                          NORMAL
................................................................
TEMPERATURE (F)
RECORD
 HIGH              80   MM
 LOW               32   09/26/2016
HIGHEST            76                MM      MM       63
LOWEST             37                MM      MM       36
AVG. MAXIMUM     62.0              55.6     6.4     55.3
AVG. MINIMUM     45.8              43.2     2.6     44.9
MEAN             53.9              49.4     4.5     50.1
DAYS MAX >= 90      0               0.0     0.0        0
DAYS MAX <= 32      0               0.0     0.0        0
DAYS MIN <= 32      0               1.1    -1.1        0
DAYS MIN <= 0       0               0.0     0.0        0

PRECIPITATION (INCHES)
RECORD
 MAXIMUM           MM   MM
 MINIMUM           MM   MM
TOTALS           3.20              7.35   -4.15     7.06
DAILY AVG.       0.11              0.24   -0.13     0.24
DAYS >= .01        13              16.8    -3.8       21
DAYS >= .10         8              11.3    -3.3       14
DAYS >= .50         3               4.7    -1.7        5
DAYS >= 1.00        0               2.3    -2.3        3
GREATEST
 24 HR. TOTAL    0.82   09/27 TO 09/27           09/03 TO 09/03
                                                          09/30 TO 09/30EATHER         OBSERVED          NORMAL  DEPART  LAST YEAR`S
                                                          09/30 TO 09/30EATHER         OBSERVED          NORMAL  DEPART  LAST YEAR`S
 STORM TOTAL       MM                                 MM
 (MM/DD(HH))            MM                    09/03(00) TO 09/03(00)
                                                 09/30(00) TO 09/30(00)0EATHER         OBSERVED          NORMAL  DEPART  LAST YEAR`S
                                                 09/30(00) TO 09/30(00)0EATHER         OBSERVED          NORMAL  DEPART  LAST YEAR`S

SNOWFALL (INCHES)
RECORDS
 TOTAL             MM   MM
 24 HR TOTAL       MM
 SNOW DEPTH        MM   MM
TOTALS            0.0               0.0     0.0      0.0
SINCE 7/1         0.0               0.0     0.0      0.0
SNOWDEPTH AVG.      0                MM      MM        0
DAYS >= TRACE       0               0.0     0.0        0
DAYS >= 1.0         0               0.0     0.0
GREATEST
 SNOW DEPTH         0   MM                             0  MM
 24 HR TOTAL      0.0   09/30 TO 09/30           09/30 TO 09/30
                                                          09/30 TO 09/30EATHER         OBSERVED          NORMAL  DEPART  LAST YEAR`S
                                                          09/30 TO 09/30EATHER         OBSERVED          NORMAL  DEPART  LAST YEAR`S
 STORM TOTAL       MM                                 MM
 (MM/DD(HH))            MM

DEGREE_DAYS
HEATING TOTAL     324               468    -144      440
 SINCE 7/1        826              1101    -275     1045
COOLING TOTAL       0                 0       0        0
 SINCE 1/1          8                 1       7        0

FREEZE DATES
RECORD
 EARLIEST     MM
 LATEST       MM
EARLIEST                        MM
LATEST                          MM
.................................................................

WIND (MPH)
AVERAGE WIND SPEED              7.3
RESULTANT WIND SPEED/DIRECTION   3/297
HIGHEST WIND SPEED/DIRECTION    30/140    DATE  09/24
HIGHEST GUST SPEED/DIRECTION    40/140    DATE  09/24

SKY COVER
POSSIBLE SUNSHINE (PERCENT)   MM
AVERAGE SKY COVER           0.40
NUMBER OF DAYS FAIR           15
NUMBER OF DAYS PC              6
NUMBER OF DAYS CLOUDY          9

AVERAGE RH (PERCENT)     76

WEATHER CONDITIONS. NUMBER OF DAYS WITH
  0
  6
  0
  0
  0
  0
  2
HAZE                      2

-  INDICATES NEGATIVE NUMBERS.
R  INDICATES RECORD WAS SET OR TIED.
MM INDICATES DATA IS MISSING.
T  INDICATES TRACE AMOUNT.

$$
