000
CXUS54 KLCH 031500
CLMAEX


CLIMATE REPORT
NATIONAL WEATHER SERVICE LAKE CHARLES, LA
900 AM CST MON DEC 3 2018

...................................

...THE ALEXANDRIA CLIMATE SUMMARY FOR THE MONTH OF NOVEMBER 2018...

CLIMATE NORMAL PERIOD 1981 TO 2010
CLIMATE RECORD PERIOD 1892 TO 2018

WEATHER         OBSERVED          NORMAL  DEPART  LAST YEAR`S
                 VALUE   DATE(S)  VALUE   FROM    VALUE  DATE(S)
                                          NORMAL
................................................................
TEMPERATURE (F)
RECORD
 HIGH              89   11/27/1965
 LOW               20   11/30/1911
HIGHEST            83   11/07        MM      MM       MM  MM
LOWEST             27   11/27        MM      MM       MM  MM
AVG. MAXIMUM     64.5              69.3    -4.8       MM
AVG. MINIMUM     44.2              45.5    -1.3       MM
MEAN             54.4              57.4    -3.0       MM
DAYS MAX >= 90      0               0.0     0.0       MM
DAYS MAX <= 32      0               0.0     0.0       MM
DAYS MIN <= 32      3               1.9     1.1       MM
DAYS MIN <= 0       0               0.0     0.0       MM

PRECIPITATION (INCHES)
RECORD
 MAXIMUM        17.51   1987
 MINIMUM         0.42   1924
TOTALS           4.85              5.49   -0.64       MM
DAILY AVG.       0.16              0.18   -0.02       MM
DAYS >= .01        14                MM      MM       MM
DAYS >= .10         8                MM      MM       MM
DAYS >= .50         3                MM      MM       MM
DAYS >= 1.00        1                MM      MM       MM
GREATEST
 24 HR. TOTAL    2.59   10/31 TO 11/01

SNOWFALL (INCHES)
RECORDS
 TOTAL             MM   5
TOTALS            0.0                MM      MM       MM
SINCE 7/1         0.0                MM      MM       MM
SNOWDEPTH AVG.      0                MM      MM       MM
DAYS >= 1.0         0                MM      MM       MM
GREATEST
 SNOW DEPTH         0   MM                            MM  MM
 24 HR TOTAL      0.0   11/30 TO 11/30

DEGREE_DAYS
HEATING TOTAL     335               252      83       MM
 SINCE 7/1        388               325      63       MM
COOLING TOTAL      23                24      -1       MM
 SINCE 1/1       3063              2510     553       MM
.................................................................

WIND (MPH)
AVERAGE WIND SPEED              6.8
HIGHEST WIND SPEED/DIRECTION    26/310    DATE  11/25
HIGHEST GUST SPEED/DIRECTION    35/300    DATE  11/25

SKY COVER
POSSIBLE SUNSHINE (PERCENT)   MM
AVERAGE SKY COVER           0.50
NUMBER OF DAYS FAIR           12
NUMBER OF DAYS PC              7
NUMBER OF DAYS CLOUDY         11

AVERAGE RH (PERCENT)     77

WEATHER CONDITIONS. NUMBER OF DAYS WITH
  0
  8
  0
  0
  0
  0
  5
HAZE                      3

-  INDICATES NEGATIVE NUMBERS.
R  INDICATES RECORD WAS SET OR TIED.
MM INDICATES DATA IS MISSING.
T  INDICATES TRACE AMOUNT.

$$
