120
CXUS54 KLCH 010836
CLMAEX


CLIMATE REPORT
NATIONAL WEATHER SERVICE LAKE CHARLES, LA
335 AM CDT FRI JUN 1 2018

...................................

...THE ALEXANDRIA CLIMATE SUMMARY FOR THE MONTH OF MAY 2018...

CLIMATE NORMAL PERIOD 1981 TO 2010
CLIMATE RECORD PERIOD 1892 TO 2018

WEATHER         OBSERVED          NORMAL  DEPART  LAST YEAR`S
                 VALUE   DATE(S)  VALUE   FROM    VALUE  DATE(S)
                                          NORMAL
................................................................
TEMPERATURE (F)
RECORD
 HIGH              99   05/31/1998
                        05/31/1906
                        05/28/1906
 LOW               38   05/06/1954
HIGHEST            95   05/29        MM      MM       92  05/19
                        05/16
LOWEST             57   05/06        MM      MM       48  05/01
AVG. MAXIMUM     91.2              85.3     5.9     82.5
AVG. MINIMUM     67.1              63.5     3.6     61.5
MEAN             79.2              74.4     4.8     72.0
DAYS MAX >= 90     24               6.3    17.7        3
DAYS MAX <= 32      0               0.0     0.0        0
DAYS MIN <= 32      0               0.0     0.0        0
DAYS MIN <= 0       0               0.0     0.0        0

PRECIPITATION (INCHES)
RECORD
 MAXIMUM        17.61   1907
 MINIMUM         0.00   1998
TOTALS           2.23              4.72   -2.49     3.95
DAILY AVG.       0.07              0.15   -0.08     0.13
DAYS >= .01         6                MM      MM        9
DAYS >= .10         3                MM      MM        5
DAYS >= .50         2                MM      MM        2
DAYS >= 1.00        1                MM      MM        1
GREATEST
 24 HR. TOTAL    1.22   05/25 TO 05/25

SNOWFALL (INCHES)
RECORDS
 TOTAL            0.0   5
                        0
                        -26215
TOTALS            0.0                MM      MM      0.0
SINCE 7/1         2.9                MM      MM      0.5
SNOWDEPTH AVG.      0                MM      MM        0
DAYS >= 1.0         0                MM      MM        0
GREATEST
 SNOW DEPTH         0   MM                             0  MM
 24 HR TOTAL      0.0   05/31 TO 05/31

DEGREE_DAYS
HEATING TOTAL       0                 4      -4        7
 SINCE 7/1       1875              1951     -76     1136
COOLING TOTAL     446               295     151      231
 SINCE 1/1        631               454     177      575
.................................................................

WIND (MPH)
AVERAGE WIND SPEED              5.4
HIGHEST WIND SPEED/DIRECTION    31/140    DATE  05/25
HIGHEST GUST SPEED/DIRECTION    42/120    DATE  05/25

SKY COVER
POSSIBLE SUNSHINE (PERCENT)   MM
AVERAGE SKY COVER           0.20
NUMBER OF DAYS FAIR           25
NUMBER OF DAYS PC              6
NUMBER OF DAYS CLOUDY          0

AVERAGE RH (PERCENT)     68

WEATHER CONDITIONS. NUMBER OF DAYS WITH
  0
  3
  0
  0
  0
  0
  2
HAZE                     15

-  INDICATES NEGATIVE NUMBERS.
R  INDICATES RECORD WAS SET OR TIED.
MM INDICATES DATA IS MISSING.
T  INDICATES TRACE AMOUNT.

$$
