000
CXUS52 KCAE 011712
CLMAGS


CLIMATE REPORT
NATIONAL WEATHER SERVICE COLUMBIA SC
1156 AM EST THU FEB 1 2018

...................................

...THE AUGUSTA BUSH FIELD GA CLIMATE SUMMARY FOR THE MONTH OF JANUARY 2018...

CLIMATE NORMAL PERIOD 1981 TO 2010
CLIMATE RECORD PERIOD 1873 TO 2018

WEATHER         OBSERVED          NORMAL  DEPART
                 VALUE   DATE(S)  VALUE   FROM
                                          NORMAL
................................................
TEMPERATURE (F)
RECORD
 HIGH              84   01/14/1932
 LOW               -1   01/21/1985
HIGHEST            75   01/11        MM      MM
LOWEST             14   01/07        MM      MM
AVG. MAXIMUM     57.1              57.9    -0.8
AVG. MINIMUM     29.2              32.8    -3.6
MEAN             43.1              45.4    -2.3
DAYS MAX >= 90      0               0.0     0.0
DAYS MAX <= 32      0               0.2    -0.2
DAYS MIN <= 32     22              15.4     6.6
DAYS MIN <= 0       0               0.0     0.0

PRECIPITATION (INCHES)
RECORD
 MAXIMUM        12.60   1925
 MINIMUM         0.60   2013
TOTALS           2.09              3.91   -1.82
DAILY AVG.       0.07              0.13   -0.06
DAYS >= .01         8               9.8    -1.8
DAYS >= .10         5               6.6    -1.6
DAYS >= .50         1               2.7    -1.7
DAYS >= 1.00        1               1.1    -0.1
GREATEST
 24 HR. TOTAL    1.08   01/28 TO 01/28
 STORM TOTAL       MM
 (MM/DD(HH))            MM

SNOWFALL (INCHES)
RECORDS
 TOTAL            4.0   2002
TOTALS              T               0.4    -0.4
SINCE 7/1           T               0.5    -0.5
DAYS >= TRACE       1               0.2     0.8
DAYS >= 1.0         0               0.1    -0.1
GREATEST
 SNOW DEPTH         0   MM

DEGREE_DAYS
HEATING TOTAL     672               610      62
 SINCE 7/1       1508              1585     -77
COOLING TOTAL       2                 1       1
 SINCE 1/1          2                 0       2

FREEZE DATES
RECORD
 EARLIEST     MM
 LATEST       MM
EARLIEST                        MM
LATEST                          MM
.................................................

WIND (MPH)
AVERAGE WIND SPEED              5.7
RESULTANT WIND SPEED/DIRECTION   2/331
HIGHEST WIND SPEED/DIRECTION    24/280    DATE  01/12
HIGHEST GUST SPEED/DIRECTION    31/270    DATE  01/12

SKY COVER
POSSIBLE SUNSHINE (PERCENT)   MM
AVERAGE SKY COVER           0.30
NUMBER OF DAYS FAIR           20
NUMBER OF DAYS PC              6
NUMBER OF DAYS CLOUDY          5

AVERAGE RH (PERCENT)     62

WEATHER CONDITIONS. NUMBER OF DAYS WITH
THUNDERSTORM              0     MIXED PRECIP               0
HEAVY RAIN                3     RAIN                       4
LIGHT RAIN                9     FREEZING RAIN              0
LT FREEZING RAIN          0     HAIL                       0
HEAVY SNOW                0     SNOW                       0
LIGHT SNOW                1     SLEET                      0
FOG                      11     FOG W/VIS <= 1/4 MILE      2
HAZE                      3

-  INDICATES NEGATIVE NUMBERS.
R  INDICATES RECORD WAS SET OR TIED.
MM INDICATES DATA IS MISSING.
T  INDICATES TRACE AMOUNT.

$$
