000
CXUS52 KCAE 011753
CLMAGS


CLIMATE REPORT
NATIONAL WEATHER SERVICE COLUMBIA SC
143 PM EDT FRI JUN 1 2018

...................................

...THE AUGUSTA BUSH FIELD GA CLIMATE SUMMARY FOR THE MONTH OF MAY 2018...

CLIMATE NORMAL PERIOD 1981 TO 2010
CLIMATE RECORD PERIOD 1873 TO 2018

WEATHER         OBSERVED          NORMAL  DEPART
                 VALUE   DATE(S)  VALUE   FROM
                                          NORMAL
................................................
TEMPERATURE (F)
RECORD
 HIGH             100   05/26/1926
 LOW               35   05/04/1971
                        05/02/1963
HIGHEST            95   05/13        MM      MM
                        05/11
LOWEST             41   05/01        MM      MM
AVG. MAXIMUM     86.4              85.0     1.4
AVG. MINIMUM     61.5              57.3     4.2
MEAN             74.0              71.1     2.9
DAYS MAX >= 90      5               7.1    -2.1
DAYS MAX <= 32      0               0.0     0.0
DAYS MIN <= 32      0               0.0     0.0
DAYS MIN <= 0       0               0.0     0.0

PRECIPITATION (INCHES)
RECORD
 MAXIMUM         9.61   1979
 MINIMUM         0.06   1914
TOTALS           8.21              2.65    5.56
DAILY AVG.       0.26              0.09    0.17
DAYS >= .01        15               8.1     6.9
DAYS >= .10        11               4.7     6.3
DAYS >= .50         6               1.6     4.4
DAYS >= 1.00        4               0.6     3.4
GREATEST
 24 HR. TOTAL    2.03   05/28 TO 05/28
 STORM TOTAL       MM
 (MM/DD(HH))            MM

SNOWFALL (INCHES)
RECORDS
 TOTAL             MM   MM
TOTALS            0.0               0.0     0.0
SINCE 7/1           T               0.9    -0.9
DAYS >= TRACE       0               0.0     0.0
DAYS >= 1.0         0               0.0     0.0
GREATEST
 SNOW DEPTH         0   MM

DEGREE_DAYS
HEATING TOTAL       3                19     -16
 SINCE 7/1       2165              2471    -306
COOLING TOTAL     288               210      78
 SINCE 1/1        371               283      88

FREEZE DATES
RECORD
 EARLIEST     MM
 LATEST       MM
EARLIEST                        MM
LATEST                          MM
.................................................

WIND (MPH)
AVERAGE WIND SPEED              4.2
RESULTANT WIND SPEED/DIRECTION   2/143
HIGHEST WIND SPEED/DIRECTION    23/040    DATE  05/24
HIGHEST GUST SPEED/DIRECTION    31/310    DATE  05/06

SKY COVER
POSSIBLE SUNSHINE (PERCENT)   MM
AVERAGE SKY COVER           0.40
NUMBER OF DAYS FAIR           15
NUMBER OF DAYS PC             10
NUMBER OF DAYS CLOUDY          6

AVERAGE RH (PERCENT)     75

WEATHER CONDITIONS. NUMBER OF DAYS WITH
THUNDERSTORM             12     MIXED PRECIP               0
HEAVY RAIN                8     RAIN                       8
LIGHT RAIN               16     FREEZING RAIN              0
LT FREEZING RAIN          0     HAIL                       0
HEAVY SNOW                0     SNOW                       0
LIGHT SNOW                0     SLEET                      0
FOG                      27     FOG W/VIS <= 1/4 MILE     12
HAZE                      7

-  INDICATES NEGATIVE NUMBERS.
R  INDICATES RECORD WAS SET OR TIED.
MM INDICATES DATA IS MISSING.
T  INDICATES TRACE AMOUNT.

$$
