453
CXUS52 KCAE 031951
CLMAGS


CLIMATE REPORT
NATIONAL WEATHER SERVICE COLUMBIA SC
238 PM EST MON DEC 3 2018

...................................

...THE AUGUSTA BUSH FIELD GA CLIMATE SUMMARY FOR THE MONTH OF NOVEMBER 2018...

CLIMATE NORMAL PERIOD 1981 TO 2010
CLIMATE RECORD PERIOD 1873 TO 2018

WEATHER         OBSERVED          NORMAL  DEPART
                 VALUE   DATE(S)  VALUE   FROM
                                          NORMAL
................................................
TEMPERATURE (F)
RECORD
 HIGH              90   11/02/1961
 LOW               11   11/25/1950
HIGHEST            83   11/01        MM      MM
LOWEST             26   11/29        MM      MM
AVG. MAXIMUM     64.3              69.1    -4.8
AVG. MINIMUM     43.3              41.4     1.9
MEAN             53.8              55.2    -1.4
DAYS MAX >= 90      0               0.0     0.0
DAYS MAX <= 32      0               0.0     0.0
DAYS MIN <= 32      2               6.0    -4.0
DAYS MIN <= 0       0               0.0     0.0

PRECIPITATION (INCHES)
RECORD
 MAXIMUM         7.77   1947
 MINIMUM         0.09   1960
TOTALS           5.98              2.82    3.16
DAILY AVG.       0.20              0.09    0.11
DAYS >= .01        16               6.9     9.1
DAYS >= .10         8               4.1     3.9
DAYS >= .50         4               1.8     2.2
DAYS >= 1.00        3               0.8     2.2
GREATEST
 24 HR. TOTAL    1.43   11/07 TO 11/07
 STORM TOTAL       MM
 (MM/DD(HH))            MM

SNOWFALL (INCHES)
RECORDS
 TOTAL             MM   MM
TOTALS            0.0               0.0     0.0
SINCE 7/1         0.0               0.0     0.0
DAYS >= TRACE       0               0.0     0.0
DAYS >= 1.0         0               0.0     0.0
GREATEST
 SNOW DEPTH         0   MM

DEGREE_DAYS
HEATING TOTAL     338               308      30
 SINCE 7/1        417               422      -5
COOLING TOTAL      10                16      -6
 SINCE 1/1       2545              2086     459

FREEZE DATES
RECORD
 EARLIEST     MM
 LATEST       MM
EARLIEST      11/28             MM
LATEST                          MM
.................................................

WIND (MPH)
AVERAGE WIND SPEED              5.3
RESULTANT WIND SPEED/DIRECTION   2/325
HIGHEST WIND SPEED/DIRECTION    33/340    DATE  11/07
HIGHEST GUST SPEED/DIRECTION    42/350    DATE  11/07

SKY COVER
POSSIBLE SUNSHINE (PERCENT)   MM
AVERAGE SKY COVER           0.50
NUMBER OF DAYS FAIR            9
NUMBER OF DAYS PC             11
NUMBER OF DAYS CLOUDY         10

AVERAGE RH (PERCENT)     76

WEATHER CONDITIONS. NUMBER OF DAYS WITH
THUNDERSTORM              1     MIXED PRECIP               0
HEAVY RAIN                6     RAIN                       6
LIGHT RAIN               17     FREEZING RAIN              0
LT FREEZING RAIN          0     HAIL                       0
HEAVY SNOW                0     SNOW                       0
LIGHT SNOW                0     SLEET                      0
FOG                      23     FOG W/VIS <= 1/4 MILE      7
HAZE                      2

-  INDICATES NEGATIVE NUMBERS.
R  INDICATES RECORD WAS SET OR TIED.
MM INDICATES DATA IS MISSING.
T  INDICATES TRACE AMOUNT.

$$
