000
CXUS42 KFFC 021712
CLMAHN


CLIMATE REPORT
NATIONAL WEATHER SERVICE PEACHTREE CITY GA
1212 PM EST SUN DEC 2 2018

...................................

...THE ATHENS CLIMATE SUMMARY FOR THE MONTH OF NOVEMBER 2018...

CLIMATE NORMAL PERIOD 1981 TO 2010
CLIMATE RECORD PERIOD 1898 TO 2018

WEATHER         OBSERVED          NORMAL  DEPART  LAST YEAR`S
                 VALUE   DATE(S)  VALUE   FROM    VALUE  DATE(S)
                                          NORMAL
................................................................
TEMPERATURE (F)
RECORD
 HIGH              86   11/02/1961
 LOW                7   11/25/1950
HIGHEST            75   11/07        69       6       84  11/07
                        11/01
LOWEST             27   11/28        19       8       27  11/20
AVG. MAXIMUM     58.5              65.2    -6.7     67.0
AVG. MINIMUM     40.2              42.4    -2.2     42.5
MEAN             49.4              53.8    -4.4     54.8
DAYS MAX >= 90      0               0.0     0.0        0
DAYS MAX <= 32      0               0.0     0.0        0
DAYS MIN <= 32      5               4.2     0.8        4
DAYS MIN <= 0       0               0.0     0.0        0

PRECIPITATION (INCHES)
RECORD
 MAXIMUM        13.72   1948
 MINIMUM         0.23   1910
TOTALS           7.35              3.82    3.53     1.22
DAILY AVG.       0.24              0.13    0.11     0.04
GREATEST
 24 HR. TOTAL    2.37   11/12 TO 11/12           11/09 TO 11/09
                                                          11/27 TO 11/27EATHER         OBSERVED          NORMAL  DEPART  LAST YEAR`S
                                                          11/27 TO 11/27EATHER         OBSERVED          NORMAL  DEPART  LAST YEAR`S

SNOWFALL (INCHES)
RECORDS
 TOTAL            0.0   2001
 24 HR TOTAL      0.0   11/01/2001 TO 11/01/2001
TOTALS            0.0               0.0     0.0      0.0
SINCE 7/1         0.0               0.0     0.0      0.0
SNOWDEPTH AVG.      0                MM      MM        0
DAYS >= TRACE       0               0.0     0.0        0
DAYS >= 1.0         0               0.0     0.0        0
GREATEST
 24 HR TOTAL      0.0   11/29 TO 11/29           11/27 TO 11/27
                                                          11/27 TO 11/27EATHER         OBSERVED          NORMAL  DEPART  LAST YEAR`S
                                                          11/27 TO 11/27EATHER         OBSERVED          NORMAL  DEPART  LAST YEAR`S

DEGREE_DAYS
HEATING TOTAL     466               345     121      324
 SINCE 7/1        580               480     100      458
.................................................................

WIND (MPH)
AVERAGE WIND SPEED              5.9
HIGHEST WIND SPEED/DIRECTION    22/300    DATE  11/27
HIGHEST GUST SPEED/DIRECTION    35/080    DATE  11/15

SKY COVER
POSSIBLE SUNSHINE (PERCENT)   MM
AVERAGE SKY COVER           0.50
NUMBER OF DAYS FAIR           11
NUMBER OF DAYS PC              7
NUMBER OF DAYS CLOUDY         12

AVERAGE RH (PERCENT)     73

WEATHER CONDITIONS. NUMBER OF DAYS WITH
  0
 11
  0
  0
  0
  0
  4
HAZE                      0

-  INDICATES NEGATIVE NUMBERS.
R  INDICATES RECORD WAS SET OR TIED.
MM INDICATES DATA IS MISSING.
T  INDICATES TRACE AMOUNT.

$$
