000
CXUS42 KFFC 042110
CLMAHN


CLIMATE REPORT
NATIONAL WEATHER SERVICE PEACHTREE CITY GA
509 PM EDT TUE SEP 4 2018

...................................

...THE ATHENS CLIMATE SUMMARY FOR THE MONTH OF AUGUST 2018...

CLIMATE NORMAL PERIOD 1981 TO 2010
CLIMATE RECORD PERIOD 1898 TO 2018

WEATHER         OBSERVED          NORMAL  DEPART  LAST YEAR`S
                 VALUE   DATE(S)  VALUE   FROM    VALUE  DATE(S)
                                          NORMAL
................................................................
TEMPERATURE (F)
RECORD
 HIGH             107   08/21/1983
                        08/20/1925
 LOW               44   08/02/1936
HIGHEST            94   08/07        MM      MM       94  08/20
                        08/06                             08/16
LOWEST             60   08/24        MM      MM       60  08/01
AVG. MAXIMUM     88.9              89.9    -1.0     88.0
AVG. MINIMUM     68.8              69.3    -0.5     69.2
MEAN             78.9              79.6    -0.7     78.6
DAYS MAX >= 90     18              15.8     2.2       16
DAYS MAX <= 32      0               0.0     0.0        0
DAYS MIN <= 32      0               0.0     0.0        0
DAYS MIN <= 0       0               0.0     0.0        0

PRECIPITATION (INCHES)
RECORD
 MAXIMUM        17.87   1901
 MINIMUM         0.09   1951
TOTALS           4.36              3.53    0.83     5.47
DAILY AVG.       0.14              0.11    0.03     0.18
GREATEST
 24 HR. TOTAL    1.14   08/02 TO 08/02           08/11 TO 08/11
                                                          08/31 TO 08/31EATHER         OBSERVED          NORMAL  DEPART  LAST YEAR`S
                                                          08/31 TO 08/31EATHER         OBSERVED          NORMAL  DEPART  LAST YEAR`S

DEGREE_DAYS
COOLING TOTAL     439               453     -14      429
 SINCE 1/1       1662              1555     107     1639
.................................................................

WIND (MPH)
AVERAGE WIND SPEED              2.5
HIGHEST WIND SPEED/DIRECTION    18/310    DATE  08/08
HIGHEST GUST SPEED/DIRECTION    29/320    DATE  08/08

SKY COVER
POSSIBLE SUNSHINE (PERCENT)   MM
AVERAGE SKY COVER           0.30
NUMBER OF DAYS FAIR           21
NUMBER OF DAYS PC              8
NUMBER OF DAYS CLOUDY          2

AVERAGE RH (PERCENT)     78

WEATHER CONDITIONS. NUMBER OF DAYS WITH
  0
  5
  0
  0
  0
  0
  0
HAZE                      6

-  INDICATES NEGATIVE NUMBERS.
R  INDICATES RECORD WAS SET OR TIED.
MM INDICATES DATA IS MISSING.
T  INDICATES TRACE AMOUNT.

$$
