000
CXUS42 KFFC 192214
CLMAHN


CLIMATE REPORT
NATIONAL WEATHER SERVICE PEACHTREE CITY GA
614 PM EDT TUE JUN 19 2018

...................................

...THE ATHENS CLIMATE SUMMARY FOR THE MONTH OF MAY 2018...

CLIMATE NORMAL PERIOD 1981 TO 2010
CLIMATE RECORD PERIOD 1898 TO 2018

WEATHER         OBSERVED          NORMAL  DEPART  LAST YEAR`S
                 VALUE   DATE(S)  VALUE   FROM    VALUE  DATE(S)
                                          NORMAL
................................................................
TEMPERATURE (F)
RECORD
 HIGH             100   05/25/1926
                        05/31/1918
 LOW               35   05/05/1900
HIGHEST            94   05/13        94       0       92  05/19
LOWEST             44   05/01        37       7       45  05/06
AVG. MAXIMUM     84.7              81.8     2.9     82.1
AVG. MINIMUM     62.3              58.2     4.1     58.7
MEAN             73.5              70.0     3.5     70.4
DAYS MAX >= 90      5               2.8     2.2        5
DAYS MAX <= 32      0               0.0     0.0        0
DAYS MIN <= 32      0               0.0     0.0        0
DAYS MIN <= 0       0               0.0     0.0        0

PRECIPITATION (INCHES)
RECORD
 MAXIMUM        11.32   1923
 MINIMUM         0.11   1914
TOTALS           9.31              3.00    6.31     6.24
DAILY AVG.       0.30              0.10    0.20     0.20
GREATEST
 24 HR. TOTAL    2.04   05/28 TO 05/28           05/21 TO 05/21
                                                          05/31 TO 05/31EATHER         OBSERVED          NORMAL  DEPART  LAST YEAR`S
                                                          05/31 TO 05/31EATHER         OBSERVED          NORMAL  DEPART  LAST YEAR`S

DEGREE_DAYS
COOLING TOTAL     273               182      91      200
 SINCE 1/1        321               240      81      365
.................................................................

WIND (MPH)
AVERAGE WIND SPEED              2.8
HIGHEST WIND SPEED/DIRECTION    17/080    DATE  05/28
HIGHEST GUST SPEED/DIRECTION    25/310    DATE  05/06

SKY COVER
POSSIBLE SUNSHINE (PERCENT)   MM
AVERAGE SKY COVER           0.40
NUMBER OF DAYS FAIR           15
NUMBER OF DAYS PC              9
NUMBER OF DAYS CLOUDY          7

AVERAGE RH (PERCENT)     77

WEATHER CONDITIONS. NUMBER OF DAYS WITH
  0
  7
  0
  0
  0
  0
  3
HAZE                      4

-  INDICATES NEGATIVE NUMBERS.
R  INDICATES RECORD WAS SET OR TIED.
MM INDICATES DATA IS MISSING.
T  INDICATES TRACE AMOUNT.

$$
