000
CXAK57 PAJK 011525
CLMAJK
CLIMATE REPORT
NATIONAL WEATHER SERVICE JUNEAU, AK
502 AM AKST SAT DEC 1 2018

...................................

...THE JUNEAU CLIMATE SUMMARY FOR THE MONTH OF NOVEMBER 2018...

CLIMATE NORMAL PERIOD 1981 TO 2010
CLIMATE RECORD PERIOD 1936 TO 2018

WEATHER         OBSERVED          NORMAL  DEPART
                 VALUE   DATE(S)  VALUE   FROM
                                          NORMAL
................................................
TEMPERATURE (F)
RECORD
 HIGH              56   11/02/1949
 LOW               -5   11/28/2006
                        11/27/2006
                        11/21/1966
HIGHEST            51   11/19        47       4
LOWEST             20   11/07        14       6
AVG. MAXIMUM     42.4              37.8     4.6
AVG. MINIMUM     34.6              29.1     5.5
MEAN             38.5              33.4     5.1
DAYS MAX >= 90      0               0.0     0.0
DAYS MAX <= 32      0               4.7    -4.7
DAYS MIN <= 32     11              16.5    -5.5
DAYS MIN <= 0       0               0.1    -0.1

PRECIPITATION (INCHES)
RECORD
 MAXIMUM        16.10   1936
 MINIMUM         1.15   1983
TOTALS           5.59              5.99   -0.40
DAILY AVG.       0.19              0.20   -0.01
DAYS >= .01        23              20.9     2.1
DAYS >= .10        12              14.1    -2.1
DAYS >= .50         3               3.6    -0.6
DAYS >= 1.00        1               1.0     0.0
GREATEST
 24 HR. TOTAL    1.16   11/17 TO 11/17

DEGREE_DAYS
HEATING TOTAL     788               946    -158
 SINCE 7/1       2172              2631    -459
COOLING TOTAL       0                 0       0
 SINCE 1/1         16                 2      14

FREEZE DATES
EARLIEST                        10/02
LATEST                          05/06
.................................................

WIND (MPH)
AVERAGE WIND SPEED              6.3
HIGHEST WIND SPEED/DIRECTION    28/100    DATE  11/17
HIGHEST GUST SPEED/DIRECTION    36/120    DATE  11/17


WEATHER CONDITIONS. NUMBER OF DAYS WITH
THUNDERSTORM              0     MIXED PRECIP               0
HEAVY RAIN                1     RAIN                      10
LIGHT RAIN               25     FREEZING RAIN              0
LT FREEZING RAIN          0     HAIL                       0
HEAVY SNOW                0     SNOW                       6
LIGHT SNOW                7     SLEET                      0
FOG                      25     FOG W/VIS <= 1/4 MILE      5
HAZE                      0

-  INDICATES NEGATIVE NUMBERS.
R  INDICATES RECORD WAS SET OR TIED.
MM INDICATES DATA IS MISSING.
T  INDICATES TRACE AMOUNT.

$$
...November precipitation near normal but drought conditions still
remain...

November precipitation across Southeast Alaska ranged from slightly
below normal to slightly above normal. That in itself is good news
in that drought conditions have not gotten any worse. Still, little
progress was made in alleviating the precipitation shortage that has
plagued the southern Panhandle since late June.

Temperatures on the whole were solidly above normal. Several daily
high temperature records were set or tied, especially over the
second half of the month. This was due to several strong fronts
bringing warm windy days. This included high winds on the 13th, 25th
and 26th.

Normally, November marks the beginning of meaningful snowfall across
southeast Alaska. True, we did see some meaningful snowfall early in
the month, namely in Haines on the 8th and 17th. But otherwise
temperatures have not supported snow in any significant fashion
since the second week of November. With November`s precipitation
falling mainly as rain, hydro-electric reservoirs have recovered
somewhat from the very low levels from earlier this year. Some
locations that had to resort to diesel power generation have been
able to resume hydro-electric power generation, and that represents
significant financial savings to the residents of affected
communities.

$$
