000
CXAK58 PAKN 011338
CLMAKN


CLIMATE REPORT
NATIONAL WEATHER SERVICE ANCHORAGE, AK
537 AM AKDT SUN JUL 1 2018

...................................

...THE KING SALMON CLIMATE SUMMARY FOR THE MONTH OF JUNE 2018...

CLIMATE NORMAL PERIOD 1981 TO 2010
CLIMATE RECORD PERIOD 1917 TO 2018

WEATHER         OBSERVED          NORMAL  DEPART  LAST YEAR`S
                 VALUE   DATE(S)  VALUE   FROM    VALUE  DATE(S)
                                          NORMAL
................................................................
TEMPERATURE (F)
RECORD
 HIGH              88   MM
 LOW               30   06/09/2018
HIGHEST            75                MM      MM       76
LOWEST             30R               MM      MM       34
AVG. MAXIMUM     63.1              61.0     2.1     63.9
AVG. MINIMUM     42.8              41.9     0.9     43.5
MEAN             53.0              51.5     1.5     53.7
DAYS MAX >= 90      0               0.0     0.0        0
DAYS MAX <= 32      0               0.0     0.0        0
DAYS MIN <= 32      1               0.5     0.5        0
DAYS MIN <= 0       0               0.0     0.0        0

PRECIPITATION (INCHES)
RECORD
 MAXIMUM           MM   MM
 MINIMUM           MM   MM
TOTALS           3.10              1.65    1.45     2.40
DAILY AVG.       0.10              0.05    0.05     0.08
DAYS >= .01        16              14.0     2.0       13
DAYS >= .10         9               5.4     3.6        4
DAYS >= .50         1               0.4     0.6        1
DAYS >= 1.00        0               0.0     0.0        1
GREATEST
 24 HR. TOTAL    0.57   06/20 TO 06/20           06/14 TO 06/14
                                                          06/30 TO 06/30
                                                          06/30 TO 06/30
 STORM TOTAL       MM                                 MM
 (MM/DD(HH))            MM                    06/14(00) TO 06/14(00)
                                                 06/30(00) TO 06/30(00)0
                                                 06/30(00) TO 06/30(00)0

SNOWFALL (INCHES)
RECORDS
 TOTAL             MM   MM
 24 HR TOTAL       MM
 SNOW DEPTH        MM   MM
TOTALS            0.0                 T     0.0      0.0
SINCE 7/1        56.2              46.6     9.6     26.0
SNOWDEPTH AVG.      0                MM      MM        0
DAYS >= TRACE       0               0.0     0.0        0
DAYS >= 1.0         0               0.0     0.0
GREATEST
 SNOW DEPTH         0   MM                             0  MM
 24 HR TOTAL      0.0   06/30 TO 06/30           06/30 TO 06/30
                                                          06/30 TO 06/30
                                                          06/30 TO 06/30
 STORM TOTAL       MM                                 MM
 (MM/DD(HH))            MM

DEGREE_DAYS
HEATING TOTAL     355               407     -52      330
 SINCE 7/1       9412             10878   -1466    10471
COOLING TOTAL       0                 0       0        0
 SINCE 1/1          0                 0       0        0

FREEZE DATES
RECORD
 EARLIEST     MM
 LATEST       MM
EARLIEST      02/01             MM
LATEST        06/09             MM
.................................................

WIND (MPH)
AVERAGE WIND SPEED              7.9
RESULTANT WIND SPEED/DIRECTION   4/184
HIGHEST WIND SPEED/DIRECTION    30/160    DATE  06/18
HIGHEST GUST SPEED/DIRECTION    39/160    DATE  06/17

SKY COVER
POSSIBLE SUNSHINE (PERCENT)   MM
AVERAGE SKY COVER           0.70
NUMBER OF DAYS FAIR            5
NUMBER OF DAYS PC              9
NUMBER OF DAYS CLOUDY         16

AVERAGE RH (PERCENT)     71

WEATHER CONDITIONS. NUMBER OF DAYS WITH
THUNDERSTORM              0     MIXED PRECIP               0
HEAVY RAIN                0     RAIN                       4
LIGHT RAIN               20     FREEZING RAIN              0
LT FREEZING RAIN          0     HAIL                       0
HEAVY SNOW                0     SNOW                       0
LIGHT SNOW                0     SLEET                      0
FOG                      18     FOG W/VIS <= 1/4 MILE      3
HAZE                      3

-  INDICATES NEGATIVE NUMBERS.
R  INDICATES RECORD WAS SET OR TIED.
MM INDICATES DATA IS MISSING.
T  INDICATES TRACE AMOUNT.

$$
