000
CXUS51 KALY 010939
CLMALB


CLIMATE REPORT
NATIONAL WEATHER SERVICE ALBANY NY
532 AM EDT SUN JUL 1 2018

...................................

...THE ALBANY NY CLIMATE SUMMARY FOR THE MONTH OF JUNE 2018...

CLIMATE NORMAL PERIOD 1981 TO 2010
CLIMATE RECORD PERIOD 1874 TO 2018

WEATHER         OBSERVED          NORMAL  DEPART  LAST YEAR`S
                 VALUE   DATE(S)  VALUE   FROM    VALUE  DATE(S)
                                          NORMAL
................................................................
TEMPERATURE (F)
RECORD
 HIGH             100   06/09/1933
 LOW               36   06/11/1980
                        06/10/1975
                        06/03/1964
HIGHEST            97   06/18        79      18       95  06/12
LOWEST             48   06/26        55      -7       44  06/02
                        06/06
                        06/05
AVG. MAXIMUM     78.9              77.9     1.0     78.3
AVG. MINIMUM     56.9              56.5     0.4     57.6
MEAN             67.9              67.2     0.7     68.0
DAYS MAX >= 90      3               1.5     1.5        3
DAYS MAX <= 32      0               0.0     0.0        0
DAYS MIN <= 32      0               0.0     0.0        0
DAYS MIN <= 0       0               0.0     0.0        0

PRECIPITATION (INCHES)
RECORD
 MAXIMUM         8.74   2006
 MINIMUM         0.65   1964
TOTALS           3.00              3.79   -0.79     5.12
DAILY AVG.       0.10              0.13   -0.03     0.17
DAYS >= .01        10              12.2    -2.2       14
DAYS >= .10         7               7.6    -0.6       10
DAYS >= .50         2               2.6    -0.6        4
DAYS >= 1.00        0               0.8    -0.8        2
GREATEST
 24 HR. TOTAL    0.58   06/27 TO 06/27

DEGREE_DAYS
HEATING TOTAL      27                52     -25       51
 SINCE 7/1       6313              6680    -367     5868
COOLING TOTAL     120               118       2      147
 SINCE 1/1        190               148      42      197

FREEZE DATES
RECORD
 EARLIEST     09/24/1963
 LATEST       05/27/1969
EARLIEST      02/01             10/10
LATEST        04/23             04/28
.................................................................

WIND (MPH)
AVERAGE WIND SPEED              6.7
HIGHEST WIND SPEED/DIRECTION    30/280    DATE  06/14
HIGHEST GUST SPEED/DIRECTION    39/280    DATE  06/14

SKY COVER
AVERAGE SKY COVER           0.60

AVERAGE RH (PERCENT)     63


-  INDICATES NEGATIVE NUMBERS.
R  INDICATES RECORD WAS SET OR TIED.
MM INDICATES DATA IS MISSING.
T  INDICATES TRACE AMOUNT.

$$
