000
CXUS51 KALY 011152
CLMALB

CLIMATE REPORT
NATIONAL WEATHER SERVICE ALBANY NY
749 AM EDT MON OCT 1 2018

...................................

...THE ALBANY NY CLIMATE SUMMARY FOR THE MONTH OF SEPTEMBER 2018...

CLIMATE NORMAL PERIOD 1981 TO 2010
CLIMATE RECORD PERIOD 1874 TO 2018

WEATHER         OBSERVED          NORMAL  DEPART  LAST YEAR`S
                 VALUE   DATE(S)  VALUE   FROM    VALUE  DATE(S)
                                          NORMAL
................................................................
TEMPERATURE (F)
RECORD
 HIGH             100   09/03/1953
                        09/02/1953
 LOW               24   09/28/1947
                        09/27/1947
HIGHEST            94   09/03        73      21       91  09/25
LOWEST             43   09/30        49      -6       38  09/02
AVG. MAXIMUM     75.5              72.2     3.3     76.6
AVG. MINIMUM     58.9              51.6     7.3     54.6
MEAN             67.2              61.9     5.3     65.6
DAYS MAX >= 90      3               0.2     2.8        3
DAYS MAX <= 32      0               0.0     0.0        0
DAYS MIN <= 32      0               0.2    -0.2        0
DAYS MIN <= 0       0               0.0     0.0        0

PRECIPITATION (INCHES)
RECORD
 MAXIMUM        11.06   1999
 MINIMUM         0.40   1964
TOTALS           5.62              3.30    2.32     2.73
DAILY AVG.       0.19              0.11    0.08     0.09
DAYS >= .01        11               9.8     1.2        8
DAYS >= .10         7               6.2     0.8        5
DAYS >= .50         3               2.0     1.0        3
DAYS >= 1.00        3               0.8     2.2        0
GREATEST
 24 HR. TOTAL    2.26   09/18 TO 09/18

DEGREE_DAYS
HEATING TOTAL      88               144     -56       93
 SINCE 7/1         88               167     -79      112
COOLING TOTAL     162                51     111      120
 SINCE 1/1       1039               594     445      695

FREEZE DATES
RECORD
 EARLIEST     09/24/1963
 LATEST       05/27/1969

.................................................................

WIND (MPH)
AVERAGE WIND SPEED              5.5
HIGHEST WIND SPEED/DIRECTION    28/180    DATE  09/21
HIGHEST GUST SPEED/DIRECTION    37/170    DATE  09/21

SKY COVER
AVERAGE SKY COVER           0.70

AVERAGE RH (PERCENT)     72

-  INDICATES NEGATIVE NUMBERS.
R  INDICATES RECORD WAS SET OR TIED.
MM INDICATES DATA IS MISSING.
T  INDICATES TRACE AMOUNT.

$$
