000
CXUS56 KPDT 011412
CLMALW

CLIMATE REPORT
NATIONAL WEATHER SERVICE PENDLETON OREGON
707 AM PDT THU NOV 1 2018

....................................

...THE WALLA WALLA WA CLIMATE SUMMARY FOR THE MONTH OF OCTOBER 2018...

CLIMATE NORMAL PERIOD 1981 TO 2010
CLIMATE RECORD PERIOD 1949 TO 2018

WEATHER         OBSERVED          NORMAL  DEPART        LAST YEAR`S
                 VALUE   DATE(S)  VALUE   FROM         VALUE DATE(S)
                                          NORMAL

................................................................

TEMPERATURE (F)
RECORD
 HIGH              89  10/ 3/1958
 LOW               15  10/31/2002
HIGHEST            74  10/ 2                               77  10/ 6
LOWEST             37  10/15                               33  10/31
AVG. MAXIMUM     62.8            63.5      -0.7          63.3
AVG. MINUMUM     44.0            43.1       0.9          42.8
MEAN             53.4            53.3       0.1          53.0
DAYS MAX >= 90      0               0         0             0
DAYS MAX <= 32      0               4        -4             0
DAYS MIN <= 32      0               6        -6             0
DAYS MIN <= 0       0               4        -4             0


PRECIPITATION (INCHES)
RECORD
 MAXIMUM          4.55   2016
 MINIMUM          0.01   1987
TOTALS            1.93            1.68      0.25          1.57
DAILY AVG.        0.06            0.05      0.01          0.05
DAYS >=  0.01       10               7         3            10
DAYS >=  0.10        5               4         1             3
DAYS >=  0.50        1               1         0             1
DAYS >=  1.00        0               0         0             0
GREATEST
 24 HR. TOTAL     0.79  10/ 9

SNOWFALL (INCHES)
RECORD
 MAXIMUM           2.4   1973
 MINIMUM           0.0   2017
TOTALS             0.0             0.1      -0.1           0.0
SINCE 7/1          0.0             0.1      -0.1           0.0
DAYS >=  TRACE                       0         0
DAYS >=  1.0         0               0         0             0
GREATEST
 24 HR. TOTAL      0.0  10/31

DEGREE DAYS
HEATING TOTAL      352             367       -15           360
 SINCE 7/1         419             459       -40           436
COOLING TOTAL        0               3        -3             0
 SINCE 1/1        1033             846       187          1277

.............................................................

WIND (MPH)
AVERAGE WIND SPEED                     6.0
RESULTANT WIND SPEED/DIRECTION         4/163
HIGHEST WIND SPEED/DIRECTION          30/250      DATE          10/02
HIGHEST GUST SPEED/DIRECTION          35/260      DATE          10/02


WEATHER CONDITIONS. NUMBER OF DAYS WITH
THUNDERSTORM               0    MIXED PRECIP                           0
HEAVY RAIN                 1    RAIN                                   5
LIGHT RAIN                12    FREEZING RAIN                          0
LT FREEZING RAIN           0    HAIL                                   0
HEAVY SNOW                 0    SNOW                                   0
LIGHT SNOW                 0    SLEET                                  0
FOG                        4    FOG W/VIS <=1/4 MILE                   0
HAZE                       3

-  INDICATES NEGATIVE NUMBERS.
R  INDICATES RECORD WAS SET OR TIED.
MM INDICATES DATA IS MISSING.
T  INDICATES TRACE AMOUNT.

$$
