000
CXUS56 KPDT 011428
CLMALW

CLIMATE REPORT
NATIONAL WEATHER SERVICE PENDLETON OREGON
720 AM PDT WED AUG 1 2018

....................................

...THE WALLA WALLA WA CLIMATE SUMMARY FOR THE MONTH OF JULY 2018...

CLIMATE NORMAL PERIOD 1981 TO 2010
CLIMATE RECORD PERIOD 1949 TO 2018

WEATHER         OBSERVED          NORMAL  DEPART  LAST YEAR`S
                 VALUE   DATE(S)  VALUE   FROM    VALUE  DATE(S)
                                          NORMAL

................................................................

TEMPERATURE (F)
RECORD
 HIGH             114   7/10/1975
 LOW               40   7/ 7/1971
HIGHEST           106   7/30                              103   7/ 6
LOWEST             54   7/ 3                               57   7/21
AVG. MAXIMUM     94.0            89.2       4.8          91.7
AVG. MINUMUM     64.1            60.9       3.2          64.9
MEAN             79.0            75.0       4.0          78.3
DAYS MAX >= 90     24              15         9            27
DAYS MAX <= 32      0               4        -4             1
DAYS MIN <= 32      0               4        -4             0
DAYS MIN <= 0       0               4        -4             0


PRECIPITATION (INCHES)
RECORD
 MAXIMUM          4.73   1992
 MINIMUM          0.00   2018
TOTALS            0.00            0.59     -0.59             T
DAILY AVG.        0.00            0.02     -0.02          0.00
DAYS >=  0.01        0               3        -3             0
DAYS >=  0.10        0               1        -1             0
DAYS >=  0.50        0               0         0             0
DAYS >=  1.00        0               0         0             0
GREATEST
 24 HR. TOTAL     0.00   7/31


SNOWFALL (INCHES)
RECORD
 MAXIMUM           0.0   1991
 MINIMUM           0.0   2017
TOTALS             0.0             0.0       0.0           0.0
SINCE 7/1          0.0             0.0       0.0           0.0
DAYS >=  TRACE                       0         0
DAYS >=  1.0         0               0         0             0
GREATEST
 24 HR. TOTAL      0.0   7/31


DEGREE DAYS
HEATING TOTAL        0               2        -2             0
 SINCE 7/1           0               2        -2             0
COOLING TOTAL      440             316       124           454
 SINCE 1/1         640             457       183           698

.............................................................

WIND (MPH)
AVERAGE WIND SPEED                     7.8
RESULTANT WIND SPEED/DIRECTION         5/170
HIGHEST WIND SPEED/DIRECTION          29/200      DATE          07/10
HIGHEST GUST SPEED/DIRECTION          37/200      DATE          07/10


WEATHER CONDITIONS. NUMBER OF DAYS WITH
THUNDERSTORM               0    MIXED PRECIP                           0
HEAVY RAIN                 0    RAIN                                   0
LIGHT RAIN                 0    FREEZING RAIN                          0
LT FREEZING RAIN           0    HAIL                                   0
HEAVY SNOW                 0    SNOW                                   0
LIGHT SNOW                 0    SLEET                                  0
FOG                        0    FOG W/VIS <=1/4 MILE                   0
HAZE                       4

-  INDICATES NEGATIVE NUMBERS.
R  INDICATES RECORD WAS SET OR TIED.
MM INDICATES DATA IS MISSING.
T  INDICATES TRACE AMOUNT.

$$
