035
CXUS56 KPDT 011617
CLMALW

CLIMATE REPORT
NATIONAL WEATHER SERVICE PENDLETON OREGON
804 AM PST FRI FEB 01 2019

....................................

...THE WALLA WALLA WA CLIMATE SUMMARY FOR THE MONTH OF JANUARY 2019...

CLIMATE NORMAL PERIOD 1981 TO 2010
CLIMATE RECORD PERIOD 1949 TO 2019

WEATHER         OBSERVED          NORMAL  DEPART        LAST YEAR`S
                 VALUE   DATE(S)  VALUE   FROM         VALUE DATE(S)
                                          NORMAL

................................................................

TEMPERATURE (F)
RECORD
 HIGH              70   1/20/1968
 LOW              -18   1/27/1957
HIGHEST            58   1/ 4                               67   1/29
LOWEST             24   1/ 2                               27   1/ 3
AVG. MAXIMUM     43.5            40.9       2.6          47.5
AVG. MINUMUM     32.9            30.1       2.8          35.4
MEAN             38.2            35.5       2.7          41.4
DAYS MAX >= 90      0               0         0             0
DAYS MAX <= 32      2               9        -7             4
DAYS MIN <= 32     17              19        -2             7
DAYS MIN <= 0       0               4        -4             7


PRECIPITATION (INCHES)
RECORD
 MAXIMUM          5.91   1970
 MINIMUM          0.36   2005
TOTALS            2.11            2.53     -0.42          2.33
DAILY AVG.        0.07            0.08     -0.01          0.08
DAYS >=  0.01       11              11         0            13
DAYS >=  0.10        5               6        -1             7
DAYS >=  0.50        1               1         0             0
DAYS >=  1.00        0               0         0             0
GREATEST
 24 HR. TOTAL     0.61   1/20



SNOWFALL (INCHES)
RECORD
 MAXIMUM          29.3   1969
 MINIMUM           0.0   2010
TOTALS             1.5             1.9      -0.4             T
SINCE 7/1          1.5             7.6      -6.1          10.1
DAYS >=  TRACE       2               2         0             2
DAYS >=  1.0         1               1         0             0
GREATEST
 24 HR. TOTAL      1.5   1/20


DEGREE DAYS
HEATING TOTAL      822             914       -92           724
 SINCE 7/1        2695            3042      -347          2768
COOLING TOTAL        0               0         0             0
 SINCE 1/1           0               0         0             0

.............................................................

WIND (MPH)
AVERAGE WIND SPEED                     6.0
RESULTANT WIND SPEED/DIRECTION         4/184
HIGHEST WIND SPEED/DIRECTION          36/160      DATE          01/05
HIGHEST GUST SPEED/DIRECTION          48/160      DATE          01/05


WEATHER CONDITIONS. NUMBER OF DAYS WITH
THUNDERSTORM               0    MIXED PRECIP                           0
HEAVY RAIN                 0    RAIN                                   5
LIGHT RAIN                15    FREEZING RAIN                          0
LT FREEZING RAIN           3    HAIL                                   0
HEAVY SNOW                 0    SNOW                                   1
LIGHT SNOW                 3    SLEET                                  0
FOG                       16    FOG W/VIS <=1/4 MILE                  12
HAZE                       5

-  INDICATES NEGATIVE NUMBERS.
R  INDICATES RECORD WAS SET OR TIED.
MM INDICATES DATA IS MISSING.
T  INDICATES TRACE AMOUNT.

$$
