000
CXUS54 KAMA 011539
CLMAMA


CLIMATE REPORT
NATIONAL WEATHER SERVICE AMARILLO TX
1037 AM CDT THU NOV 1 2018

...................................

...THE AMARILLO CLIMATE SUMMARY FOR THE MONTH OF OCTOBER 2018...

CLIMATE NORMAL PERIOD 1981 TO 2010
CLIMATE RECORD PERIOD 1892 TO 2018

WEATHER         OBSERVED          NORMAL  DEPART  LAST YEAR`S
                 VALUE   DATE(S)  VALUE   FROM    VALUE  DATE(S)
                                          NORMAL
................................................................
TEMPERATURE (F)
RECORD
 HIGH              99   10/03/2000
 LOW               12   10/30/1993
HIGHEST            94   10/03                         87  10/13
LOWEST             28   10/15                         28  10/28
AVG. MAXIMUM     68.1              71.9    -3.8     72.5
AVG. MINIMUM     45.9              44.7     1.2     45.3
MEAN             57.0              58.3    -1.3     58.9
DAYS MAX >= 90      2               0.6     1.4        0
DAYS MAX <= 32      0               0.1    -0.1        0
DAYS MIN <= 32      2               1.6     0.4        2
DAYS MIN <= 0       0               0.0     0.0        0

PRECIPITATION (INCHES)
RECORD
 MAXIMUM         7.64   1941
 MINIMUM         0.00   1952
TOTALS           3.90              1.66    2.24     2.20
DAILY AVG.       0.13              0.05    0.08     0.07
DAYS >= .01        11               5.3     5.7        6
DAYS >= .10         6               3.1     2.9        4
DAYS >= .50         3               1.2     1.8        2
DAYS >= 1.00        1               0.3     0.7        1
GREATEST
 24 HR. TOTAL    1.29   10/08 TO 10/08

SNOWFALL (INCHES)
RECORDS
 TOTAL            9.0   1906
TOTALS              T               0.2    -0.2      0.0
SINCE 7/1           T               0.2    -0.2        T
DAYS >= TRACE       1               0.1     0.9        0
DAYS >= 1.0         0               0.1    -0.1        0
GREATEST
 SNOW DEPTH         0   MM
 24 HR TOTAL        T   10/14 TO 10/14

DEGREE_DAYS
HEATING TOTAL     284               236      48      224
 SINCE 7/1        300               280      20      268
COOLING TOTAL      41                28      13       41
 SINCE 1/1       1929              1398     531     1479
.................................................................

WIND (MPH)
AVERAGE WIND SPEED              12.7
HIGHEST WIND SPEED/DIRECTION    39/350    DATE  10/14
HIGHEST GUST SPEED/DIRECTION    48/350    DATE  10/14

SKY COVER
POSSIBLE SUNSHINE (PERCENT)   MM
NUMBER OF DAYS FAIR           15
NUMBER OF DAYS PC              3
NUMBER OF DAYS CLOUDY         13

AVERAGE RH (PERCENT)     68

WEATHER CONDITIONS. NUMBER OF DAYS WITH
THUNDERSTORM              5     MIXED PRECIP               0
HEAVY RAIN                4     RAIN                       7
LIGHT RAIN               13     FREEZING RAIN              0
LT FREEZING RAIN          0     HAIL                       0
HEAVY SNOW                0     SNOW                       0
LIGHT SNOW                1     SLEET                      0
FOG                      14     FOG W/VIS <= 1/4 MILE      4
HAZE                      0

-  INDICATES NEGATIVE NUMBERS.
R  INDICATES RECORD WAS SET OR TIED.
MM INDICATES DATA IS MISSING.
T  INDICATES TRACE AMOUNT.

$$
