000
CXUS54 KAMA 021618
CLMAMA


CLIMATE REPORT
NATIONAL WEATHER SERVICE AMARILLO TX
1117 AM CDT THU AUG 2 2018

...................................

...THE AMARILLO CLIMATE SUMMARY FOR THE MONTH OF JULY 2018...

CLIMATE NORMAL PERIOD 1981 TO 2010
CLIMATE RECORD PERIOD 1892 TO 2018

WEATHER         OBSERVED          NORMAL  DEPART  LAST YEAR`S
                 VALUE   DATE(S)  VALUE   FROM    VALUE  DATE(S)
                                          NORMAL
................................................................
TEMPERATURE (F)
RECORD
 HIGH             108   07/11/2016
 LOW               51   07/14/1990
                        07/09/1905
HIGHEST           105   07/20                        100  07/26
                        07/19
LOWEST             57   07/31                         57  07/04
AVG. MAXIMUM     94.4              91.4     3.0     94.3
AVG. MINIMUM     66.0              65.2     0.8     65.8
MEAN             80.2              78.3     1.9     80.1
DAYS MAX >= 90     27              19.8     7.2       28
DAYS MAX <= 32      0               0.0     0.0        0
DAYS MIN <= 32      0               0.0     0.0        0
DAYS MIN <= 0       0               0.0     0.0        0

PRECIPITATION (INCHES)
RECORD
 MAXIMUM         8.02   2010
 MINIMUM         0.04   2001
TOTALS           1.92              2.84   -0.92     3.83
DAILY AVG.       0.06              0.09   -0.03     0.12
DAYS >= .01         8               7.2     0.8        9
DAYS >= .10         4               4.0     0.0        4
DAYS >= .50         1               1.7    -0.7        3
DAYS >= 1.00        0               0.9    -0.9        2
GREATEST
 24 HR. TOTAL    0.97   07/13 TO 07/13

SNOWFALL (INCHES)
RECORDS
 TOTAL              T   2017
                        2016
                        2009
TOTALS            0.0               0.0     0.0        T
SINCE 7/1         0.0               0.0     0.0        T
DAYS >= TRACE       0               0.0     0.0        1
DAYS >= 1.0         0               0.0     0.0        0
GREATEST
 SNOW DEPTH         0   MM
 24 HR TOTAL      0.0   07/31 TO 07/31

DEGREE_DAYS
HEATING TOTAL       0                 0       0        0
 SINCE 7/1          0                 0       0        0
COOLING TOTAL     481               412      69      477
 SINCE 1/1       1236               825     411      974
.................................................................

WIND (MPH)
AVERAGE WIND SPEED              11.5
HIGHEST WIND SPEED/DIRECTION    39/010    DATE  07/29
HIGHEST GUST SPEED/DIRECTION    53/010    DATE  07/29

SKY COVER
POSSIBLE SUNSHINE (PERCENT)   MM
NUMBER OF DAYS FAIR           25
NUMBER OF DAYS PC              6
NUMBER OF DAYS CLOUDY          0

AVERAGE RH (PERCENT)     53

WEATHER CONDITIONS. NUMBER OF DAYS WITH
THUNDERSTORM             11     MIXED PRECIP               0
HEAVY RAIN                4     RAIN                       4
LIGHT RAIN               10     FREEZING RAIN              0
LT FREEZING RAIN          0     HAIL                       0
HEAVY SNOW                0     SNOW                       0
LIGHT SNOW                0     SLEET                      0
FOG                       4     FOG W/VIS <= 1/4 MILE      0
HAZE                      0

-  INDICATES NEGATIVE NUMBERS.
R  INDICATES RECORD WAS SET OR TIED.
MM INDICATES DATA IS MISSING.
T  INDICATES TRACE AMOUNT.

$$
