000
CXUS54 KAMA 011619
CLMAMA


CLIMATE REPORT
NATIONAL WEATHER SERVICE AMARILLO TX
1018 AM CST FRI FEB 1 2019

...................................

...THE AMARILLO CLIMATE SUMMARY FOR THE MONTH OF JANUARY 2019...

CLIMATE NORMAL PERIOD 1981 TO 2010
CLIMATE RECORD PERIOD 1892 TO 2019

WEATHER         OBSERVED          NORMAL  DEPART  LAST YEAR`S
                 VALUE   DATE(S)  VALUE   FROM    VALUE  DATE(S)
                                          NORMAL
................................................................
TEMPERATURE (F)
RECORD
 HIGH              83   01/05/1927
 LOW              -11   01/18/1984
                        01/04/1959
                        01/06/1912
HIGHEST            74   01/05                         79  01/20
LOWEST             11   01/02                          2  01/02
AVG. MAXIMUM     54.6              50.6     4.0     55.3
AVG. MINIMUM     24.6              23.4     1.2     21.8
MEAN             39.6              37.0     2.6     38.6
DAYS MAX >= 90      0               0.0     0.0        0
DAYS MAX <= 32      1               2.7    -1.7        3
DAYS MIN <= 32     25              26.8    -1.8       27
DAYS MIN <= 0       0               0.2    -0.2        0

PRECIPITATION (INCHES)
RECORD
 MAXIMUM         3.17   2017
 MINIMUM         0.00   1986
                        1923
TOTALS           0.06              0.72   -0.66        T
DAILY AVG.       0.00              0.02   -0.02        T
DAYS >= .01         3               3.9    -0.9        0
DAYS >= .10         0               1.7    -1.7        0
DAYS >= .50         0               0.5    -0.5        0
DAYS >= 1.00        0               0.0     0.0        0
GREATEST
 24 HR. TOTAL    0.04   01/11 TO 01/11

SNOWFALL (INCHES)
RECORDS
 TOTAL           19.7   1897
TOTALS            0.4               4.7    -4.3        T
SINCE 7/1         7.1              11.1    -4.0        T
DAYS >= TRACE       3               2.6     0.4        1
DAYS >= 1.0         0               1.4    -1.4        0
GREATEST
 SNOW DEPTH         T   01/19
 24 HR TOTAL      0.3   01/18 TO 01/18

DEGREE_DAYS
HEATING TOTAL     782               868     -86      811
 SINCE 7/1       2511              2585     -74     2252
COOLING TOTAL       0                 0       0        0
 SINCE 1/1          0                 0       0        0
.................................................................

WIND (MPH)
AVERAGE WIND SPEED              12.8
HIGHEST WIND SPEED/DIRECTION    40/350    DATE  01/18
HIGHEST GUST SPEED/DIRECTION    49/360    DATE  01/18

SKY COVER
POSSIBLE SUNSHINE (PERCENT)   MM
NUMBER OF DAYS FAIR           25
NUMBER OF DAYS PC              3
NUMBER OF DAYS CLOUDY          3

AVERAGE RH (PERCENT)     56

WEATHER CONDITIONS. NUMBER OF DAYS WITH
THUNDERSTORM              0     MIXED PRECIP               0
HEAVY RAIN                0     RAIN                       0
LIGHT RAIN                2     FREEZING RAIN              0
LT FREEZING RAIN          0     HAIL                       0
HEAVY SNOW                0     SNOW                       0
LIGHT SNOW                4     SLEET                      0
FOG                       8     FOG W/VIS <= 1/4 MILE      2
HAZE                      1

-  INDICATES NEGATIVE NUMBERS.
R  INDICATES RECORD WAS SET OR TIED.
MM INDICATES DATA IS MISSING.
T  INDICATES TRACE AMOUNT.

$$
