000
CXUS52 KJAX 011412
CLMAMG

CLIMATE REPORT
NATIONAL WEATHER SERVICE JACKSONVILLE FL
1008 AM EDT MON OCT 1 2018

...................................

...THE ALMA CLIMATE SUMMARY FOR THE MONTH OF SEPTEMBER 2018...

CLIMATE NORMAL PERIOD 1981 TO 2010
CLIMATE RECORD PERIOD 1948 TO 2018

WEATHER         OBSERVED          NORMAL  DEPART  LAST YEAR`S
                 VALUE   DATE(S)  VALUE   FROM    VALUE  DATE(S)
                                          NORMAL
................................................................
TEMPERATURE (F)
RECORD
 HIGH             101   09/08/1990
 LOW               40   09/30/1967
HIGHEST            96   09/14        87       9       95  09/29
                                                          09/28
LOWEST             68   09/22        68       0       62  09/13
AVG. MAXIMUM     92.0              86.9     5.1     88.4
AVG. MINIMUM     72.0              67.2     4.8     67.5
MEAN             82.0              77.1     4.9     77.9
DAYS MAX >= 90     27               9.1    17.9       17
DAYS MAX <= 32      0               0.0     0.0        0
DAYS MIN <= 32      0               0.0     0.0        0
DAYS MIN <= 0       0               0.0     0.0        0

PRECIPITATION (INCHES)
RECORD
 MAXIMUM        14.15   2004
 MINIMUM         0.24   1972
TOTALS           2.15              3.64   -1.49     8.02
DAILY AVG.       0.07              0.12   -0.05     0.27
DAYS >= .01        13               8.5     4.5        7
DAYS >= .10         7               5.6     1.4        6
DAYS >= .50         1               2.3    -1.3        2
DAYS >= 1.00        0               1.1    -1.1        1
GREATEST
 24 HR. TOTAL    0.57

SNOWFALL (INCHES)
RECORDS
 TOTAL             MM   MM
TOTALS            0.0               0.0     0.0      0.0
SINCE 7/1         0.0               0.0     0.0      0.0
SNOWDEPTH AVG.      0                MM      MM        0
DAYS >= 1.0         0               0.0     0.0        0
GREATEST
 SNOW DEPTH         0   MM                             0  MM
 24 HR TOTAL      0.0

DEGREE_DAYS
HEATING TOTAL       0                 2      -2        0
 SINCE 7/1          0                 2      -2        0
COOLING TOTAL     519               363     156      394
 SINCE 1/1       2697              2270     427     2565
.................................................................

WIND (MPH)
AVERAGE WIND SPEED              3.4
HIGHEST WIND SPEED/DIRECTION    20/210    DATE  09/18
HIGHEST GUST SPEED/DIRECTION    28/340    DATE  09/18

SKY COVER
POSSIBLE SUNSHINE (PERCENT)   MM
AVERAGE SKY COVER           0.20
NUMBER OF DAYS FAIR           26
NUMBER OF DAYS PC              4
NUMBER OF DAYS CLOUDY          0

AVERAGE RH (PERCENT)     73

-  INDICATES NEGATIVE NUMBERS.
R  INDICATES RECORD WAS SET OR TIED.
MM INDICATES DATA IS MISSING.
T  INDICATES TRACE AMOUNT.

$$
