467
CXUS52 KJAX 111246
CLMAMG

CLIMATE REPORT
NATIONAL WEATHER SERVICE JACKSONVILLE FL
926 AM EDT SUN JUL 1 2018

...................................

...THE ALMA CLIMATE SUMMARY FOR THE MONTH OF JUNE 2018...

CLIMATE NORMAL PERIOD 1981 TO 2010
CLIMATE RECORD PERIOD 1948 TO 2018

WEATHER         OBSERVED          NORMAL  DEPART  LAST YEAR`S
                 VALUE   DATE(S)  VALUE   FROM    VALUE  DATE(S)
                                          NORMAL
................................................................
TEMPERATURE (F)
RECORD
 HIGH             104   06/05/1985
                        06/04/1985
 LOW               47   06/02/1984
HIGHEST            99   06/20        90       9       94  06/30
                                                          06/24
                                                          06/17
LOWEST             62   06/05        69      -7       60  06/10
                                                          06/09
AVG. MAXIMUM     92.7              90.3     2.4     88.8
AVG. MINIMUM     71.4              69.2     2.2     70.3
MEAN             82.0              79.7     2.3     79.6
DAYS MAX >= 90     26              16.7     9.3       16
DAYS MAX <= 32      0               0.0     0.0        0
DAYS MIN <= 32      0               0.0     0.0        0
DAYS MIN <= 0       0               0.0     0.0        0

PRECIPITATION (INCHES)
RECORD
 MAXIMUM        11.43   1973
 MINIMUM         1.27   1977
TOTALS           4.45              5.38   -0.93     3.28
DAILY AVG.       0.15              0.18   -0.03     0.11
DAYS >= .01        10              11.9    -1.9       14
DAYS >= .10         6               8.7    -2.7        8
DAYS >= .50         3               3.7    -0.7        2
DAYS >= 1.00        1               1.5    -0.5        0
GREATEST
 24 HR. TOTAL    2.45

SNOWFALL (INCHES)
RECORDS
 TOTAL             MM   MM
TOTALS            0.0               0.0     0.0      0.0
SINCE 7/1         3.0               0.1     2.9      0.0
SNOWDEPTH AVG.      0                MM      MM        0
DAYS >= 1.0         0               0.0     0.0        0
GREATEST
 SNOW DEPTH         0   MM                             0  MM
 24 HR TOTAL      0.0

DEGREE_DAYS
HEATING TOTAL       0                 0       0        0
 SINCE 7/1       1551              1659    -108     1083
COOLING TOTAL     516               443      73      446
 SINCE 1/1       1053               873     180     1045
.................................................................

WIND (MPH)
AVERAGE WIND SPEED              4.2
HIGHEST WIND SPEED/DIRECTION    25/330    DATE  06/11
HIGHEST GUST SPEED/DIRECTION    40/350    DATE  06/09

SKY COVER
POSSIBLE SUNSHINE (PERCENT)   MM
AVERAGE SKY COVER           0.20
NUMBER OF DAYS FAIR           25
NUMBER OF DAYS PC              5
NUMBER OF DAYS CLOUDY          0

AVERAGE RH (PERCENT)     71

WEATHER CONDITIONS. NUMBER OF DAYS WITH
  0
  5
  0
  0
  0
  0
  4
HAZE                      6

-  INDICATES NEGATIVE NUMBERS.
R  INDICATES RECORD WAS SET OR TIED.
MM INDICATES DATA IS MISSING.
T  INDICATES TRACE AMOUNT.

$$
