000
CXUS54 KBMX 011845
CLMANB


CLIMATE REPORT
NATIONAL WEATHER SERVICE BIRMINGHAM, AL
145 PM CDT SUN JUL 1 2018

...................................

...THE ANNISTON CLIMATE SUMMARY FOR THE MONTH OF JUNE 2018...

CLIMATE NORMAL PERIOD 1981 TO 2010
CLIMATE RECORD PERIOD 1903 TO 2018

WEATHER         OBSERVED          NORMAL  DEPART  LAST YEAR`S
                 VALUE   DATE(S)  VALUE   FROM    VALUE  DATE(S)
                                          NORMAL
................................................................
TEMPERATURE (F)
RECORD
 HIGH             104   06/30/2012
                        06/28/1931
                        08/29/2000
 LOW               42   06/01/1972
HIGHEST            93   06/20        MM      MM       92  06/15
                        06/19
                        06/18
LOWEST             58   06/05        MM      MM       58  06/26
AVG. MAXIMUM     89.7              87.3     2.4     84.7
AVG. MINIMUM     67.7              66.6     1.1     67.0
MEAN             78.7                               75.9
DAYS MAX >= 90     20               9.3    10.7        1
DAYS MAX <= 32      0               0.0     0.0        0
DAYS MIN <= 32      0               0.0     0.0        0
DAYS MIN <= 0       0               0.0     0.0        0

PRECIPITATION (INCHES)
RECORD
 MAXIMUM         9.28   2003
 MINIMUM         0.00   1988
TOTALS           4.44              4.08    0.36     8.11
DAILY AVG.       0.15              0.14    0.01
DAYS >= .01        14              10.0     4.0
DAYS >= .10         9               6.9     2.1
DAYS >= .50         4               2.8     1.2
DAYS >= 1.00        0               1.1    -1.1

DEGREE_DAYS
COOLING TOTAL     420               359      61      326
 SINCE 1/1        761               599     162      646
.................................................................

WIND (MPH)
AVERAGE WIND SPEED              3.9
HIGHEST WIND SPEED/DIRECTION    38/340    DATE  06/28
HIGHEST GUST SPEED/DIRECTION    57/350    DATE  06/28

AVERAGE RH (PERCENT)     73

WEATHER CONDITIONS. NUMBER OF DAYS WITH
THUNDERSTORM             19     MIXED PRECIP               0
HEAVY RAIN                6     RAIN                       6
LIGHT RAIN               13     FREEZING RAIN              0
LT FREEZING RAIN          0     HAIL                       0
HEAVY SNOW                0     SNOW                       0
LIGHT SNOW                0     SLEET                      0
FOG                      19     FOG W/VIS <= 1/4 MILE      2
HAZE                      4

-  INDICATES NEGATIVE NUMBERS.
R  INDICATES RECORD WAS SET OR TIED.
MM INDICATES DATA IS MISSING.
T  INDICATES TRACE AMOUNT.

$$
