000
CXUS54 KBMX 011339
CLMANB


CLIMATE REPORT
NATIONAL WEATHER SERVICE BIRMINGHAM, AL
739 AM CST TUE JAN 1 2019

...................................

...THE ANNISTON CLIMATE SUMMARY FOR THE MONTH OF DECEMBER 2018...

CLIMATE NORMAL PERIOD 1981 TO 2010
CLIMATE RECORD PERIOD 1903 TO 2018

WEATHER         OBSERVED          NORMAL  DEPART  LAST YEAR`S
                 VALUE   DATE(S)  VALUE   FROM    VALUE  DATE(S)
                                          NORMAL
................................................................
TEMPERATURE (F)
RECORD
 HIGH              80   12/07/1951
 LOW                1   12/13/1962
HIGHEST            74   12/02        MM      MM       71  12/23
LOWEST             24   12/06        MM      MM       20  12/10
AVG. MAXIMUM     55.9              55.8     0.1     54.5
AVG. MINIMUM     38.3              35.3     3.0     35.3
MEAN             47.1                               44.9
DAYS MAX >= 90      0               0.0     0.0        0
DAYS MAX <= 32      0               0.4    -0.4        0
DAYS MIN <= 32     10              12.9    -2.9       15
DAYS MIN <= 0       0               0.0     0.0        0

PRECIPITATION (INCHES)
RECORD
 MAXIMUM        10.32   1983
 MINIMUM         0.71   1980
TOTALS          10.01              4.12    5.89     3.45
DAILY AVG.       0.32              0.13    0.19
DAYS >= .01        16               9.7     6.3
DAYS >= .10         9               6.8     2.2
DAYS >= .50         6               3.0     3.0
DAYS >= 1.00        4               1.1     2.9

DEGREE_DAYS
HEATING TOTAL     547               605     -58      615
 SINCE 7/1       1103              1102       1     1071
.................................................................

WIND (MPH)
AVERAGE WIND SPEED              5.4
HIGHEST WIND SPEED/DIRECTION    25/080    DATE  12/09
HIGHEST GUST SPEED/DIRECTION    35/210    DATE  12/31

AVERAGE RH (PERCENT)     76

WEATHER CONDITIONS. NUMBER OF DAYS WITH
THUNDERSTORM              3     MIXED PRECIP               0
HEAVY RAIN                4     RAIN                       7
LIGHT RAIN               17     FREEZING RAIN              0
LT FREEZING RAIN          0     HAIL                       0
HEAVY SNOW                0     SNOW                       0
LIGHT SNOW                0     SLEET                      0
FOG                      20     FOG W/VIS <= 1/4 MILE      5
HAZE                      3

-  INDICATES NEGATIVE NUMBERS.
R  INDICATES RECORD WAS SET OR TIED.
MM INDICATES DATA IS MISSING.
T  INDICATES TRACE AMOUNT.

$$
