000
CXUS54 KBMX 051839
CLMANB


CLIMATE REPORT
NATIONAL WEATHER SERVICE BIRMINGHAM, AL
137 PM CDT FRI OCT 5 2018

...................................

...THE ANNISTON CLIMATE SUMMARY FOR THE MONTH OF SEPTEMBER 2018...

CLIMATE NORMAL PERIOD 1981 TO 2010
CLIMATE RECORD PERIOD 1903 TO 2018

WEATHER         OBSERVED          NORMAL  DEPART  LAST YEAR`S
                 VALUE   DATE(S)  VALUE   FROM    VALUE  DATE(S)
                                          NORMAL
................................................................
TEMPERATURE (F)
RECORD
 HIGH             101   09/01/1957
                        09/06/1954
                        09/04/1954
 LOW               34   09/30/1967
HIGHEST            97   09/15        MM      MM       91  09/22
LOWEST             66   09/29        MM      MM       48  09/07
                        09/17
AVG. MAXIMUM     90.1              84.1     6.0     83.5
AVG. MINIMUM     70.0              62.9     7.1     61.9
MEAN             80.1                               72.7
DAYS MAX >= 90     18               5.2    12.8        4
DAYS MAX <= 32      0               0.0     0.0        0
DAYS MIN <= 32      0               0.0     0.0        0
DAYS MIN <= 0       0               0.0     0.0        0

PRECIPITATION (INCHES)
RECORD
 MAXIMUM         7.91   2002
 MINIMUM         0.09   1947
TOTALS           3.04              2.93    0.11     3.98
DAILY AVG.       0.10              0.10    0.00
DAYS >= .01         8               7.3     0.7
DAYS >= .10         5               4.6     0.4
DAYS >= .50         2               1.8     0.2
DAYS >= 1.00        1               1.0     0.0

DEGREE_DAYS
HEATING TOTAL       0                11     -11        9
 SINCE 7/1          0                11     -11        9
COOLING TOTAL     461               266     195      247
 SINCE 1/1       2153              1783     370     1813
.................................................................

WIND (MPH)
AVERAGE WIND SPEED              4.1
HIGHEST WIND SPEED/DIRECTION    22/240    DATE  09/24
HIGHEST GUST SPEED/DIRECTION    31/240    DATE  09/24

AVERAGE RH (PERCENT)     72

WEATHER CONDITIONS. NUMBER OF DAYS WITH
THUNDERSTORM              6     MIXED PRECIP               0
HEAVY RAIN                4     RAIN                       5
LIGHT RAIN                7     FREEZING RAIN              0
LT FREEZING RAIN          0     HAIL                       0
HEAVY SNOW                0     SNOW                       0
LIGHT SNOW                0     SLEET                      0
FOG                      11     FOG W/VIS <= 1/4 MILE      1
HAZE                      1

-  INDICATES NEGATIVE NUMBERS.
R  INDICATES RECORD WAS SET OR TIED.
MM INDICATES DATA IS MISSING.
T  INDICATES TRACE AMOUNT.

$$
