000
CXUS53 KAPX 011251
CLMANJ


CLIMATE REPORT
NATIONAL WEATHER SERVICE GAYLORD MI
828 AM EDT FRI JUN 1 2018

...................................

...THE SAULT STE MARIE MI CLIMATE SUMMARY FOR THE MONTH OF MAY 2018...

CLIMATE NORMAL PERIOD 1981 TO 2010
CLIMATE RECORD PERIOD 1888 TO 2018

WEATHER         OBSERVED          NORMAL  DEPART  LAST YEAR`S
                 VALUE   DATE(S)  VALUE   FROM    VALUE  DATE(S)
                                          NORMAL
................................................................
TEMPERATURE (F)
RECORD
 HIGH              91   05/31/1919
                        05/30/1919
 LOW               18   05/07/1966
HIGHEST            84   05/24        MM      MM       MM  MM
LOWEST             29   05/11        MM      MM       MM  MM
AVG. MAXIMUM     69.4              62.7     6.7       MM
AVG. MINIMUM     43.3              40.9     2.4       MM
MEAN             56.4              51.8     4.6       MM
DAYS MAX >= 90      0               0.0     0.0       MM
DAYS MAX <= 32      0               0.0     0.0       MM
DAYS MIN <= 32      1               3.5    -2.5       MM
DAYS MIN <= 0       0               0.0     0.0       MM

PRECIPITATION (INCHES)
RECORD
 MAXIMUM           MM   MM
 MINIMUM           MM   MM
TOTALS           3.05              2.57    0.48       MM
DAILY AVG.       0.10              0.08    0.02       MM
DAYS >= .01        11              11.2    -0.2       MM
DAYS >= .10         6               6.1    -0.1       MM
DAYS >= .50         2               1.5     0.5       MM
DAYS >= 1.00        0               0.3    -0.3       MM
GREATEST
 24 HR. TOTAL    0.89   05/31 TO 05/31
 STORM TOTAL       MM
 (MM/DD(HH))            MM

SNOWFALL (INCHES)
RECORDS
 TOTAL             MM   MM
TOTALS            0.0               0.1    -0.1       MM
SINCE 7/1       127.8             120.4     7.4       MM
SNOWDEPTH AVG.      0                MM      MM       MM
DAYS >= TRACE       0               0.4    -0.4       MM
DAYS >= 1.0         0               0.0     0.0       MM
GREATEST
 SNOW DEPTH         0   MM                            MM  MM
 24 HR TOTAL      0.0   05/31 TO 05/31                MM

DEGREE_DAYS
COOLING TOTAL      21                 5      16
 SINCE 1/1         21                 5      16

FREEZE DATES
RECORD
 EARLIEST     MM
 LATEST       MM
EARLIEST                        MM
LATEST                          MM
.................................................................

WIND (MPH)
AVERAGE WIND SPEED              6.4
HIGHEST WIND SPEED/DIRECTION    28/230    DATE  05/01
HIGHEST GUST SPEED/DIRECTION    39/300    DATE  05/10

SKY COVER
POSSIBLE SUNSHINE (PERCENT)   MM
AVERAGE SKY COVER           0.20
NUMBER OF DAYS FAIR           23
NUMBER OF DAYS PC              6
NUMBER OF DAYS CLOUDY          2

AVERAGE RH (PERCENT)     63

WEATHER CONDITIONS. NUMBER OF DAYS WITH
  0
  4
  0
  0
  0
  0
  1
HAZE                      0

-  INDICATES NEGATIVE NUMBERS.
R  INDICATES RECORD WAS SET OR TIED.
MM INDICATES DATA IS MISSING.
T  INDICATES TRACE AMOUNT.

$$
