320
CXUS53 KAPX 010913
CLMANJ


CLIMATE REPORT
NATIONAL WEATHER SERVICE GAYLORD MI
409 AM EST SAT DEC 1 2018

...................................

...THE SAULT STE MARIE MI CLIMATE SUMMARY FOR THE MONTH OF NOVEMBER 2018...

CLIMATE NORMAL PERIOD 1981 TO 2010
CLIMATE RECORD PERIOD 1888 TO 2018

WEATHER         OBSERVED          NORMAL  DEPART  LAST YEAR`S
                 VALUE   DATE(S)  VALUE   FROM    VALUE  DATE(S)
                                          NORMAL
................................................................
TEMPERATURE (F)
RECORD
 HIGH              74   11/03/1938
 LOW              -12   11/29/1929
HIGHEST            48   11/05        MM      MM       53  11/28
LOWEST             -2   11/22        MM      MM        0  11/10
AVG. MAXIMUM     34.4              40.1    -5.7     39.3
AVG. MINIMUM     24.5              28.1    -3.6     26.8
MEAN             29.5              34.1    -4.6     33.1
DAYS MAX >= 90      0               0.0     0.0        0
DAYS MAX <= 32     13               5.7     7.3        3
DAYS MIN <= 32     24              19.2     4.8       20
DAYS MIN <= 0       1               0.0     1.0        1

PRECIPITATION (INCHES)
RECORD
 MAXIMUM           MM   MM
 MINIMUM           MM   MM
TOTALS           4.04              3.37    0.67     3.90
DAILY AVG.       0.13              0.11    0.02     0.13
DAYS >= .01        21              16.7     4.3       20
DAYS >= .10        10               9.4     0.6        8
DAYS >= .50         4               1.6     2.4        1
DAYS >= 1.00        0               0.4    -0.4        1
GREATEST
 24 HR. TOTAL    0.67   11/06 TO 11/06
 STORM TOTAL       MM
 (MM/DD(HH))            MM

SNOWFALL (INCHES)
RECORDS
 TOTAL             MM   MM
TOTALS           25.8              15.1    10.7     14.3
SINCE 7/1        28.8              16.7    12.1     15.0
SNOWDEPTH AVG.      4                 4       0        1
DAYS >= TRACE      21              10.0    11.0       21
DAYS >= 1.0         7               5.2     1.8        5
GREATEST
 SNOW DEPTH        11   11/14                          4  11/12
                                                          11/10
 24 HR TOTAL      7.7   11/13 TO 11/13               5.0

DEGREE_DAYS
HEATING TOTAL    1056               927     129
 SINCE 7/1       1927              1932      -5

FREEZE DATES
RECORD
 EARLIEST     MM
 LATEST       MM
EARLIEST                        MM
LATEST                          MM
.................................................................

WIND (MPH)
AVERAGE WIND SPEED              7.7
HIGHEST WIND SPEED/DIRECTION    25/330    DATE  11/21
HIGHEST GUST SPEED/DIRECTION    40/310    DATE  11/21

SKY COVER
POSSIBLE SUNSHINE (PERCENT)   MM
AVERAGE SKY COVER           0.80
NUMBER OF DAYS FAIR            2
NUMBER OF DAYS PC              6
NUMBER OF DAYS CLOUDY         20

AVERAGE RH (PERCENT)     78

WEATHER CONDITIONS. NUMBER OF DAYS WITH
  0
  2
  0
  0
  4
  0
  2
HAZE                      2

-  INDICATES NEGATIVE NUMBERS.
R  INDICATES RECORD WAS SET OR TIED.
MM INDICATES DATA IS MISSING.
T  INDICATES TRACE AMOUNT.

$$
