172
CXUS51 KCTP 010834
CLMAOO

PHLCLMAOO 000
TTAA00 KCTP 010815


CLIMATE REPORT
NATIONAL WEATHER SERVICE STATE COLLEGE PA
415 AM EDT SUN JUL 1 2018

...................................

...THE ALTOONA CLIMATE SUMMARY FOR THE MONTH OF JUNE 2018...

CLIMATE NORMAL PERIOD 1981 TO 2010
CLIMATE RECORD PERIOD 1948 TO 2018

WEATHER         OBSERVED          NORMAL  DEPART  LAST YEAR`S
                 VALUE   DATE(S)  VALUE   FROM    VALUE  DATE(S)
                                          NORMAL
................................................................
TEMPERATURE (F)
RECORD
 HIGH              97   06/28/1971
                        06/21/1953
 LOW               32   06/01/1966
HIGHEST            91   06/18                         92  06/13
LOWEST             47   06/07                         47  06/08
AVG. MAXIMUM     78.2              77.2     1.0     78.9
AVG. MINIMUM     60.6              56.2     4.4     58.9
MEAN             69.4              66.7     2.7     68.9
DAYS MAX >= 90      2                MM      MM        1
DAYS MAX <= 32      0                MM      MM        0
DAYS MIN <= 32      0                MM      MM        0
DAYS MIN <= 0       0                MM      MM        0

PRECIPITATION (INCHES)
RECORD
 MAXIMUM        12.99   1972
 MINIMUM         0.54   1965
TOTALS           5.33              3.48    1.85     4.12
DAILY AVG.       0.18              0.12    0.06     0.14
DAYS >= .01        14                MM      MM       13
DAYS >= .10        11                MM      MM        7
DAYS >= .50         4                MM      MM        2
DAYS >= 1.00        2                MM      MM        1
GREATEST
 24 HR. TOTAL    1.36   06/03 TO 06/03

DEGREE_DAYS
HEATING TOTAL      24                58     -34       31
 SINCE 7/1       5732              6218    -486     5000
COOLING TOTAL     160               109      51      156
 SINCE 1/1        324               142     182      229
.................................................................

WIND (MPH)
AVERAGE WIND SPEED              6.0
HIGHEST WIND SPEED/DIRECTION    24/310    DATE  06/14
HIGHEST GUST SPEED/DIRECTION    38/010    DATE  06/18

SKY COVER
POSSIBLE SUNSHINE (PERCENT)   MM
AVERAGE SKY COVER           0.50
NUMBER OF DAYS FAIR            8
NUMBER OF DAYS PC             13
NUMBER OF DAYS CLOUDY          9

AVERAGE RH (PERCENT)     72

WEATHER CONDITIONS. NUMBER OF DAYS WITH
TTHUNDERSTORM             7     MIXED PRECIP                0
HEAVY RAIN                4     RAIN                       10
LIGHT RAIN               16     FREEZING RAIN               0
LT FREEZING RAIN          0     HAIL                        0
HEAVY SNOW                0     SNOW                        0
LIGHT SNOW                0     SLEET                       0
FOG                      19     FOG W/VIS <= 1/4 MILE       3
HAZE                     11

-  INDICATES NEGATIVE NUMBERS.
R  INDICATES RECORD WAS SET OR TIED.
MM INDICATES DATA IS MISSING.
T  INDICATES TRACE AMOUNT.

&&

$$

MARTIN
