000
CXUS52 KMFL 011205
CLMAPF


CLIMATE REPORT
NATIONAL WEATHER SERVICE MIAMI, FL
802 AM EDT MON OCT 1 2018

...................................

...THE NAPLES CLIMATE SUMMARY FOR THE MONTH OF SEPTEMBER 2018...

CLIMATE NORMAL PERIOD 1981 TO 2010
CLIMATE RECORD PERIOD 1942 TO 2018

WEATHER         OBSERVED          NORMAL  DEPART  LAST YEAR`S
                 VALUE   DATE(S)  VALUE   FROM    VALUE  DATE(S)
                                          NORMAL
................................................................
TEMPERATURE (F)
RECORD
 HIGH              98   09/14/1974
                        09/23/1946
 LOW               65   09/29/2000
                        09/27/1991
                        09/29/1983
HIGHEST            94   09/17                         MM  MM
LOWEST             71   09/21                         MM  MM
AVG. MAXIMUM     90.5              89.9     0.6       MM
AVG. MINIMUM     75.8              74.8     1.0       MM
MEAN             83.1              82.4     0.7       MM
DAYS MAX >= 90     24                                 MM
DAYS MAX <= 32      0                                  0
DAYS MIN <= 32      0                                  0
DAYS MIN <= 0       0                                  0

PRECIPITATION (INCHES)
RECORD
 MAXIMUM        20.84   2001
 MINIMUM         2.95   2004
TOTALS           9.40              7.69    1.71    18.03
DAILY AVG.       0.31              0.26    0.05     0.60
DAYS >= .01        18                                 15
DAYS >= .10        13                                 10
DAYS >= .50         7                                  5
DAYS >= 1.00        3                                  4
GREATEST
 24 HR. TOTAL    2.33   09/21 TO 09/21              8.19

DEGREE_DAYS
HEATING TOTAL       0                 0       0        0
 SINCE 7/1          0                 0       0        0
COOLING TOTAL     551               520      31       MM
 SINCE 1/1       3607              3177     430    13039
.................................................................

WIND (MPH)
AVERAGE WIND SPEED              6.4
HIGHEST WIND SPEED/DIRECTION    29/220    DATE  09/23
HIGHEST GUST SPEED/DIRECTION    46/230    DATE  09/23

SKY COVER
POSSIBLE SUNSHINE (PERCENT)   MM
AVERAGE SKY COVER           0.20
NUMBER OF DAYS FAIR           30
NUMBER OF DAYS PC              0
NUMBER OF DAYS CLOUDY          0

AVERAGE RH (PERCENT)     76

WEATHER CONDITIONS. NUMBER OF DAYS WITH
THUNDERSTORM             24     MIXED PRECIP                0
HEAVY RAIN               14     RAIN                        8
LIGHT RAIN               16     FREEZING RAIN               0
LT FREEZING RAIN          0     HAIL                        0
HEAVY SNOW                0     SNOW                        0
LIGHT SNOW                0     SLEET                       0
FOG                      16     FOG W/VIS <= 1/4 MILE       1
HAZE                      9

-  INDICATES NEGATIVE NUMBERS.
R  INDICATES RECORD WAS SET OR TIED.
MM INDICATES DATA IS MISSING.
T  INDICATES TRACE AMOUNT.

$$
