000
CXUS52 KMFL 011417
CLMAPF


CLIMATE REPORT
NATIONAL WEATHER SERVICE MIAMI, FL
1010 AM EDT SUN JUL 1 2018

...................................

...THE NAPLES CLIMATE SUMMARY FOR THE MONTH OF JUNE 2018...

CLIMATE NORMAL PERIOD 1981 TO 2010
CLIMATE RECORD PERIOD 1942 TO 2018

WEATHER         OBSERVED          NORMAL  DEPART  LAST YEAR`S
                 VALUE   DATE(S)  VALUE   FROM    VALUE  DATE(S)
                                          NORMAL
................................................................
TEMPERATURE (F)
RECORD
 HIGH              98   06/06/1985
                        06/05/1985
                        06/12/1981
 LOW               61   06/04/1955
HIGHEST            96   06/18                         94  06/22
LOWEST             73   06/12                         73  06/14
                        06/08                             06/07
AVG. MAXIMUM     90.8              89.9     0.9     89.6
AVG. MINIMUM     77.1              73.9     3.2     76.0
MEAN             83.9              81.9     2.0     82.8
DAYS MAX >= 90     22                                 17
DAYS MAX <= 32      0                                  0
DAYS MIN <= 32      0                                  0
DAYS MIN <= 0       0                                  0

PRECIPITATION (INCHES)
RECORD
 MAXIMUM        21.28   2005
 MINIMUM         0.91   1980
TOTALS           4.96              8.82   -3.86    14.63
DAILY AVG.       0.17              0.29   -0.12     0.49
DAYS >= .01        12                                 20
DAYS >= .10         9                                 17
DAYS >= .50         3                                  9
DAYS >= 1.00        1                                  5
GREATEST
 24 HR. TOTAL    1.26   06/24 TO 06/24              3.37

DEGREE_DAYS
HEATING TOTAL       0                 0       0        0
 SINCE 7/1        200               260     -60       67
COOLING TOTAL     577               507      70      541
 SINCE 1/1       1866              1535     331     1885
.................................................................

WIND (MPH)
AVERAGE WIND SPEED              6.2
HIGHEST WIND SPEED/DIRECTION    28/150    DATE  06/11
HIGHEST GUST SPEED/DIRECTION    37/140    DATE  06/11

SKY COVER
POSSIBLE SUNSHINE (PERCENT)   MM
AVERAGE SKY COVER           0.20
NUMBER OF DAYS FAIR           26
NUMBER OF DAYS PC              4
NUMBER OF DAYS CLOUDY          0

AVERAGE RH (PERCENT)     81

WEATHER CONDITIONS. NUMBER OF DAYS WITH

THUNDERSTORM             23     MIXED PRECIP               0
HEAVY RAIN                8     RAIN                       7
LIGHT RAIN               13     FREEZING RAIN              0
LT FREEZING RAIN          0     HAIL                       0
HEAVY SNOW                0     SNOW                       0
LIGHT SNOW                0     SLEET                      0
FOG                      11     FOG W/VIS <= 1/4 MILE      0
HAZE                      6

-  INDICATES NEGATIVE NUMBERS.
R  INDICATES RECORD WAS SET OR TIED.
MM INDICATES DATA IS MISSING.
T  INDICATES TRACE AMOUNT.

$$
