275
CXUS52 KMFL 011449
CLMAPF


CLIMATE REPORT
NATIONAL WEATHER SERVICE MIAMI, FL
1039 AM EDT SUN APR 1 2018

...................................

...THE NAPLES CLIMATE SUMMARY FOR THE MONTH OF MARCH 2018...

CLIMATE NORMAL PERIOD 1981 TO 2010
CLIMATE RECORD PERIOD 1942 TO 2018

WEATHER         OBSERVED          NORMAL  DEPART  LAST YEAR`S
                 VALUE   DATE(S)  VALUE   FROM    VALUE  DATE(S)
                                          NORMAL
................................................................
TEMPERATURE (F)
RECORD
 HIGH              91   03/31/2008
                        03/28/1975
                        03/09/1974
 LOW               33   03/04/1980
HIGHEST            88   03/26                         87  03/23
                                                          03/11
LOWEST             48   03/16                         47  03/16
AVG. MAXIMUM     78.5              79.9    -1.4     80.7
AVG. MINIMUM     58.6              60.0    -1.4     60.7
MEAN             68.6              70.0    -1.4     70.7
DAYS MAX >= 90      0                                  0
DAYS MAX <= 32      0                                  0
DAYS MIN <= 32      0                                  0
DAYS MIN <= 0       0                                  0

PRECIPITATION (INCHES)
RECORD
 MAXIMUM        13.56   1970
 MINIMUM         0.00   1974
                        1945
TOTALS           1.33              2.38   -1.05     0.14
DAILY AVG.       0.04              0.08   -0.04     0.00
DAYS >= .01         4                                  3
DAYS >= .10         2                                  1
DAYS >= .50         1                                  0
DAYS >= 1.00        1                                  0
GREATEST
 24 HR. TOTAL    1.05   03/10 TO 03/10              0.10

DEGREE_DAYS
HEATING TOTAL      22                23      -1       11
 SINCE 7/1        200               256     -56       67
COOLING TOTAL     141               176     -35      197
 SINCE 1/1        501               367     134      520
.................................................................

WIND (MPH)
AVERAGE WIND SPEED              8.4
HIGHEST WIND SPEED/DIRECTION    28/250    DATE  03/20
HIGHEST GUST SPEED/DIRECTION    36/260    DATE  03/20

SKY COVER
POSSIBLE SUNSHINE (PERCENT)   MM
AVERAGE SKY COVER           0.20
NUMBER OF DAYS FAIR           26
NUMBER OF DAYS PC              4
NUMBER OF DAYS CLOUDY          0

AVERAGE RH (PERCENT)     68

WEATHER CONDITIONS. NUMBER OF DAYS WITH
  0
  3
  0
  0
  0
  0
  1
HAZE                     10

-  INDICATES NEGATIVE NUMBERS.
R  INDICATES RECORD WAS SET OR TIED.
MM INDICATES DATA IS MISSING.
T  INDICATES TRACE AMOUNT.

$$
