322
CXUS53 KAPX 010913
CLMAPN


CLIMATE REPORT
NATIONAL WEATHER SERVICE GAYLORD MI
409 AM EST SAT DEC 1 2018

...................................

...THE ALPENA MI CLIMATE SUMMARY FOR THE MONTH OF NOVEMBER 2018...

CLIMATE NORMAL PERIOD 1981 TO 2010
CLIMATE RECORD PERIOD 1916 TO 2018

WEATHER         OBSERVED          NORMAL  DEPART  LAST YEAR`S
                 VALUE   DATE(S)  VALUE   FROM    VALUE  DATE(S)
                                          NORMAL
................................................................
TEMPERATURE (F)
RECORD
 HIGH              77   11/01/1950
 LOW               -6   11/29/1995
                        11/15/1933
HIGHEST            52   11/06        MM      MM       58  11/28
                        11/05
LOWEST              5   11/22        MM      MM        9  11/11
                                                          11/10
AVG. MAXIMUM     36.1              43.1    -7.0     42.4
AVG. MINIMUM     24.6              28.3    -3.7     27.3
MEAN             30.4              35.7    -5.3     34.8
DAYS MAX >= 90      0               0.0     0.0        0
DAYS MAX <= 32     10               3.9     6.1        2
DAYS MIN <= 32     25              20.6     4.4       24
DAYS MIN <= 0       0               0.1    -0.1        0

PRECIPITATION (INCHES)
RECORD
 MAXIMUM           MM   MM
 MINIMUM           MM   MM
TOTALS           2.18              2.10    0.08     3.16
DAILY AVG.       0.07              0.07    0.00     0.11
DAYS >= .01        16              13.8     2.2       16
DAYS >= .10         3               6.1    -3.1        5
DAYS >= .50         2               0.8     1.2        2
DAYS >= 1.00        0               0.2    -0.2        1
GREATEST
 24 HR. TOTAL    0.73   11/06 TO 11/06
 STORM TOTAL       MM
 (MM/DD(HH))            MM

SNOWFALL (INCHES)
RECORDS
 TOTAL             MM   MM
 SNOW DEPTH        MM   MM
TOTALS            9.9               7.7     2.2      0.5
SINCE 7/1        10.1               8.1     2.0      0.5
SNOWDEPTH AVG.      2                MM      MM        0
DAYS >= TRACE      17               6.3    10.7       14
DAYS >= 1.0         2               2.3    -0.3        0
GREATEST
 SNOW DEPTH         6   11/16                          0  MM
 24 HR TOTAL      4.4   11/09 TO 11/09               0.3

DEGREE_DAYS
HEATING TOTAL    1030               879     151      897
 SINCE 7/1       1792              1823     -31     1504
COOLING TOTAL       0                 0       0        0
 SINCE 1/1        589               291     298      358

FREEZE DATES
RECORD
 EARLIEST     MM
 LATEST       MM
EARLIEST                        MM
LATEST                          MM
.................................................................

WIND (MPH)
AVERAGE WIND SPEED              7.3
HIGHEST WIND SPEED/DIRECTION    24/320    DATE  11/21
HIGHEST GUST SPEED/DIRECTION    36/260    DATE  11/10

SKY COVER
POSSIBLE SUNSHINE (PERCENT)   MM
AVERAGE SKY COVER           0.80
NUMBER OF DAYS FAIR            1
NUMBER OF DAYS PC              5
NUMBER OF DAYS CLOUDY         24

AVERAGE RH (PERCENT)     79

WEATHER CONDITIONS. NUMBER OF DAYS WITH
  0
  2
  0
  0
  3
  0
  1
HAZE                      7

-  INDICATES NEGATIVE NUMBERS.
R  INDICATES RECORD WAS SET OR TIED.
MM INDICATES DATA IS MISSING.
T  INDICATES TRACE AMOUNT.

$$
