000
CXUS53 KAPX 011251
CLMAPN


CLIMATE REPORT
NATIONAL WEATHER SERVICE GAYLORD MI
828 AM EDT FRI JUN 1 2018

...................................

...THE ALPENA MI CLIMATE SUMMARY FOR THE MONTH OF MAY 2018...

CLIMATE NORMAL PERIOD 1981 TO 2010
CLIMATE RECORD PERIOD 1916 TO 2018

WEATHER         OBSERVED          NORMAL  DEPART  LAST YEAR`S
                 VALUE   DATE(S)  VALUE   FROM    VALUE  DATE(S)
                                          NORMAL
................................................................
TEMPERATURE (F)
RECORD
 HIGH              94   05/16/1962
                        05/30/1937
 LOW               20   05/07/1966
                        05/02/1966
                        05/03/1950
HIGHEST            90   05/25        MM      MM       MM  MM
LOWEST             28   05/12        MM      MM       MM  MM
AVG. MAXIMUM     71.7              64.5     7.2       MM
AVG. MINIMUM     44.4              40.5     3.9       MM
MEAN             58.0              52.5     5.5       MM
DAYS MAX >= 90      1               0.1     0.9       MM
DAYS MAX <= 32      0               0.0     0.0       MM
DAYS MIN <= 32      3               4.5    -1.5       MM
DAYS MIN <= 0       0               0.0     0.0       MM

PRECIPITATION (INCHES)
RECORD
 MAXIMUM           MM   MM
 MINIMUM           MM   MM
TOTALS           2.95              2.67    0.28       MM
DAILY AVG.       0.10              0.09    0.01       MM
DAYS >= .01         9              11.8    -2.8       MM
DAYS >= .10         5               6.6    -1.6       MM
DAYS >= .50         3               1.6     1.4       MM
DAYS >= 1.00        0               0.3    -0.3       MM
GREATEST
 24 HR. TOTAL    0.83   05/19 TO 05/19
 STORM TOTAL       MM
 (MM/DD(HH))            MM

SNOWFALL (INCHES)
RECORDS
 TOTAL             MM   MM
 SNOW DEPTH        MM   MM
TOTALS            0.0               0.2    -0.2       MM
SINCE 7/1        82.5              84.3    -1.8       MM
SNOWDEPTH AVG.      0                MM      MM       MM
DAYS >= TRACE       0               0.3    -0.3       MM
DAYS >= 1.0         0               0.1    -0.1       MM
GREATEST
 SNOW DEPTH         0   MM                            MM  MM
 24 HR TOTAL      0.0   05/31 TO 05/31                MM

DEGREE_DAYS
HEATING TOTAL     254               398    -144       MM
 SINCE 7/1       7792              7957    -165       MM
COOLING TOTAL      46                11      35       MM
 SINCE 1/1         46                13      33       MM

FREEZE DATES
RECORD
 EARLIEST     MM
 LATEST       MM
EARLIEST                        MM
LATEST                          MM
.................................................................

WIND (MPH)
AVERAGE WIND SPEED              6.7
HIGHEST WIND SPEED/DIRECTION    28/340    DATE  05/04
HIGHEST GUST SPEED/DIRECTION    39/340    DATE  05/04

SKY COVER
POSSIBLE SUNSHINE (PERCENT)   MM
AVERAGE SKY COVER           0.20
NUMBER OF DAYS FAIR           22
NUMBER OF DAYS PC              7
NUMBER OF DAYS CLOUDY          2

AVERAGE RH (PERCENT)     66

WEATHER CONDITIONS. NUMBER OF DAYS WITH
  0
  4
  0
  0
  0
  0
  1
HAZE                      2

-  INDICATES NEGATIVE NUMBERS.
R  INDICATES RECORD WAS SET OR TIED.
MM INDICATES DATA IS MISSING.
T  INDICATES TRACE AMOUNT.

$$
