000
CXUS54 KLCH 020930
CLMARA


CLIMATE REPORT
NATIONAL WEATHER SERVICE LAKE CHARLES, LA
332 AM CDT MON JUL 2 2018

...................................

...THE NEW IBERIA CLIMATE SUMMARY FOR THE MONTH OF JUNE 2018...

CLIMATE NORMAL PERIOD 1981 TO 2010
CLIMATE RECORD PERIOD 1948 TO 2018

WEATHER         OBSERVED          NORMAL  DEPART  LAST YEAR`S
                 VALUE   DATE(S)  VALUE   FROM    VALUE  DATE(S)
                                          NORMAL
................................................................
TEMPERATURE (F)
RECORD
 HIGH             103   06/02/2011
 LOW               53   06/03/1956
HIGHEST            94   06/26        MM      MM       91  06/19
                                                          06/18
                                                          06/16
LOWEST             69   06/06        MM      MM       63  06/09
                                                          06/08
AVG. MAXIMUM     90.5              89.9     0.6     87.4
AVG. MINIMUM     73.9              71.5     2.4     72.4
MEAN             82.2              80.7     1.5     79.9
DAYS MAX >= 90     24              14.0    10.0       10
DAYS MAX <= 32      0               0.0     0.0        0
DAYS MIN <= 32      0               0.0     0.0        0
DAYS MIN <= 0       0               0.0     0.0        0

PRECIPITATION (INCHES)
RECORD
 MAXIMUM        16.02   1978
 MINIMUM         0.61   2006
TOTALS           4.20              6.90   -2.70     9.81
DAILY AVG.       0.14              0.23   -0.09     0.33
DAYS >= .01        13                MM      MM       18
DAYS >= .10         9                MM      MM       14
DAYS >= .50         1                MM      MM        6
DAYS >= 1.00        1                MM      MM        4
GREATEST
 24 HR. TOTAL    1.64   06/05 TO 06/05

SNOWFALL (INCHES)
RECORDS
 TOTAL            0.0   5
                        0
                        -26215
TOTALS            0.0                MM      MM      0.0
SINCE 7/1         2.4                MM      MM      0.0
SNOWDEPTH AVG.      0                MM      MM        0
DAYS >= 1.0         0                MM      MM        0
GREATEST
 SNOW DEPTH         0   MM                             0  MM
 24 HR TOTAL      0.0   06/30 TO 06/30

DEGREE_DAYS
HEATING TOTAL       0                 0       0        0
 SINCE 7/1       1358              1409     -51      716
COOLING TOTAL     525               471      54      457
 SINCE 1/1       1249              1041     208     1204
.................................................................

WIND (MPH)
AVERAGE WIND SPEED              5.8
HIGHEST WIND SPEED/DIRECTION    37/150    DATE  06/17
HIGHEST GUST SPEED/DIRECTION    45/150    DATE  06/17

SKY COVER
POSSIBLE SUNSHINE (PERCENT)   MM
AVERAGE SKY COVER           0.20
NUMBER OF DAYS FAIR           25
NUMBER OF DAYS PC              5
NUMBER OF DAYS CLOUDY          0

AVERAGE RH (PERCENT)     74

WEATHER CONDITIONS. NUMBER OF DAYS WITH
THUNDERSTORM             20        MIXED PRECIP            0
HEAVY RAIN                9        RAIN                    6
LIGHT RAIN               17        FREEZING RAIN           0
LT FREEZING RAIN          0        HAIL                    0
HEAVY SNOW                0        SNOW                    0
LIGHT SNOW                0        SLEET                   0
FOG                      10        FOG W/VIS <= 1/4 MILE   0
HAZE                      2

-  INDICATES NEGATIVE NUMBERS.
R  INDICATES RECORD WAS SET OR TIED.
MM INDICATES DATA IS MISSING.
T  INDICATES TRACE AMOUNT.

$$
