000
CXUS54 KLCH 020813
CLMARA


CLIMATE REPORT
NATIONAL WEATHER SERVICE LAKE CHARLES, LA
312 AM CDT THU AUG 2 2018

...................................

...THE NEW IBERIA CLIMATE SUMMARY FOR THE MONTH OF JULY 2018...

CLIMATE NORMAL PERIOD 1981 TO 2010
CLIMATE RECORD PERIOD 1948 TO 2018

WEATHER         OBSERVED          NORMAL  DEPART  LAST YEAR`S
                 VALUE   DATE(S)  VALUE   FROM    VALUE  DATE(S)
                                          NORMAL
................................................................
TEMPERATURE (F)
RECORD
 HIGH             102   07/30/2015
 LOW               60   07/15/1967
HIGHEST            98   07/26        MM      MM       97  07/20
LOWEST             72   07/25        MM      MM       71  07/31
                        07/12
AVG. MAXIMUM     92.7              91.4     1.3     91.3
AVG. MINIMUM     75.0              73.9     1.1     74.4
MEAN             83.8              82.7     1.1     82.9
DAYS MAX >= 90     26              22.5     3.5       25
DAYS MAX <= 32      0               0.0     0.0        0
DAYS MIN <= 32      0               0.0     0.0        0
DAYS MIN <= 0       0               0.0     0.0        0

PRECIPITATION (INCHES)
RECORD
 MAXIMUM        17.89   1986
 MINIMUM         1.91   1956
TOTALS           5.42              6.64   -1.22     7.94
DAILY AVG.       0.17              0.21   -0.04     0.26
DAYS >= .01        14                MM      MM       18
DAYS >= .10         9                MM      MM       15
DAYS >= .50         5                MM      MM        8
DAYS >= 1.00        1                MM      MM        2
GREATEST
 24 HR. TOTAL    1.38   07/03 TO 07/03

SNOWFALL (INCHES)
RECORDS
 TOTAL            0.0   5
                        0
                        -26215
TOTALS            0.0                MM      MM      0.0
SINCE 7/1         0.0                MM      MM      0.0
SNOWDEPTH AVG.      0                MM      MM        0
DAYS >= 1.0         0                MM      MM        0
GREATEST
 SNOW DEPTH         0   MM                             0  MM
 24 HR TOTAL      0.0   07/31 TO 07/31

DEGREE_DAYS
HEATING TOTAL       0                 0       0        0
 SINCE 7/1          0                 0       0        0
COOLING TOTAL     570               547      23      559
 SINCE 1/1       1819              1588     231     1763
.................................................................

WIND (MPH)
AVERAGE WIND SPEED              5.1
HIGHEST WIND SPEED/DIRECTION    26/040    DATE  07/03
HIGHEST GUST SPEED/DIRECTION    39/030    DATE  07/03

SKY COVER
POSSIBLE SUNSHINE (PERCENT)   MM
AVERAGE SKY COVER           0.20
NUMBER OF DAYS FAIR           27
NUMBER OF DAYS PC              4
NUMBER OF DAYS CLOUDY          0

AVERAGE RH (PERCENT)     72

WEATHER CONDITIONS. NUMBER OF DAYS WITH
  0
  8
  0
  0
  0
  0
  0
HAZE                      0

-  INDICATES NEGATIVE NUMBERS.
R  INDICATES RECORD WAS SET OR TIED.
MM INDICATES DATA IS MISSING.
T  INDICATES TRACE AMOUNT.

$$
