000
CXUS54 KLCH 010930
CLMARA


CLIMATE REPORT
NATIONAL WEATHER SERVICE LAKE CHARLES, LA
326 AM CST FRI FEB 1 2019

...................................

...THE NEW IBERIA CLIMATE SUMMARY FOR THE MONTH OF JANUARY 2019...

CLIMATE NORMAL PERIOD 1981 TO 2010
CLIMATE RECORD PERIOD 1948 TO 2019

WEATHER         OBSERVED          NORMAL  DEPART  LAST YEAR`S
                 VALUE   DATE(S)  VALUE   FROM    VALUE  DATE(S)
                                          NORMAL
................................................................
TEMPERATURE (F)
RECORD
 HIGH              82   01/29/1999
 LOW                9   01/11/1962
HIGHEST            76   01/08        MM      MM       74  01/21
LOWEST             31   01/25        MM      MM       17  01/17
                        01/24
AVG. MAXIMUM     62.4              62.7    -0.3     57.1
AVG. MINIMUM     41.7              42.9    -1.2     36.5
MEAN             52.1              52.8    -0.7     46.8
DAYS MAX >= 90      0               0.0     0.0        0
DAYS MAX <= 32      0               0.0     0.0        3
DAYS MIN <= 32      2               4.7    -2.7       14
DAYS MIN <= 0       0               0.0     0.0        0

PRECIPITATION (INCHES)
RECORD
 MAXIMUM        12.80   2013
 MINIMUM         0.69   2006
TOTALS           3.30              5.22   -1.92     7.13
DAILY AVG.       0.11              0.17   -0.06     0.23
DAYS >= .01         8                MM      MM       10
DAYS >= .10         6                MM      MM        6
DAYS >= .50         1                MM      MM        2
DAYS >= 1.00        1                MM      MM        1
GREATEST
 24 HR. TOTAL    2.14   01/03 TO 01/03

SNOWFALL (INCHES)
RECORDS
 TOTAL             MM   5
TOTALS            0.0                MM      MM        T
SINCE 7/1         0.0                MM      MM      2.4
SNOWDEPTH AVG.      0                MM      MM        0
DAYS >= 1.0         0                MM      MM        0
GREATEST
 SNOW DEPTH         0   MM                            -1  01/16
 24 HR TOTAL      0.0   01/30 TO 01/30

DEGREE_DAYS
HEATING TOTAL     393               390       3      557
 SINCE 7/1        936               937      -1     1104
COOLING TOTAL       0                12     -12        0
 SINCE 1/1          0                 9      -9        0
.................................................................

WIND (MPH)
AVERAGE WIND SPEED              8.6
HIGHEST WIND SPEED/DIRECTION    35/160    DATE  01/18
HIGHEST GUST SPEED/DIRECTION    46/160    DATE  01/18

SKY COVER
POSSIBLE SUNSHINE (PERCENT)   MM
AVERAGE SKY COVER           0.40
NUMBER OF DAYS FAIR           16
NUMBER OF DAYS PC              4
NUMBER OF DAYS CLOUDY         11

AVERAGE RH (PERCENT)     70

WEATHER CONDITIONS. NUMBER OF DAYS WITH
  0
  6
  0
  0
  0
  0
  1
HAZE                      0

-  INDICATES NEGATIVE NUMBERS.
R  INDICATES RECORD WAS SET OR TIED.
MM INDICATES DATA IS MISSING.
T  INDICATES TRACE AMOUNT.

$$
