000
CXUS43 KLOT 011340
CLMARR


CLIMATE REPORT
NATIONAL WEATHER SERVICE CHICAGO IL
828 AM CDT SUN JUL 1 2018

...................................

...THE AURORA MUNICIPAL AIRPORT CLIMATE SUMMARY FOR THE MONTH OF JUNE 2018...

CLIMATE NORMAL PERIOD 1981 TO 2010
CLIMATE RECORD PERIOD 1998 TO 2018

WEATHER         OBSERVED          NORMAL  DEPART  LAST YEAR`S
                 VALUE   DATE(S)  VALUE   FROM    VALUE
                                          NORMAL
.............................................................
TEMPERATURE (F)
RECORD
 HIGH              98   06/28/2012
 LOW               15   06/09/2007
HIGHEST            93   06/30        MM      MM       95
                        06/29
                        06/18
LOWEST             49   06/04        MM      MM       44
AVG. MAXIMUM     81.5              80.1     1.4     84.2
AVG. MINIMUM     61.8              57.5     4.3     58.6
MEAN             71.6              68.8     2.8     71.4

PRECIPITATION (INCHES)
RECORD
 MAXIMUM         8.96   2014
 MINIMUM         1.09   2012
TOTALS           5.82              4.01    1.81     2.45

DEGREE_DAYS
HEATING TOTAL       3                41     -38       15
 SINCE 7/1       6504              6775    -271     5431
COOLING TOTAL     207               155      52      213
 SINCE 1/1        330               196     134      247
..............................................................

WIND (MPH)
AVERAGE WIND SPEED              8.1
HIGHEST WIND SPEED/DIRECTION    31/260    DATE  06/03
HIGHEST GUST SPEED/DIRECTION    40/270    DATE  06/03

AVERAGE RH (PERCENT)     78


-  INDICATES NEGATIVE NUMBERS.
R  INDICATES RECORD WAS SET OR TIED.
MM INDICATES DATA IS MISSING.
T  INDICATES TRACE AMOUNT.

$$
