000
CXUS51 KBUF 011137
CLMART


CLIMATE REPORT
NATIONAL WEATHER SERVICE BUFFALO NY
731 AM EDT WED AUG 1 2018

...................................

...THE WATERTOWN NY CLIMATE SUMMARY FOR THE MONTH OF JULY 2018...

CLIMATE NORMAL PERIOD 1981 TO 2010
CLIMATE RECORD PERIOD 1949 TO 2018

WEATHER         OBSERVED          NORMAL  DEPART  LAST YEAR`S
                 VALUE   DATE(S)  VALUE   FROM    VALUE  DATE(S)
                                          NORMAL
................................................................
TEMPERATURE (F)
RECORD
 HIGH              99   07/07/2008
 LOW               33   07/02/1962
HIGHEST            91   07/04                         84  07/12
                        07/02
LOWEST             44   07/07                         47  07/30
                                                          07/29
AVG. MAXIMUM     83.4              79.2     4.2     77.3
AVG. MINIMUM     59.9              58.1     1.8     59.3
MEAN             71.6              68.6     3.0     68.3
DAYS MAX >= 90      3               0.6     2.4        0
DAYS MAX <= 32      0               0.0     0.0        0
DAYS MIN <= 32      0               0.0     0.0        0
DAYS MIN <= 0       0               0.0     0.0        0

PRECIPITATION (INCHES)
RECORD
 MAXIMUM         5.58   1995
 MINIMUM         0.30   1963
TOTALS           3.88              2.65    1.23     4.78
DAYS >= .01        11              10.1     0.9       17
DAYS >= .10         6               6.1    -0.1        8
DAYS >= .50         3               1.7     1.3        3
DAYS >= 1.00        1               0.5     0.5        2
GREATEST
 24 HR. TOTAL    2.04   07/17 TO 07/17

DEGREE_DAYS
HEATING TOTAL       6                26     -20       11
 SINCE 7/1          6                26     -20       11
COOLING TOTAL     220               139      81      124
 SINCE 1/1        306               212      94      223
.................................................................

WIND (MPH)
AVERAGE WIND SPEED              6.4
HIGHEST WIND SPEED/DIRECTION    24/350
HIGHEST GUST SPEED/DIRECTION    31/130    DATE  07/22

SKY COVER
POSSIBLE SUNSHINE (PERCENT)   MM
AVERAGE SKY COVER           0.20
NUMBER OF DAYS FAIR           22
NUMBER OF DAYS PC              8
NUMBER OF DAYS CLOUDY          1

AVERAGE RH (PERCENT)     72

WEATHER CONDITIONS. NUMBER OF DAYS WITH
THUNDERSTORM              7     MIXED PRECIP               0
HEAVY RAIN                6     RAIN                       6
LIGHT RAIN               11     FREEZING RAIN              0
LT FREEZING RAIN          0     HAIL                       0
HEAVY SNOW                0     SNOW                       0
LIGHT SNOW                0     SLEET                      0
FOG                      19     FOG W/VIS <= 1/4 MILE      2
HAZE                      5

-  INDICATES NEGATIVE NUMBERS.
R  INDICATES RECORD WAS SET OR TIED.
MM INDICATES DATA IS MISSING.
T  INDICATES TRACE AMOUNT.

$$
