000
CXUS51 KBUF 011143
CLMART


CLIMATE REPORT
NATIONAL WEATHER SERVICE BUFFALO NY
739 AM EDT MON OCT 1 2018

...................................

...THE WATERTOWN NY CLIMATE SUMMARY FOR THE MONTH OF SEPTEMBER 2018...

CLIMATE NORMAL PERIOD 1981 TO 2010
CLIMATE RECORD PERIOD 1949 TO 2018

WEATHER         OBSERVED          NORMAL  DEPART  LAST YEAR`S
                 VALUE   DATE(S)  VALUE   FROM    VALUE  DATE(S)
                                          NORMAL
................................................................
TEMPERATURE (F)
RECORD
 HIGH              96   09/04/1953
 LOW               22   09/30/1991
HIGHEST            92   09/05                         85  09/27
LOWEST             37   09/22                         35  09/30
AVG. MAXIMUM     74.1              70.4     3.7     73.7
AVG. MINIMUM     51.9              48.5     3.4     49.6
MEAN             63.0              59.5     3.5     61.6
DAYS MAX >= 90      1               0.1     0.9        0
DAYS MAX <= 32      0               0.0     0.0        0
DAYS MIN <= 32      0               1.2    -1.2        0
DAYS MIN <= 0       0               0.0     0.0        0

PRECIPITATION (INCHES)
RECORD
 MAXIMUM         7.42   1975
 MINIMUM         0.16   1961
TOTALS           2.42              3.72   -1.30     1.29
DAYS >= .01         8              11.3    -3.3        7
DAYS >= .10         4               7.3    -3.3        4
DAYS >= .50         3               2.4     0.6        1
DAYS >= 1.00        0               0.7    -0.7        0
GREATEST
 24 HR. TOTAL    0.76   09/26 TO 09/26

DEGREE_DAYS
HEATING TOTAL     151               202     -51      147
 SINCE 7/1        164               274    -110      217
COOLING TOTAL      95                35      60       53
 SINCE 1/1        612               359     253      383
.................................................................

WIND (MPH)
AVERAGE WIND SPEED              6.4
HIGHEST WIND SPEED/DIRECTION    28/290
HIGHEST GUST SPEED/DIRECTION    39/160    DATE  09/25

SKY COVER
POSSIBLE SUNSHINE (PERCENT)   MM
AVERAGE SKY COVER           0.30
NUMBER OF DAYS FAIR           15
NUMBER OF DAYS PC             11
NUMBER OF DAYS CLOUDY          4

AVERAGE RH (PERCENT)     78

WEATHER CONDITIONS. NUMBER OF DAYS WITH
THUNDERSTORM              3     MIXED PRECIP               0
HEAVY RAIN                4     RAIN                       6
LIGHT RAIN                8     FREEZING RAIN              0
LT FREEZING RAIN          0     HAIL                       0
HEAVY SNOW                0     SNOW                       0
LIGHT SNOW                0     SLEET                      0
FOG                      20     FOG W/VIS <= 1/4 MILE      9
HAZE                      1

-  INDICATES NEGATIVE NUMBERS.
R  INDICATES RECORD WAS SET OR TIED.
MM INDICATES DATA IS MISSING.
T  INDICATES TRACE AMOUNT.

$$
