000
CXUS55 KGJT 012333
CLMASE

CLIMATE REPORT...CORR TO WEATHER CONDITIONS SECTION
NATIONAL WEATHER SERVICE GRAND JUNCTION CO
646 AM MST SAT DEC 1 2018

...................................

...THE ASPEN CO CLIMATE SUMMARY FOR THE MONTH OF NOVEMBER 2018...

CLIMATE NORMAL PERIOD 1981 TO 2010
CLIMATE RECORD PERIOD 9999 TO 9999

WEATHER         OBSERVED          NORMAL  DEPART  LAST YEAR`S
                 VALUE   DATE(S)  VALUE   FROM    VALUE  DATE(S)
                                          NORMAL
................................................................
TEMPERATURE (F)
HIGHEST            51   11/21        MM      MM       64  11/27
                        11/16                             11/26
                        11/15
LOWEST              0   11/26        MM      MM        8  11/19
AVG. MAXIMUM     40.4              41.4    -1.0     53.5
AVG. MINIMUM     17.4              17.2     0.2     24.8
MEAN             28.9              29.3    -0.4     39.2
DAYS MAX >= 90      0               0.0     0.0        0
DAYS MAX <= 32      3               6.9    -3.9        1
DAYS MIN <= 32     29              29.3    -0.3       27
DAYS MIN <= 0       1               1.6    -0.6        0

PRECIPITATION (INCHES)
TOTALS           0.87              1.37   -0.50     0.16
DAILY AVG.       0.03              0.05   -0.02     0.01
DAYS >= .01        13                MM      MM        1
DAYS >= .10         2                MM      MM        1
DAYS >= .50         0                MM      MM        0
DAYS >= 1.00        0                MM      MM        0
GREATEST
 24 HR. TOTAL    0.28   11/04 TO 11/04              0.16

SNOWFALL (INCHES)
TOTALS             MM                MM      MM       MM
SINCE 7/1          MM                MM      MM       MM
SNOWDEPTH AVG.     MM                MM      MM       MM
DAYS >= 1.0         0                MM      MM       MM
GREATEST
 SNOW DEPTH        MM                                 MM  MM
 24 HR TOTAL       MM                                 MM

DEGREE_DAYS
HEATING TOTAL    1075              1071       4      771
 SINCE 7/1       1957              2326    -369     1773
COOLING TOTAL       0                 0       0        0
 SINCE 1/1        179                39     140      105
.................................................................

WIND (MPH)
AVERAGE WIND SPEED              5.2
HIGHEST WIND SPEED/DIRECTION    31/330    DATE  11/02
HIGHEST GUST SPEED/DIRECTION    60/330    DATE  11/02

SKY COVER
POSSIBLE SUNSHINE (PERCENT)   MM
AVERAGE SKY COVER           0.40
NUMBER OF DAYS FAIR           14
NUMBER OF DAYS PC              8
NUMBER OF DAYS CLOUDY          8

AVERAGE RH (PERCENT)     59

WEATHER CONDITIONS. NUMBER OF DAYS WITH
THUNDERSTORM              1     MIXED PRECIP                0
HEAVY RAIN                0     RAIN                        1
LIGHT RAIN                4     FREEZING RAIN               0
LT FREEZING RAIN          0     HAIL                        0
HEAVY SNOW                2     SNOW                        5
LIGHT SNOW               16     SLEET                       0
FOG                      16     FOG W/VIS <= 1/4 MILE       3
HAZE                      6

-  INDICATES NEGATIVE NUMBERS.
R  INDICATES RECORD WAS SET OR TIED.
MM INDICATES DATA IS MISSING.
T  INDICATES TRACE AMOUNT.

$$
