000
CXUS55 KGJT 042151
CLMASE

CLIMATE REPORT
NATIONAL WEATHER SERVICE GRAND JUNCTION CO
424 AM MDT SAT SEP 1 2018

...................................

...THE ASPEN CO CLIMATE SUMMARY FOR THE MONTH OF AUGUST 2018...

CLIMATE NORMAL PERIOD 1981 TO 2010
CLIMATE RECORD PERIOD 9999 TO 9999

WEATHER         OBSERVED          NORMAL  DEPART  LAST YEAR`S
                 VALUE   DATE(S)  VALUE   FROM    VALUE  DATE(S)
                                          NORMAL
................................................................
TEMPERATURE (F)
HIGHEST            90   08/12        MM      MM       87  08/29
LOWEST             42   08/20        MM      MM       41  08/25
AVG. MAXIMUM     81.0              76.9     4.1     79.4
AVG. MINIMUM     47.9              45.7     2.2     46.6
MEAN             64.4              61.3     3.1     63.0
DAYS MAX >= 90      1               0.0     1.0        0
DAYS MAX <= 32      0               0.0     0.0        0
DAYS MIN <= 32      0               0.0     0.0        0
DAYS MIN <= 0       0               0.0     0.0        0

PRECIPITATION (INCHES)
TOTALS           1.79              1.68    0.11     1.68
DAILY AVG.       0.06              0.05    0.01     0.05
DAYS >= .01         9                MM      MM       13
DAYS >= .10         6                MM      MM        5
DAYS >= .50         0                MM      MM        1
DAYS >= 1.00        0                MM      MM        0
GREATEST
 24 HR. TOTAL    0.43   08/21 TO 08/21              0.51

SNOWFALL (INCHES)
TOTALS             MM                MM      MM       MM
SINCE 7/1          MM                MM      MM       MM
SNOWDEPTH AVG.     MM                MM      MM       MM
DAYS >= 1.0        MM                MM      MM       MM
GREATEST
 SNOW DEPTH        MM                                 MM  MM
 24 HR TOTAL       MM                                 MM

DEGREE_DAYS
HEATING TOTAL      44               125     -81       68
 SINCE 7/1         51               196    -145       84
COOLING TOTAL      34                10      24       14
 SINCE 1/1        178                39     139       96
.................................................................

WIND (MPH)
AVERAGE WIND SPEED              6.6
HIGHEST WIND SPEED/DIRECTION    29/260    DATE  08/14
HIGHEST GUST SPEED/DIRECTION    53/260    DATE  08/14

SKY COVER
POSSIBLE SUNSHINE (PERCENT)   MM
AVERAGE SKY COVER           0.20
NUMBER OF DAYS FAIR           23
NUMBER OF DAYS PC              7
NUMBER OF DAYS CLOUDY          1

AVERAGE RH (PERCENT)     44

WEATHER CONDITIONS. NUMBER OF DAYS WITH
THUNDERSTORM             10     MIXED PRECIP                0
HEAVY RAIN                1     RAIN                        4
LIGHT RAIN               19     FREEZING RAIN               0
LT FREEZING RAIN          0     HAIL                        0
HEAVY SNOW                0     SNOW                        0
LIGHT SNOW                0     SLEET                       0
FOG                       4     FOG W/VIS <= 1/4 MILE       0
HAZE                     14

-  INDICATES NEGATIVE NUMBERS.
R  INDICATES RECORD WAS SET OR TIED.
MM INDICATES DATA IS MISSING.
T  INDICATES TRACE AMOUNT.

$$
