000
CXUS56 KPQR 011547
CLMAST


CLIMATE REPORT
NATIONAL WEATHER SERVICE PORTLAND OREGON
847 AM PDT WED AUG 1 2018

...................................

...THE ASTORIA OR CLIMATE SUMMARY FOR THE MONTH OF JULY 2018...

CLIMATE NORMAL PERIOD 1981 TO 2010
CLIMATE RECORD PERIOD 1892 TO 2018

WEATHER         OBSERVED          NORMAL  DEPART  LAST YEAR`S
                 VALUE   DATE(S)  VALUE   FROM    VALUE  DATE(S)
                                          NORMAL
................................................................
TEMPERATURE (F)
HIGHEST            83                                 77  07/31
LOWEST             49                                 47  07/29
                                                          07/14
                                                          07/04
AVG. MAXIMUM     68.4              67.4     1.0     68.3
AVG. MINIMUM     54.2              53.1     1.1     52.2
MEAN             61.3              60.3     1.0     60.3
DAYS MAX >= 90      0               0.0     0.0        0
DAYS MAX <= 32      0               0.0     0.0        0
DAYS MIN <= 32      0               0.0     0.0        0
DAYS MIN <= 0       0               0.0     0.0        0

PRECIPITATION (INCHES)
RECORD
 MAXIMUM         7.58   1916
 MINIMUM         0.01   1960
                        1896
TOTALS           0.09              1.03   -0.94     0.10
DAYS >= .01         5               8.3    -3.3        2
DAYS >= .10         0               2.7    -2.7        0
DAYS >= .50         0               0.4    -0.4        0
DAYS >= 1.00        0               0.1    -0.1        0
GREATEST
 24 HR. TOTAL    0.04   07/18 TO 07/18

DEGREE_DAYS
HEATING TOTAL     111               150     -39      141
 SINCE 7/1        111               150     -39      141
COOLING TOTAL       5                 3       2        4
 SINCE 1/1          6                 3       3       16
.................................................................

WIND (MPH)
AVERAGE WIND SPEED              7.4
RESULTANT WIND SPEED/DIRECTION   5/284
HIGHEST WIND SPEED/DIRECTION    26/220    DATE  07/06
HIGHEST GUST SPEED/DIRECTION    36/220    DATE  07/06

SKY COVER
POSSIBLE SUNSHINE (PERCENT)   MM
AVERAGE SKY COVER           0.60
NUMBER OF DAYS FAIR            7
NUMBER OF DAYS PC             13
NUMBER OF DAYS CLOUDY         11

AVERAGE RH (PERCENT)     82

WEATHER CONDITIONS. NUMBER OF DAYS WITH
  0
  0
  0
  0
  0
  0
  3
HAZE                      2

-  INDICATES NEGATIVE NUMBERS.
R  INDICATES RECORD WAS SET OR TIED.
MM INDICATES DATA IS MISSING.
T  INDICATES TRACE AMOUNT.

$$
