000
CXUS56 KPQR 011707
CLMAST


CLIMATE REPORT
NATIONAL WEATHER SERVICE PORTLAND OREGON
907 AM PST THU FEB 1 2018

...................................

...THE ASTORIA OR CLIMATE SUMMARY FOR THE MONTH OF JANUARY 2018...

CLIMATE NORMAL PERIOD 1981 TO 2010
CLIMATE RECORD PERIOD 1892 TO 2018

WEATHER         OBSERVED          NORMAL  DEPART  LAST YEAR`S
                 VALUE   DATE(S)  VALUE   FROM    VALUE  DATE(S)
                                          NORMAL
................................................................
TEMPERATURE (F)
HIGHEST            64                                 57  01/18
                                                          01/17
LOWEST             33                                 22  01/06
                                                          01/05
AVG. MAXIMUM     52.4              49.8     2.6     45.9
AVG. MINIMUM     42.3              37.7     4.6     34.0
MEAN             47.3              43.8     3.5     39.9
DAYS MAX >= 90      0               0.0     0.0        0
DAYS MAX <= 32      0               0.1    -0.1        0
DAYS MIN <= 32      0               6.3    -6.3       10
DAYS MIN <= 0       0               0.0     0.0        0

PRECIPITATION (INCHES)
RECORD
 MAXIMUM        24.10   2006
 MINIMUM         0.69   1985
TOTALS          11.36             10.20    1.16     5.81
DAYS >= .01        27              21.4     5.6       14
DAYS >= .10        22              16.6     5.4        9
DAYS >= .50        10               7.6     2.4        3
DAYS >= 1.00        2               2.5    -0.5        2
GREATEST
 24 HR. TOTAL    1.44   01/11 TO 01/11

DEGREE_DAYS
HEATING TOTAL     538               659    -121      770
 SINCE 7/1       2524              2765    -241     2368
COOLING TOTAL       0                 0       0        0
 SINCE 1/1          0                 0       0        0
.................................................................

WIND (MPH)
AVERAGE WIND SPEED              8.8
RESULTANT WIND SPEED/DIRECTION   4/161
HIGHEST WIND SPEED/DIRECTION    36/200    DATE  01/27
HIGHEST GUST SPEED/DIRECTION    54/200    DATE  01/17

SKY COVER
POSSIBLE SUNSHINE (PERCENT)   MM
AVERAGE SKY COVER           0.70
NUMBER OF DAYS FAIR            7
NUMBER OF DAYS PC              7
NUMBER OF DAYS CLOUDY         17

AVERAGE RH (PERCENT)     82

WEATHER CONDITIONS. NUMBER OF DAYS WITH
THUNDERSTORM              0     MIXED PRECIP               0
HEAVY RAIN                7     RAIN                      14
LIGHT RAIN               27     FREEZING RAIN              0
LT FREEZING RAIN          0     HAIL                       0
HEAVY SNOW                0     SNOW                       0
LIGHT SNOW                2     SLEET                      0
FOG                      26     FOG W/VIS <= 1/4 MILE      0
HAZE                      6

-  INDICATES NEGATIVE NUMBERS.
R  INDICATES RECORD WAS SET OR TIED.
MM INDICATES DATA IS MISSING.
T  INDICATES TRACE AMOUNT.

$$
