000
CXUS56 KPQR 011736
CLMAST


CLIMATE REPORT
NATIONAL WEATHER SERVICE PORTLAND OREGON
1036 AM PDT THU NOV 1 2018

...................................

...THE ASTORIA OR CLIMATE SUMMARY FOR THE MONTH OF OCTOBER 2018...

CLIMATE NORMAL PERIOD 1981 TO 2010
CLIMATE RECORD PERIOD 1892 TO 2018

WEATHER         OBSERVED          NORMAL  DEPART  LAST YEAR`S
                 VALUE   DATE(S)  VALUE   FROM    VALUE  DATE(S)
                                          NORMAL
................................................................
TEMPERATURE (F)
HIGHEST            77                                 71  10/27
                                                          10/24
                                                          10/04
LOWEST             35                                 33  10/14
AVG. MAXIMUM     61.9              60.9     1.0     61.6
AVG. MINIMUM     45.1              44.2     0.9     42.2
MEAN             53.5              52.6     0.9     51.9
DAYS MAX >= 90      0               0.0     0.0        0
DAYS MAX <= 32      0               0.0     0.0        0
DAYS MIN <= 32      0               0.5    -0.5        0
DAYS MIN <= 0       0               0.0     0.0        0

PRECIPITATION (INCHES)
RECORD
 MAXIMUM        17.79   1950
 MINIMUM         0.23   1895
TOTALS           8.05              5.98    2.07     8.94
DAYS >= .01        15              15.9    -0.9       15
DAYS >= .10        10              10.8    -0.8       12
DAYS >= .50         7               3.9     3.1        5
DAYS >= 1.00        3               1.5     1.5        3
GREATEST
 24 HR. TOTAL    1.52   10/25 TO 10/25

DEGREE_DAYS
HEATING TOTAL     345               386     -41      396
 SINCE 7/1        755               867    -112      780
COOLING TOTAL       0                 0       0        0
 SINCE 1/1         14                12       2       55
.................................................................

WIND (MPH)
AVERAGE WIND SPEED              6.4
RESULTANT WIND SPEED/DIRECTION   1/140
HIGHEST WIND SPEED/DIRECTION    29/190    DATE  10/27
HIGHEST GUST SPEED/DIRECTION    43/190    DATE  10/26

SKY COVER
POSSIBLE SUNSHINE (PERCENT)   MM
AVERAGE SKY COVER           0.50
NUMBER OF DAYS FAIR            8
NUMBER OF DAYS PC             14
NUMBER OF DAYS CLOUDY          9

AVERAGE RH (PERCENT)     84

WEATHER CONDITIONS. NUMBER OF DAYS WITH
  0
 11
  0
  0
  0
  0
  8
HAZE                      2

-  INDICATES NEGATIVE NUMBERS.
R  INDICATES RECORD WAS SET OR TIED.
MM INDICATES DATA IS MISSING.
T  INDICATES TRACE AMOUNT.

$$
