000
CXUS53 KDLH 020351 CCA
CLMASX


CLIMATE REPORT...CORRECTED
NATIONAL WEATHER SERVICE DULUTH MN
1051 PM CDT MON OCT 1 2018

...................................

...THE ASHLAND CLIMATE SUMMARY FOR THE MONTH OF SEPTEMBER 2018...

CLIMATE NORMAL PERIOD 1981 TO 2010
CLIMATE RECORD PERIOD 1893 TO 2018

WEATHER         OBSERVED          NORMAL  DEPART  LAST YEAR`S
                 VALUE   DATE(S)  VALUE   FROM    VALUE  DATE(S)
                                          NORMAL
................................................................
TEMPERATURE (F)
RECORD
 HIGH             100   09/07/1976
 LOW               12   09/28/1893
HIGHEST            87   09/16        MM      MM       91  09/23
LOWEST             31   09/29        MM      MM       33  09/30
AVG. MAXIMUM     68.6              68.4     0.2     73.4
AVG. MINIMUM     49.1              45.0     4.1     47.5
MEAN             58.9              56.7     2.2     60.4
DAYS MAX >= 90      0                MM      MM        1
DAYS MAX <= 32      0                MM      MM        0
DAYS MIN <= 32      1                MM      MM        0
DAYS MIN <= 0       0                MM      MM        0

PRECIPITATION (INCHES)
RECORD
 MAXIMUM        10.00   1985
 MINIMUM         0.09   1952
TOTALS           4.26              3.85    0.41     3.00
DAILY AVG.       0.14              0.13    0.01     0.10
DAYS >= .01        12                MM      MM       13
DAYS >= .10         8                MM      MM        7
DAYS >= .50         4                MM      MM        2
DAYS >= 1.00        2                MM      MM        1
GREATEST
 24 HR. TOTAL    1.20   09/02 TO 09/02

DEGREE_DAYS
HEATING TOTAL     223               270     -47      183
 SINCE 7/1        293               407    -114      366
COOLING TOTAL      48                21      27       53
 SINCE 1/1        337               237     100      162
.................................................................

WIND (MPH)
AVERAGE WIND SPEED              7.5
HIGHEST WIND SPEED/DIRECTION    33/220    DATE  09/02
HIGHEST GUST SPEED/DIRECTION    48/200    DATE  09/02

SKY COVER
POSSIBLE SUNSHINE (PERCENT)   MM
AVERAGE SKY COVER           0.50
NUMBER OF DAYS FAIR           13
NUMBER OF DAYS PC              7
NUMBER OF DAYS CLOUDY         10

AVERAGE RH (PERCENT)     80

WEATHER CONDITIONS. NUMBER OF DAYS WITH
THUNDERSTORM              4     MIXED PRECIP                0
HEAVY RAIN                8     RAIN                        8
LIGHT RAIN               13     FREEZING RAIN               0
LT FREEZING RAIN          0     HAIL                        0
HEAVY SNOW                0     SNOW                        0
LIGHT SNOW                0     SLEET                       0
FOG                      23     FOG W/VIS <= 1/4 MILE       6
HAZE                      3

-  INDICATES NEGATIVE NUMBERS.
R  INDICATES RECORD WAS SET OR TIED.
MM INDICATES DATA IS MISSING.
T  INDICATES TRACE AMOUNT.

$$

.SEPTEMBER 2018 WAS WARMER THAN NORMAL WITH ABOVE NORMAL
PRECIPITATION AT ASHLAND WI...

THE AVERAGE TEMPERATURE FOR SEPTEMBER WAS 58.9 DEGREES WHICH WAS 2.2
DEGREES ABOVE THE NORMAL OF 56.7 DEGREES. THE HIGHEST TEMPERATURE
FOR THE MONTH WAS 87 DEGREES ON THE 16TH. THE LOWEST TEMPERATURE WAS
31 DEGREES ON THE 29TH. NO DAILY TEMPERATURE RECORDS WERE BROKEN FOR
THE MONTH. SIXTEEN DAYS HAD AVERAGE TEMPERATURES BELOW NORMAL.

SEPTEMBER 2018 WAS ABOVE NORMAL FOR PRECIPITATION WITH A TOTAL OF
4.26 INCHES OF PRECIPITATION RECORDED FOR THE MONTH. THIS WAS 0.41
INCHES ABOVE THE NORMAL OF 3.85 INCHES. THE GREATEST AMOUNT OF
PRECIPITATION IN A 24 HOUR PERIOD OCCURRED ON THE 2ND WHEN 1.20
INCHES WAS RECORDED. AT LEAST A TRACE OF PRECIPITATION WAS RECORDED
ON 13 DAYS. AT LEAST 0.01 INCHES FELL ON 12 DAYS. AT LEAST 0.10
INCHES FELL ON 8 DAYS. AT LEAST 0.50 INCHES FELL ON 4 DAYS. AT LEAST
1 INCH FELL ON 2 DAYS. NO DAILY PRECIPITATION RECORDS WERE BROKEN
FOR THE MONTH.

THE AVERAGE WIND SPEED FOR THE MONTH WAS 7.5 MPH. THE WINDIEST DAY
FOR THE MONTH WAS ON THE 21ST WITH AN AVERAGE WIND OF 13.3 MPH. THE
HIGHEST SUSTAINED WIND OCCURRED ON THE 2ND WITH A SPEED OF 33 MPH
OUT OF THE SOUTHWEST. A PEAK GUST OF 48 MPH WAS RECORDED ON THE 2ND.

THERE WERE 223 HEATING DEGREE DAYS FOR THE MONTH WHICH WAS 47 BELOW
THE NORMAL OF 270. THIS BRINGS THE SEASONAL TOTAL TO 293 WHICH WAS
114 BELOW THE NORMAL OF 407. THERE WERE 48 COOLING DEGREE DAYS FOR
THE MONTH WHICH WAS 27 ABOVE THE NORMAL OF 21. THIS BRINGS THE
SEASONAL TOTAL TO 337 WHICH WAS 100 ABOVE THE NORMAL OF 237.

THE OUTLOOK FOR OCTOBER...NORMAL HIGHS BEGIN THE MONTH IN THE LOW
60S AND COOL TO THE UPPER 40S BY THE END OF THE MONTH. NORMAL LOWS
BEGIN THE MONTH IN THE UPPER 30S AND COOL TO THE LOW 30S BY THE END
OF THE MONTH. THE LATEST CLIMATE PREDICTION CENTER OUTLOOK
INDICATES THAT ODDS ARE TILTED TOWARD BELOW NORMAL TEMPERATURES
AND ABOVE NORMAL PRECIPITATION.

$$

WL
