000
CXUS53 KABR 011905
CLMATY


CLIMATE REPORT
NATIONAL WEATHER SERVICE ABERDEEN SD
1247 PM CST SAT DEC 1 2018

...................................

...THE WATERTOWN SD CLIMATE SUMMARY FOR THE MONTH OF NOVEMBER 2018...

CLIMATE NORMAL PERIOD 1981 TO 2010
CLIMATE RECORD PERIOD 1898 TO 2018

WEATHER         OBSERVED          NORMAL  DEPART  LAST YEAR`S
                 VALUE   DATE(S)  VALUE   FROM    VALUE  DATE(S)
                                          NORMAL
................................................................
TEMPERATURE (F)
RECORD
 HIGH              77   11/08/1999
                        11/08/1931
 LOW              -20   11/30/1964
HIGHEST            53   11/14                         60  11/27
                        11/01
LOWEST             -6   11/17                          8  11/22
AVG. MAXIMUM     32.2              39.0    -6.8     41.2
AVG. MINIMUM     16.0              20.6    -4.6     20.9
MEAN             24.1              29.8    -5.7     31.0
DAYS MAX >= 90      0               0.0     0.0        0
DAYS MAX <= 32     16               9.3     6.7        8
DAYS MIN <= 32     26              26.3    -0.3       28
DAYS MIN <= 0       4               1.3     2.7        0

PRECIPITATION (INCHES)
RECORD
 MAXIMUM         3.11   1983
 MINIMUM         0.00   1907
TOTALS           0.85              0.76    0.09     0.08
DAYS >= .01         7               5.9     1.1        2
DAYS >= .10         3               2.2     0.8        0
DAYS >= .50         0               0.3    -0.3        0
DAYS >= 1.00        0               0.0     0.0        0

SNOWFALL (INCHES)
RECORDS
 TOTAL           23.3   1947
 SNOW DEPTH        13   11/24/2003
                        11/23/2003
TOTALS            4.9               4.9     0.0      1.9
SINCE 7/1         4.9               6.6    -1.7      1.9
SNOWDEPTH AVG.      1                MM      MM        0
DAYS >= TRACE      15               3.6    11.4        7
DAYS >= 1.0         1               1.5    -0.5        1
GREATEST
 SNOW DEPTH         4   11/18                          2  11/04
                        11/17

DEGREE_DAYS
HEATING TOTAL    1219              1056     163     1012
 SINCE 7/1       2164              1940     224     1765
COOLING TOTAL       0                 0       0        0
 SINCE 1/1        655               515     140      440

FREEZE DATES
RECORD
 EARLIEST     MM
 LATEST       MM
EARLIEST                        MM
LATEST                          MM
.................................................................

WIND (MPH)
AVERAGE WIND SPEED              10.6
RESULTANT WIND SPEED/DIRECTION   2/322
HIGHEST WIND SPEED/DIRECTION    28/350    DATE  11/25
HIGHEST GUST SPEED/DIRECTION    41/280    DATE  11/06

SKY COVER
POSSIBLE SUNSHINE (PERCENT)   MM
AVERAGE SKY COVER           0.70
NUMBER OF DAYS FAIR            6
NUMBER OF DAYS PC              9
NUMBER OF DAYS CLOUDY         15

AVERAGE RH (PERCENT)     84

-  INDICATES NEGATIVE NUMBERS.
R  INDICATES RECORD WAS SET OR TIED.
MM INDICATES DATA IS MISSING.
T  INDICATES TRACE AMOUNT.

$$
