000
CXUS54 KEWX 072042
CLMAUS

SATCLMAUS 000
TTAA00 KEWX 011917

CLIMATE REPORT
NATIONAL WEATHER SERVICE AUSTIN/SAN ANTONIO, TX
340 PM CDT TUE AUG 7 2018

...............................................................

THE AUSTIN BERGSTROM CLIMATE SUMMARY FOR THE MONTH OF JULY 2018

CLIMATE NORMAL PERIOD 1981 TO 2010
CLIMATE RECORD PERIOD 1943 TO 2018

WEATHER         OBSERVED          NORMAL  DEPART  LAST YEAR`S
                 VALUE   DATE(S)  VALUE   FROM    VALUE  DATE(S)
                                          NORMAL
................................................................
TEMPERATURE (F)
HIGHEST           109R  07/23                        106  07/29
LOWEST             67   07/28                         70  07/27
                                                          07/16
AVG. MAXIMUM     99.4              95.2     4.2     99.6
AVG. MINIMUM     73.1              71.7     1.4     74.1
MEAN             86.2              83.4     2.8     86.9
DAYS MAX >= 90     30                                 31
DAYS MAX <= 32      0                                  0
DAYS MIN <= 32      0                                  0
DAYS MIN <= 0       0                                  0

PRECIPITATION (INCHES)
TOTALS           1.26              2.44   -1.18     1.06
DAILY AVG.       0.04              0.08   -0.04     0.03
DAYS >= .01         3                                  3
DAYS >= .10         3                                  3
DAYS >= .50         1                                  1
DAYS >= 1.00        0                                  0
GREATEST
 24 HR. TOTAL    0.63   07/04 TO 07/04

SNOWFALL (INCHES)
TOTALS            0.0                MM      MM      0.0
SINCE 7/1         0.0                MM      MM      0.0

DEGREE_DAYS
HEATING TOTAL       0                 0       0        0
 SINCE 7/1          0                 0       0        0
COOLING TOTAL     662               572      90      685
 SINCE 1/1       1957              1560     397     2031
.................................................................

WIND (MPH)
AVERAGE WIND SPEED              7.6
HIGHEST WIND SPEED/DIRECTION    43/350    DATE  07/04
HIGHEST GUST SPEED/DIRECTION    54/350    DATE  07/04

SKY COVER
POSSIBLE SUNSHINE (PERCENT)   MM
AVERAGE SKY COVER           0.40
NUMBER OF DAYS FAIR           14
NUMBER OF DAYS PC             15
NUMBER OF DAYS CLOUDY          2

AVERAGE RH (PERCENT)     64

WEATHER CONDITIONS. NUMBER OF DAYS WITH
THUNDERSTORM              5    MIXED PRECIP             0
HEAVY RAIN                0    RAIN                     2
LIGHT RAIN                5    FREEZING RAIN            0
LT FREEZING RAIN          0    HAIL                     0
HEAVY SNOW                0    SNOW                     0
LIGHT SNOW                0    SLEET                    0
FOG                       14   FOG W/VIS <= 1/4 MILE    0
HAZE                      1

-  INDICATES NEGATIVE NUMBERS.
R  INDICATES RECORD WAS SET OR TIED.
MM INDICATES DATA IS MISSING.
T  INDICATES TRACE AMOUNT.

&&

MONTHLY CLIMATE SUMMARY:
JULY 2018 WAS THE 14TH WARMEST AND THE 35TH WETTEST JULY
SINCE RECORD KEEPING BEGAN.

SEA LEVEL PRESSURE DATA:
HIGHEST SLP 30.17 ON THE 9TH
LOWEST SLP 29.75 ON THE 23RD

REMARKS:
JULY 23RD (HIGH TEMPERATURE OF 109 DEGREES) WAS THE HOTTEST
JULY DAY ON RECORD (PERIOD OF RECORD BEGAN ON 10/17/1942) FOR
AUSTIN BERGSTROM CLIMATE SITE. IT ALSO TIED FOR THE 4TH HOTTEST
DAY EVER RECORDED FOR THE AUSTIN AREA CLIMATE SITE.

PRELIMINARY LOCAL CLIMATOLOGICAL DATA (WS FORM: F-6)

                                          STATION:   AUSTIN BERGSTROM
                                          MONTH:     JULY
                                          YEAR:      2018
                                          LATITUDE:   30 13 N
                                          LONGITUDE:  97 40 W

  TEMPERATURE IN F:       :PCPN:    SNOW:  WIND      :SUNSHINE: SKY     :PK WND
================================================================================
1   2   3   4   5  6A  6B    7    8   9   10  11  12  13   14  15   16   17  18
                                     12Z  AVG MX 2MIN
DY MAX MIN AVG DEP HDD CDD  WTR  SNW DPTH SPD SPD DIR MIN PSBL S-S WX    SPD DR
================================================================================

 1 103  76  90   8   0  25 0.00  0.0    0 12.2 21 140   M    M   3        25 130
 2 101  73  87   4   0  22 0.00  0.0    0  9.5 16 150   M    M   2 1      24 130
 3 102  74  88   5   0  23 0.00  0.0    0  8.1 16 190   M    M   3        20 190
 4  98  72  85   2   0  20 0.63  0.0    0  6.4 43 350   M    M   8 13     54 350
 5  93  71  82  -1   0  17 0.00  0.0    0  6.9 16  60   M    M   6 1      20  70
 6  96  73  85   2   0  20 0.21  0.0    0  7.1 17  70   M    M   7 13     23  30
 7  94  72  83   0   0  18    T  0.0    0  5.8 32  40   M    M   7 13     39  40
 8  95  71  83   0   0  18 0.00  0.0    0  5.4 22 150   M    M   5 13     27 150
 9  85  71  78  -5   0  13 0.42  0.0    0  3.4 13 230   M    M   8 13     16 230
10  95  70  83   0   0  18 0.00  0.0    0  5.5 14 190   M    M   5 1      21 240
11  96  72  84   1   0  19 0.00  0.0    0  5.7 14 210   M    M   2 1      18 180
12  97  73  85   2   0  20 0.00  0.0    0  8.0 15 170   M    M   3        22 220
13  96  74  85   2   0  20 0.00  0.0    0  9.5 18 150   M    M   5        24 150
14  98  74  86   3   0  21 0.00  0.0    0 10.1 21 180   M    M   3        25 210
15  98  75  87   4   0  22 0.00  0.0    0 10.3 20 190   M    M   4        26 180
16  99  74  87   3   0  22 0.00  0.0    0  9.7 18 180   M    M   2 1      23 180
17 100  73  87   3   0  22 0.00  0.0    0  8.2 17 180   M    M   3        23 190
18 102  74  88   4   0  23 0.00  0.0    0  9.6 20 180   M    M   2 1      25 180
19 104  76  90   6   0  25 0.00  0.0    0  9.8 17 180   M    M   2 1      21 180
20 104  75  90   6   0  25 0.00  0.0    0  9.5 18 210   M    M   2        25 210
21 103  69  86   2   0  21 0.00  0.0    0  9.0 17 180   M    M   4 1      22 190
22 105  75  90   6   0  25 0.00  0.0    0  7.9 16 190   M    M   4 1      23 200
23 109  75  92   8   0  27 0.00  0.0    0  6.1 13 210   M    M   5        18 230
24 102  78  90   6   0  25    T  0.0    0  8.2 20  80   M    M   7        24  70
25 101  74  88   4   0  23 0.00  0.0    0  3.9 12 150   M    M   4        15 110
26 100  70  85   1   0  20 0.00  0.0    0  4.9 15 110   M    M   4        21  40
27 102  68  85   1   0  20 0.00  0.0    0  6.7 20 100   M    M   3        26  90
28 101  67  84   0   0  19 0.00  0.0    0  6.9 15 190   M    M   2        22 180
29 102  74  88   4   0  23 0.00  0.0    0  7.8 15 180   M    M   3        22 190
30 101  77  89   5   0  24    T  0.0    0  7.4 15  40   M    M   4        22  40
31  98  76  87   3   0  22 0.00  0.0    0  6.7 18  70   M    M   6        24  70
================================================================================
SM 3080 2266         0 662  1.26     0.0 236.2          M      128
================================================================================
AV 99.4 73.1                               7.6 FASTST   M    M   4    MAX(MPH)
                                 MISC ---->  # 43 350               # 54  350
================================================================================
NOTES:
# LAST OF SEVERAL OCCURRENCES

COLUMN 17 PEAK WIND IN M.P.H.

SYMBOLS USED IN COLUMN 16:
1 = FOG OR MIST
2 = FOG REDUCING VISIBILITY TO 1/4 MILE OR LESS
3 = THUNDER
4 = ICE PELLETS
5 = HAIL
6 = FREEZING RAIN OR DRIZZLE
7 = DUSTSTORM OR SANDSTORM
8 = SMOKE OR HAZE
9 = BLOWING SNOW
X = TORNADO

$$
