000
CXUS53 KGRB 010800
CLMAUW


CLIMATE REPORT
NATIONAL WEATHER SERVICE GREEN BAY
259 AM CDT SUN APR 1 2018

...................................

...THE WAUSAU WI CLIMATE SUMMARY FOR THE MONTH OF MARCH 2018...

CLIMATE NORMAL PERIOD 1981 TO 2010
CLIMATE RECORD PERIOD 1896 TO 2018

WEATHER         OBSERVED          NORMAL  DEPART  LAST YEAR`S
                 VALUE   DATE(S)  VALUE   FROM    VALUE  DATE(S)
                                          NORMAL
................................................................
TEMPERATURE (F)
RECORD
 HIGH              80   03/30/1910
                        03/29/1910
 LOW              -24   03/05/1917
HIGHEST            52   03/28        61      -9       59  03/28
LOWEST              7   03/10        -2       9        3  03/03
AVG. MAXIMUM     37.6              39.5    -1.9     38.0
AVG. MINIMUM     19.2              20.5    -1.3     21.3
MEAN             28.4              30.0    -1.6     29.7
DAYS MAX >= 90      0               0.0     0.0        0
DAYS MAX <= 32      7               7.1    -0.1        8
DAYS MIN <= 32     31              26.8     4.2       28
DAYS MIN <= 0       0               1.9    -1.9        0

PRECIPITATION (INCHES)
RECORD
 MAXIMUM         4.95   2016
 MINIMUM         0.05   1960
TOTALS           1.63              1.76   -0.13     2.18
DAILY AVG.       0.05              0.06   -0.01     0.07
DAYS >= .01         6               9.2    -3.2       10
DAYS >= .10         4               4.7    -0.7        5
DAYS >= .50         2               0.9     1.1
DAYS >= 1.00        0               0.2    -0.2        0
GREATEST
 STORM TOTAL       MM
 (MM/DD(HH))            MM

SNOWFALL (INCHES)
RECORDS
 TOTAL           36.2   1956
 24 HR TOTAL      7.0   03/23/2016 TO 03/23/2016
TOTALS           12.2              10.0     2.2      5.0
SINCE 7/1        54.7              55.3    -0.6     58.8
DAYS >= TRACE       5               6.2    -1.2
DAYS >= 1.0         3               2.9     0.1        2
GREATEST
 SNOW DEPTH         9   03/06                          3  03/02
                        03/02                             03/01
                        03/01
 24 HR TOTAL      6.0   03/31 TO 03/31

DEGREE_DAYS
HEATING TOTAL    1126              1085      41     1085
 SINCE 7/1       7214              7221      -7     6311
COOLING TOTAL       0                 0       0        0
 SINCE 1/1          0                 0       0        0
.................................................................

WIND (MPH)
AVERAGE WIND SPEED              7.6
HIGHEST WIND SPEED/DIRECTION    30/100    DATE  03/05
HIGHEST GUST SPEED/DIRECTION    37/060    DATE  03/05

SKY COVER
POSSIBLE SUNSHINE (PERCENT)   MM
AVERAGE SKY COVER           0.40
NUMBER OF DAYS FAIR           14
NUMBER OF DAYS PC             12
NUMBER OF DAYS CLOUDY          5

AVERAGE RH (PERCENT)     62

WEATHER CONDITIONS. NUMBER OF DAYS WITH
THUNDERSTORM              0     MIXED PRECIP               0
HEAVY RAIN                0     RAIN                       1
LIGHT RAIN                2     FREEZING RAIN              0
LT FREEZING RAIN          0     HAIL                       0
HEAVY SNOW                1     SNOW                       3
LIGHT SNOW                6     SLEET                      0
FOG                       9     FOG W/VIS <= 1/4 MILE      3
HAZE                      4

-  INDICATES NEGATIVE NUMBERS.
R  INDICATES RECORD WAS SET OR TIED.
MM INDICATES DATA IS MISSING.
T  INDICATES TRACE AMOUNT.

$$
