000
CXUS53 KGRB 010633
CLMAUW


CLIMATE REPORT
NATIONAL WEATHER SERVICE GREEN BAY
1233 AM CST TUE JAN 1 2019

...................................

...THE WAUSAU WI CLIMATE SUMMARY FOR THE MONTH OF DECEMBER 2018...

CLIMATE NORMAL PERIOD 1981 TO 2010
CLIMATE RECORD PERIOD 1896 TO 2018

WEATHER         OBSERVED          NORMAL  DEPART  LAST YEAR`S
                 VALUE   DATE(S)  VALUE   FROM    VALUE  DATE(S)
                                          NORMAL
................................................................
TEMPERATURE (F)
RECORD
 HIGH              61   12/05/2001
                        12/02/1982
 LOW              -31   12/31/1946
HIGHEST            43   12/28        43       0       55  12/04
                        12/15
LOWEST              2   12/07       -13      15      -16  12/27
                                                          12/26
AVG. MAXIMUM     30.2              26.5     3.7     22.0
AVG. MINIMUM     18.6              11.4     7.2      8.8
MEAN             24.4              19.0     5.4     15.4
DAYS MAX >= 90      0               0.0     0.0        0
DAYS MAX <= 32     21              21.3    -0.3       24
DAYS MIN <= 32     31              30.0     1.0       30
DAYS MIN <= 0       0               6.7    -6.7        7

PRECIPITATION (INCHES)
RECORD
 MAXIMUM         4.94   2015
 MINIMUM         0.10   1958
TOTALS           1.31              1.36   -0.05     1.16
DAILY AVG.       0.04              0.04    0.00     0.04
DAYS >= .01         6              10.1    -4.1       14
DAYS >= .10         2               3.8    -1.8        2
DAYS >= .50         1               0.5     0.5
DAYS >= 1.00        0               0.1    -0.1        0
GREATEST
 STORM TOTAL       MM
 (MM/DD(HH))            MM

SNOWFALL (INCHES)
RECORDS
 TOTAL           37.6   2008
 24 HR TOTAL     12.8   MM
TOTALS            7.0              13.9    -6.9      9.6
SINCE 7/1        13.6              22.2    -8.6     17.9
DAYS >= TRACE      11              10.0     1.0
DAYS >= 1.0         4               4.3    -0.3        3
GREATEST
 SNOW DEPTH         3   12/04                          5  12/31
                        12/03                             12/30
                        12/02                             12/29
 24 HR TOTAL      2.5   12/27 TO 12/27

DEGREE_DAYS
HEATING TOTAL    1250              1427    -177     1530
 SINCE 7/1       3284              3286      -2     3215
COOLING TOTAL       0                 0       0        0
 SINCE 1/1        628               407     221      339
.................................................................

WIND (MPH)
AVERAGE WIND SPEED              7.3
HIGHEST WIND SPEED/DIRECTION    24/130    DATE  12/27
HIGHEST GUST SPEED/DIRECTION    34/120    DATE  12/27

SKY COVER
POSSIBLE SUNSHINE (PERCENT)   MM
AVERAGE SKY COVER           0.70
NUMBER OF DAYS FAIR            4
NUMBER OF DAYS PC              7
NUMBER OF DAYS CLOUDY         20

AVERAGE RH (PERCENT)     78

WEATHER CONDITIONS. NUMBER OF DAYS WITH
  0
  1
  0
  0
  2
  0
  5
HAZE                     10

-  INDICATES NEGATIVE NUMBERS.
R  INDICATES RECORD WAS SET OR TIED.
MM INDICATES DATA IS MISSING.
T  INDICATES TRACE AMOUNT.

$$
