000
CXUS53 KGRB 010917
CLMAUW


CLIMATE REPORT
NATIONAL WEATHER SERVICE GREEN BAY
405 AM CDT SUN JUL 1 2018

...................................

...THE WAUSAU WI CLIMATE SUMMARY FOR THE MONTH OF JUNE 2018...

CLIMATE NORMAL PERIOD 1981 TO 2010
CLIMATE RECORD PERIOD 1896 TO 2018

WEATHER         OBSERVED          NORMAL  DEPART  LAST YEAR`S
                 VALUE   DATE(S)  VALUE   FROM    VALUE  DATE(S)
                                          NORMAL
................................................................
TEMPERATURE (F)
RECORD
 HIGH             100   06/27/1933
                        06/30/1931
                        06/29/1931
 LOW               30   06/07/1924
HIGHEST            95   06/29        90       5       88  06/10
LOWEST             48   06/06        41       7       40  06/01
                        06/04
AVG. MAXIMUM     78.0              75.8     2.2     76.4
AVG. MINIMUM     57.0              53.9     3.1     54.8
MEAN             67.5              64.9     2.6     65.6
DAYS MAX >= 90      3               1.1     1.9        0
DAYS MAX <= 32      0               0.0     0.0        0
DAYS MIN <= 32      0               0.0     0.0        0
DAYS MIN <= 0       0               0.0     0.0        0

PRECIPITATION (INCHES)
RECORD
 MAXIMUM         9.61   1930
 MINIMUM         0.52   1976
TOTALS           5.07              4.31    0.76     5.34
DAILY AVG.       0.17              0.14    0.03     0.18
DAYS >= .01         9              12.2    -3.2       14
DAYS >= .10         6               7.5    -1.5       11
DAYS >= .50         3               2.8     0.2
DAYS >= 1.00        1               1.0     0.0        1
GREATEST
 STORM TOTAL       MM
 (MM/DD(HH))            MM

SNOWFALL (INCHES)
RECORDS
 TOTAL            0.0   MM
 24 HR TOTAL        T   MM
TOTALS            0.0               0.0     0.0      0.0
SINCE 7/1        89.2              59.6    29.6     60.5
DAYS >= TRACE       0               0.0     0.0
DAYS >= 1.0         0               0.0     0.0        0
GREATEST
 SNOW DEPTH         0   MM                             0  MM
 24 HR TOTAL      0.0   06/30 TO 06/30

DEGREE_DAYS
HEATING TOTAL      30                89     -59       54
 SINCE 7/1       8323              8249      74     7267
COOLING TOTAL     111                85      26       79
 SINCE 1/1        196               104      92       80
.................................................................

WIND (MPH)
AVERAGE WIND SPEED              8.0
HIGHEST WIND SPEED/DIRECTION    32/150    DATE  06/15
HIGHEST GUST SPEED/DIRECTION    43/230    DATE  06/30

SKY COVER
POSSIBLE SUNSHINE (PERCENT)   MM
AVERAGE SKY COVER           0.30
NUMBER OF DAYS FAIR           18
NUMBER OF DAYS PC              9
NUMBER OF DAYS CLOUDY          3

AVERAGE RH (PERCENT)     72

WEATHER CONDITIONS. NUMBER OF DAYS WITH
THUNDERSTORM              4         MIXED PRECIP                0
HEAVY RAIN                5         RAIN                        4
LIGHT RAIN               11         FREEZING RAIN               0
LT FREEZING RAIN          0         HAIL                        0
HEAVY SNOW                0         SNOW                        0
LIGHT SNOW                0         SLEET                       0
FOG                      13         FOG W/VIS <= 1/4 MILE       0
-  INDICATES NEGATIVE NUMBERS.
R  INDICATES RECORD WAS SET OR TIED.
MM INDICATES DATA IS MISSING.
T  INDICATES TRACE AMOUNT.

$$
