459
CXUS53 KGRB 010756
CLMAUW


CLIMATE REPORT
NATIONAL WEATHER SERVICE GREEN BAY
238 AM CDT MON OCT 1 2018

...................................

...THE WAUSAU WI CLIMATE SUMMARY FOR THE MONTH OF SEPTEMBER 2018...

CLIMATE NORMAL PERIOD 1981 TO 2010
CLIMATE RECORD PERIOD 1896 TO 2018

WEATHER         OBSERVED          NORMAL  DEPART  LAST YEAR`S
                 VALUE   DATE(S)  VALUE   FROM    VALUE  DATE(S)
                                          NORMAL
................................................................
TEMPERATURE (F)
RECORD
 HIGH              99   09/10/1931
 LOW               18   09/30/1899
HIGHEST            87   09/17        84       3       87  09/24
                                                          09/23
                                                          09/22
LOWEST             31   09/29        33      -2       37  09/30
AVG. MAXIMUM     70.1              68.8     1.3     72.8
AVG. MINIMUM     51.1              48.1     3.0     50.7
MEAN             60.6              58.5     2.1     61.8
DAYS MAX >= 90      0               0.0     0.0        0
DAYS MAX <= 32      0               0.0     0.0        0
DAYS MIN <= 32      1               0.8     0.2        0
DAYS MIN <= 0       0               0.0     0.0        0

PRECIPITATION (INCHES)
RECORD
 MAXIMUM         9.79   1986
 MINIMUM         0.23   2009
TOTALS           5.53              3.90    1.63     1.95
DAILY AVG.       0.18              0.13    0.05     0.07
DAYS >= .01        10              12.3    -2.3       13
DAYS >= .10         5               7.2    -2.2        5
DAYS >= .50         3               2.2     0.8
DAYS >= 1.00        3               0.9     2.1        0
GREATEST
 STORM TOTAL       MM
 (MM/DD(HH))            MM

SNOWFALL (INCHES)
RECORDS
 TOTAL            2.0   1942
 24 HR TOTAL      0.0   09/30/2002 TO 09/30/2002
TOTALS            0.0               0.0     0.0      0.0
SINCE 7/1         0.0               0.0     0.0      0.0
DAYS >= TRACE       0               0.0     0.0
DAYS >= 1.0         0               0.0     0.0        0
GREATEST
 SNOW DEPTH         0   MM                             0  MM
 24 HR TOTAL      0.0   09/30 TO 09/30

DEGREE_DAYS
HEATING TOTAL     190               227     -37      156
 SINCE 7/1        210               293     -83      214
COOLING TOTAL      64                30      34       66
 SINCE 1/1        628               405     223      338
.................................................................

WIND (MPH)
AVERAGE WIND SPEED              7.0
HIGHEST WIND SPEED/DIRECTION    36/250    DATE  09/20
HIGHEST GUST SPEED/DIRECTION    63/160    DATE  09/04

SKY COVER
POSSIBLE SUNSHINE (PERCENT)   MM
AVERAGE SKY COVER           0.40
NUMBER OF DAYS FAIR           14
NUMBER OF DAYS PC             10
NUMBER OF DAYS CLOUDY          6

AVERAGE RH (PERCENT)     76

WEATHER CONDITIONS. NUMBER OF DAYS WITH
THUNDERSTORM              3     MIXED PRECIP                0
HEAVY RAIN                M     RAIN                        M
LIGHT RAIN               10     FREEZING RAIN               0
LT FREEZING RAIN          0     HAIL                        0
HEAVY SNOW                0     SNOW                        0
LIGHT SNOW                0     SLEET                       0
FOG                      14     FOG W/VIS <= 1/4 MILE       0
HAZE                      1

-  INDICATES NEGATIVE NUMBERS.
R  INDICATES RECORD WAS SET OR TIED.
MM INDICATES DATA IS MISSING.
T  INDICATES TRACE AMOUNT.

$$
