000
CXUS52 KGSP 012333
CLMAVL

CLIMATE REPORT
NATIONAL WEATHER SERVICE GREENVILLE-SPARTANBURG SC
634 PM EST FRI FEB 1 2019

...................................

...THE ASHEVILLE NC CLIMATE SUMMARY FOR THE MONTH OF JANUARY 2019...

CLIMATE NORMAL PERIOD 1981 TO 2010
CLIMATE RECORD PERIOD 1869 TO 2019

WEATHER         OBSERVED          NORMAL  DEPART  LAST YEAR`S
                 VALUE   DATE(S)  VALUE   FROM    VALUE  DATE(S)
                                          NORMAL
................................................................
TEMPERATURE (F)
RECORD
 HIGH              80   01/27/1999
 LOW              -16   01/21/1985
HIGHEST            68   01/08        MM      MM       64  01/21
LOWEST             11   01/21        MM      MM        6  01/07
AVG. MAXIMUM     48.3              47.4     0.9     44.1
AVG. MINIMUM     29.8              26.7     3.1     23.2
MEAN             39.0              37.1     1.9     33.6
DAYS MAX >= 90      0               0.0     0.0        0
DAYS MAX <= 32      1               2.5    -1.5        6
DAYS MIN <= 32     20              21.9    -1.9       23
DAYS MIN <= 0       0               0.3    -0.3        0

PRECIPITATION (INCHES)
RECORD
 MAXIMUM         9.96   1998
 MINIMUM         0.27   1907
TOTALS           5.28              3.67    1.61     4.04
DAILY AVG.       0.17              0.12    0.05     0.13
DAYS >= .01        10              10.0     0.0        8
DAYS >= .10         9               6.2     2.8        5
DAYS >= .50         5               2.5     2.5        3
DAYS >= 1.00        1               0.9     0.1        1
GREATEST
 24 HR. TOTAL    1.29   01/19 TO 01/19           01/11 TO 01/11


 STORM TOTAL       MM                                 MM
 (MM/DD(HH))            MM                    01/11(00) TO 01/11(00)



SNOWFALL (INCHES)
RECORDS
 TOTAL           17.6   1966
 24 HR TOTAL     14.0   01/07/1988 TO 01/08/1988
 SNOW DEPTH        14   01/08/1988
TOTALS              T               4.1    -4.1      2.1
 LIQUID EQUIV      MM              0.40      MM     0.21
SINCE 7/1        11.4               5.1     6.3     10.8
 LIQUID 7/1      1.14              0.50    0.64     1.08
SNOWDEPTH AVG.      0                MM      MM        0
DAYS >= TRACE       5               1.9     3.1        6
DAYS >= 1.0         0               0.9    -0.9        1
GREATEST
 SNOW DEPTH         0   MM                             1  01/19
                                                          01/18
                                                          01/17
 24 HR TOTAL        T   01/29 TO 01/29           01/16 TO 01/17
                        01/23 TO 01/23
                        01/20 TO 01/20
 STORM TOTAL       MM                                 MM
 (MM/DD(HH))            MM                    01/17(00) TO 01/17(00)



DEGREE_DAYS
HEATING TOTAL     799               866     -67      965
 SINCE 7/1       2309              2527    -218     2441
COOLING TOTAL       0                 0       0        0
 SINCE 1/1          0                 0       0        0

FREEZE DATES
RECORD
 EARLIEST     MM
 LATEST       MM
EARLIEST                        MM
LATEST                          MM
.................................................................

WIND (MPH)
AVERAGE WIND SPEED              8.3
HIGHEST WIND SPEED/DIRECTION    33/340    DATE  01/20
HIGHEST GUST SPEED/DIRECTION    46/340    DATE  01/09

SKY COVER
POSSIBLE SUNSHINE (PERCENT)   MM
AVERAGE SKY COVER           0.40
NUMBER OF DAYS FAIR           14
NUMBER OF DAYS PC              8
NUMBER OF DAYS CLOUDY          8

AVERAGE RH (PERCENT)     68

WEATHER CONDITIONS. NUMBER OF DAYS WITH
THUNDERSTORM              0     MIXED PRECIP               0
HEAVY RAIN                3     RAIN                       6
LIGHT RAIN               11     FREEZING RAIN              2
LT FREEZING RAIN          3     HAIL                       0
HEAVY SNOW                0     SNOW                       1
LIGHT SNOW                3     SLEET                      3
FOG                      13     FOG W/VIS <= 1/4 MILE      3
HAZE                      2

-  INDICATES NEGATIVE NUMBERS.
R  INDICATES RECORD WAS SET OR TIED.
MM INDICATES DATA IS MISSING.
T  INDICATES TRACE AMOUNT.

$$

OUTLAW
