000
CXUS52 KGSP 010725
CLMAVL

CLIMATE REPORT
NATIONAL WEATHER SERVICE GREENVILLE-SPARTANBURG SC
225 AM EST THU FEB 1 2018

...................................

...THE ASHEVILLE CLIMATE SUMMARY FOR THE MONTH OF JANUARY 2018...

CLIMATE NORMAL PERIOD 1981 TO 2010
CLIMATE RECORD PERIOD 1869 TO 2018

WEATHER         OBSERVED          NORMAL  DEPART  LAST YEAR`S
                 VALUE   DATE(S)  VALUE   FROM    VALUE  DATE(S)
                                          NORMAL
................................................................
TEMPERATURE (F)
RECORD
 HIGH              80   01/27/1999
 LOW              -16   01/21/1985
HIGHEST            64   01/21        MM      MM       71  01/25
LOWEST              6   01/07        MM      MM        8  01/08
AVG. MAXIMUM     44.1              47.4    -3.3     52.9
AVG. MINIMUM     23.2              26.7    -3.5     35.5
MEAN             33.6              37.1    -3.5     44.2
DAYS MAX >= 90      0               0.0     0.0        0
DAYS MAX <= 32      6               2.5     3.5        2
DAYS MIN <= 32     23              21.9     1.1       13
DAYS MIN <= 0       0               0.3    -0.3        0

PRECIPITATION (INCHES)
RECORD
 MAXIMUM         9.96   1998
 MINIMUM         0.27   1907
TOTALS           4.04              3.67    0.37     3.72
DAILY AVG.       0.13              0.12    0.01     0.12
DAYS >= .01         8              10.0    -2.0       13
DAYS >= .10         5               6.2    -1.2        8
DAYS >= .50         3               2.5     0.5        3
DAYS >= 1.00        1               0.9     0.1        1
GREATEST
 24 HR. TOTAL    1.71   01/11 TO 01/11           01/22 TO 01/23

 STORM TOTAL       MM                                 MM
 (MM/DD(HH))            MM                    01/23(00) TO 01/23(00)


SNOWFALL (INCHES)
RECORDS
 TOTAL           17.6   1966
 24 HR TOTAL     14.0   01/07/1988 TO 01/08/1988
 SNOW DEPTH        14   01/08/1988
TOTALS            2.1               4.1    -2.0      7.3
 LIQUID EQUIV    0.21              0.40   -0.19     0.73
SINCE 7/1        10.8               5.1     5.7      7.3
 LIQUID 7/1      1.08              0.50    0.58     0.73
SNOWDEPTH AVG.      0                MM      MM        1
DAYS >= TRACE       6               1.9     4.1        4
DAYS >= 1.0         1               0.9     0.1        2
GREATEST
 SNOW DEPTH         1   01/19                          7  01/07
                        01/18
                        01/17
 24 HR TOTAL      2.1   01/16 TO 01/17           01/06 TO 01/07

 STORM TOTAL       MM                                7.0
 (MM/DD(HH))            MM                    01/07(00) TO 01/07(00)


DEGREE_DAYS
HEATING TOTAL     965               866      99      635
 SINCE 7/1       2441              2527     -86     1913
COOLING TOTAL       0                 0       0        0
 SINCE 1/1          0                 0       0        0

FREEZE DATES
RECORD
 EARLIEST     MM
 LATEST       MM
EARLIEST                        MM
LATEST                          MM
.................................................................

WIND (MPH)
AVERAGE WIND SPEED              9.1
HIGHEST WIND SPEED/DIRECTION    38/340    DATE  01/17
HIGHEST GUST SPEED/DIRECTION    44/340    DATE  01/13

SKY COVER
POSSIBLE SUNSHINE (PERCENT)   MM
AVERAGE SKY COVER           0.30
NUMBER OF DAYS FAIR           19
NUMBER OF DAYS PC              6
NUMBER OF DAYS CLOUDY          6

AVERAGE RH (PERCENT)     63

WEATHER CONDITIONS. NUMBER OF DAYS WITH
THUNDERSTORM              0     MIXED PRECIP               0
HEAVY RAIN                3     RAIN                       4
LIGHT RAIN                9     FREEZING RAIN              0
LT FREEZING RAIN          0     HAIL                       0
HEAVY SNOW                0     SNOW                       0
LIGHT SNOW                6     SLEET                      0
FOG                      14     FOG W/VIS <= 1/4 MILE      1
HAZE                      0


-  INDICATES NEGATIVE NUMBERS.
R  INDICATES RECORD WAS SET OR TIED.
MM INDICATES DATA IS MISSING.
T  INDICATES TRACE AMOUNT.

$$

OUTLAW
