000
CXUS52 KGSP 011508
CLMAVL

CLIMATE REPORT
NATIONAL WEATHER SERVICE GREENVILLE-SPARTANBURG SC
1108 AM EDT SUN JUL 1 2018

...................................

...THE ASHEVILLE CLIMATE SUMMARY FOR THE MONTH OF JUNE 2018...

CLIMATE NORMAL PERIOD 1981 TO 2010
CLIMATE RECORD PERIOD 1869 TO 2018

WEATHER         OBSERVED          NORMAL  DEPART  LAST YEAR`S
                 VALUE   DATE(S)  VALUE   FROM    VALUE  DATE(S)
                                          NORMAL
................................................................
TEMPERATURE (F)
RECORD
 HIGH              98   06/30/2012
                        06/28/1952
                        06/29/1936
 LOW               35   06/02/1966
HIGHEST            91   06/18        MM      MM       87  06/14
LOWEST             54   06/06        MM      MM       49  06/28
AVG. MAXIMUM     85.3              81.3     4.0     80.5
AVG. MINIMUM     64.1              59.6     4.5     60.8
MEAN             74.7              70.5     4.2     70.7
DAYS MAX >= 90      1               1.2    -0.2        0
DAYS MAX <= 32      0               0.0     0.0        0
DAYS MIN <= 32      0               0.0     0.0        0
DAYS MIN <= 0       0               0.0     0.0        0

PRECIPITATION (INCHES)
RECORD
 MAXIMUM        10.73   1989
 MINIMUM         0.80   1964
TOTALS           2.57              4.65   -2.08     2.71
DAILY AVG.       0.09              0.16   -0.07     0.09
DAYS >= .01        10              12.7    -2.7       14
DAYS >= .10         6               7.7    -1.7        9
DAYS >= .50         2               3.1    -1.1        0
DAYS >= 1.00        0               1.2    -1.2        0
GREATEST
 24 HR. TOTAL    0.69   06/26 TO 06/26           06/22 TO 06/23


 STORM TOTAL       MM                                 MM
 (MM/DD(HH))            MM                    06/23(00) TO 06/23(00)



DEGREE_DAYS
COOLING TOTAL     294               177     117      182
 SINCE 1/1        457               235     222      281

FREEZE DATES
RECORD
 EARLIEST     MM
 LATEST       MM
EARLIEST      10/30             MM
LATEST        04/17             MM
.................................................................

WIND (MPH)
AVERAGE WIND SPEED              5.2
HIGHEST WIND SPEED/DIRECTION    32/200    DATE  06/26
HIGHEST GUST SPEED/DIRECTION    39/220    DATE  06/26

SKY COVER
POSSIBLE SUNSHINE (PERCENT)   MM
AVERAGE SKY COVER           0.30
NUMBER OF DAYS FAIR           22
NUMBER OF DAYS PC              6
NUMBER OF DAYS CLOUDY          2

AVERAGE RH (PERCENT)     70

WEATHER CONDITIONS. NUMBER OF DAYS WITH
WEATHER CONDITIONS. NUMBER OF DAYS WITH
THUNDERSTORM             14     MIXED PRECIP               0
HEAVY RAIN                5     RAIN                       4
LIGHT RAIN               12     FREEZING RAIN              0
LT FREEZING RAIN          0     HAIL                       0
HEAVY SNOW                0     SNOW                       0
LIGHT SNOW                0     SLEET                      0
FOG                      14     FOG W/VIS <= 1/4 MILE      2
HAZE                      5

-  INDICATES NEGATIVE NUMBERS.
R  INDICATES RECORD WAS SET OR TIED.
MM INDICATES DATA IS MISSING.
T  INDICATES TRACE AMOUNT.

$$

OUTLAW
