000
CXUS51 KBGM 010858
CLMAVP


CLIMATE REPORT
NATIONAL WEATHER SERVICE BINGHAMTON NY
443 AM EDT SUN APR 1 2018

...................................

...THE AVOCA PA CLIMATE SUMMARY FOR THE MONTH OF MARCH 2018...

CLIMATE NORMAL PERIOD 1981 TO 2010
CLIMATE RECORD PERIOD 1901 TO 2018

WEATHER         OBSERVED          NORMAL  DEPART  LAST YEAR`S
                 VALUE   DATE(S)  VALUE   FROM    VALUE  DATE(S)
                                          NORMAL
................................................................
TEMPERATURE (F)
RECORD
 HIGH              85   03/31/1998
 LOW               -4   03/19/1967
HIGHEST            58   03/29        46      12       64  03/01
LOWEST             19   03/25        28      -9        8  03/05
AVG. MAXIMUM     41.7              46.2    -4.5     43.2
AVG. MINIMUM     26.8              27.6    -0.8     26.0
MEAN             34.2              36.9    -2.7     34.6
DAYS MAX >= 90      0               0.0     0.0        0
DAYS MAX <= 32      1               2.9    -1.9        5
DAYS MIN <= 32     27              21.0     6.0       20
DAYS MIN <= 0       0               0.0     0.0        0

PRECIPITATION (INCHES)
RECORD
 MAXIMUM         5.45   2017
 MINIMUM         0.49   1981
TOTALS           2.82              2.55    0.27     5.45
DAILY AVG.       0.09              0.08    0.01     0.18
DAYS >= .01        14              11.8     2.2       14
DAYS >= .10         7               6.6     0.4        9
DAYS >= .50         1               1.6    -0.6        2
DAYS >= 1.00        0               0.4    -0.4        1
GREATEST
 24 HR. TOTAL    1.30   03/01 TO 03/02

SNOWFALL (INCHES)
RECORDS
 TOTAL           32.0   1993
 24 HR TOTAL     22.1   03/14/2017 TO 03/14/2017
TOTALS           19.9               9.0    10.9     30.6
SINCE 7/1        47.0              42.9     4.1     55.4
DAYS >= TRACE      14               5.0     9.0       12
DAYS >= 1.0         7               2.3     4.7        3
GREATEST
 24 HR TOTAL      8.5   03/02 TO 03/02

DEGREE_DAYS
HEATING TOTAL     945               871      74      935
 SINCE 7/1       5136              5477    -341     4690
COOLING TOTAL       0                 0       0        0
 SINCE 1/1          0                 0       0        0
.................................................................

WIND (MPH)
AVERAGE WIND SPEED              8.2
RESULTANT WIND SPEED/DIRECTION   4/337
HIGHEST WIND SPEED/DIRECTION    28/360    DATE  03/30
HIGHEST GUST SPEED/DIRECTION    34/320    DATE  03/16

SKY COVER
POSSIBLE SUNSHINE (PERCENT)   MM
AVERAGE SKY COVER           0.60
NUMBER OF DAYS FAIR            8
NUMBER OF DAYS PC             10
NUMBER OF DAYS CLOUDY         13

AVERAGE RH (PERCENT)     67

WEATHER CONDITIONS. NUMBER OF DAYS WITH
THUNDERSTORM         0      MIXED PRECIP           0
HEAVY RAIN           2      RAIN                   4
LIGHT RAIN           7      FREEZING RAIN          0
LT FREEZING RAIN     0      HAIL                   0
HEAVY SNOW           3      SNOW                   7
LIGHT SNOW          13      SLEET                  0
FOG                 18      FOG W/VIS <= 1/4 MILE  4
HAZE                 8

-  INDICATES NEGATIVE NUMBERS.
R  INDICATES RECORD WAS SET OR TIED.
MM INDICATES DATA IS MISSING.
T  INDICATES TRACE AMOUNT.

&&
SNOWFALL 11TH MOST FOR MARCH
$$
TAC
