000
CXUS51 KBGM 041356 CCA
CLMAVP

CLIMATE REPORT...CORRECTED
NATIONAL WEATHER SERVICE BINGHAMTON NY
955 AM EDT WED JUL 4 2018

...................................

...THE AVOCA PA CLIMATE SUMMARY FOR THE MONTH OF JUNE 2018...

CLIMATE NORMAL PERIOD 1981 TO 2010
CLIMATE RECORD PERIOD 1901 TO 2018

WEATHER         OBSERVED          NORMAL  DEPART  LAST YEAR`S
                 VALUE   DATE(S)  VALUE   FROM    VALUE  DATE(S)
                                          NORMAL
................................................................
TEMPERATURE (F)
RECORD
 HIGH              97   06/30/1964
 LOW               34   06/11/1972
HIGHEST            93   06/18        78      15       90  06/13
                                                          06/12
LOWEST             48   06/12        57      -9       45  06/04
AVG. MAXIMUM     78.2              77.7     0.5     79.6
AVG. MINIMUM     57.3              56.5     0.8     57.5
MEAN             67.8              67.1     0.7     68.6
DAYS MAX >= 90      2               0.9     1.1        2
DAYS MAX <= 32      0               0.0     0.0        0
DAYS MIN <= 32      0               0.0     0.0        0
DAYS MIN <= 0       0               0.0     0.0        0

PRECIPITATION (INCHES)
RECORD
 MAXIMUM         9.00   2006
 MINIMUM         0.27   1966
TOTALS           2.16              4.03   -1.87     3.88
DAILY AVG.       0.07              0.13   -0.06     0.13
DAYS >= .01        13              12.8     0.2       16
DAYS >= .10         6               8.0    -2.0       11
DAYS >= .50         1               2.4    -1.4        2
DAYS >= 1.00        0               0.7    -0.7        0
GREATEST
 24 HR. TOTAL    0.51   06/13 TO 06/13

SNOWFALL (INCHES)
RECORDS
 TOTAL            0.0   2007
                        2006
                        2005
 24 HR TOTAL      0.0   MM
TOTALS            0.0               0.0     0.0      0.0
SINCE 7/1        51.9              46.2     5.7     55.5
DAYS >= TRACE       0               0.0     0.0        0
DAYS >= 1.0         0               0.0     0.0        0
GREATEST
 24 HR TOTAL      0.0   06/30 TO 06/30

DEGREE_DAYS
HEATING TOTAL      26                54     -28       43
 SINCE 7/1       5858              6255    -397     5234
COOLING TOTAL     118               117       1      157
 SINCE 1/1        203               154      49      209
.................................................................

WIND (MPH)
AVERAGE WIND SPEED              5.7
RESULTANT WIND SPEED/DIRECTION   1/291
HIGHEST WIND SPEED/DIRECTION    31/290    DATE  06/14
HIGHEST GUST SPEED/DIRECTION    46/270    DATE  06/14

SKY COVER
POSSIBLE SUNSHINE (PERCENT)   MM
AVERAGE SKY COVER           0.50
NUMBER OF DAYS FAIR           12
NUMBER OF DAYS PC             10
NUMBER OF DAYS CLOUDY          8

AVERAGE RH (PERCENT)     70

WEATHER CONDITIONS. NUMBER OF DAYS WITH
THUNDERSTORM              5     MIXED PRECIP                0
HEAVY RAIN                3     RAIN                        5
LIGHT RAIN               14     FREEZING RAIN               0
LT FREEZING RAIN          0     HAIL                        0
HEAVY SNOW                0     SNOW                        0
LIGHT SNOW                0     SLEET                       0
FOG                      14     FOG W/VIS <= 1/4 MILE       0
HAZE                      2

-  INDICATES NEGATIVE NUMBERS.
R  INDICATES RECORD WAS SET OR TIED.
MM INDICATES DATA IS MISSING.
T  INDICATES TRACE AMOUNT.

&&
CORRECTED TO ADD TABLE AT BOTTOM OF PRODUCT
$$
