000
CXUS51 KBGM 061501 CCA
CLMAVP

CLIMATE REPORT...CORRECTED AND UPDATED
NATIONAL WEATHER SERVICE BINGHAMTON NY
1100 AM EDT SAT OCT 6 2018

...................................

...THE AVOCA PA CLIMATE SUMMARY FOR THE MONTH OF SEPTEMBER 2018...

CLIMATE NORMAL PERIOD 1981 TO 2010
CLIMATE RECORD PERIOD 1901 TO 2018

WEATHER         OBSERVED          NORMAL  DEPART  LAST YEAR`S
                 VALUE   DATE(S)  VALUE   FROM    VALUE  DATE(S)
                                          NORMAL
................................................................
TEMPERATURE (F)
RECORD
 HIGH              95   09/08/2015
                        09/11/2013
                        09/10/1983
 LOW               29   09/29/2000
HIGHEST            91   09/05        72      19       92  09/25
LOWEST             45   09/30        53      -8       43  09/30
                                                          09/29
                                                          09/02
AVG. MAXIMUM     74.8              72.3     2.5     76.8
AVG. MINIMUM     59.5              52.1     7.4     55.2
MEAN             67.2              62.2     5.0     66.0
DAYS MAX >= 90      2               0.5     1.5        4
DAYS MAX <= 32      0               0.0     0.0        0
DAYS MIN <= 32      0               0.1    -0.1        0
DAYS MIN <= 0       0               0.0     0.0        0

PRECIPITATION (INCHES)
RECORD
 MAXIMUM        11.46   2011
 MINIMUM         0.52   1943
TOTALS           7.43              4.07    3.36     1.72
DAILY AVG.       0.25              0.14    0.11     0.06
DAYS >= .01        17              10.2     6.8        6
DAYS >= .10        14               6.0     8.0        4
DAYS >= .50         5               2.4     2.6        1
DAYS >= 1.00        2               1.3     0.7        0
GREATEST
 24 HR. TOTAL    2.01   09/17 TO 09/18

SNOWFALL (INCHES)
RECORDS
 TOTAL              T   1993
                        1992
                        1990
 24 HR TOTAL        T   09/29/1993 TO 09/29/1993
                        09/22/1992 TO 09/22/1992
                        09/13/1990 TO 09/13/1990
TOTALS            0.0               0.0     0.0      0.0
SINCE 7/1         0.0               0.0     0.0      0.0
DAYS >= TRACE       0               0.0     0.0        0
DAYS >= 1.0         0               0.0     0.0        0
GREATEST
 24 HR TOTAL      0.0   09/30 TO 09/30

DEGREE_DAYS
HEATING TOTAL      71               136     -65       92
 SINCE 7/1         71               162     -91      109
COOLING TOTAL     143                52      91      128
 SINCE 1/1        905               576     329      767
.................................................................

WIND (MPH)
AVERAGE WIND SPEED              4.0
RESULTANT WIND SPEED/DIRECTION   1/073
HIGHEST WIND SPEED/DIRECTION    24/280    DATE  09/21
HIGHEST GUST SPEED/DIRECTION    35/280    DATE  09/21

SKY COVER
POSSIBLE SUNSHINE (PERCENT)   MM
AVERAGE SKY COVER           0.60
NUMBER OF DAYS FAIR            9
NUMBER OF DAYS PC             11
NUMBER OF DAYS CLOUDY         10

AVERAGE RH (PERCENT)     81

WEATHER CONDITIONS. NUMBER OF DAYS WITH
THUNDERSTORM              2     MIXED PRECIP                0
HEAVY RAIN               10     RAIN                       12
LIGHT RAIN               18     FREEZING RAIN               0
LT FREEZING RAIN          0     HAIL                        0
HEAVY SNOW                0     SNOW                        0
LIGHT SNOW                0     SLEET                       0
FOG                      25     FOG W/VIS <= 1/4 MILE       1
HAZE                      3

-  INDICATES NEGATIVE NUMBERS.
R  INDICATES RECORD WAS SET OR TIED.
MM INDICATES DATA IS MISSING.
T  INDICATES TRACE AMOUNT.

&&
CORRECTED GREATEST 24 HOUR TOTAL PRECIPITATION
7TH WARMEST SEPTEMBER  (RECORD 68.9F IN 2015)
8TH WETTEST SEPTEMBER
$$

TAC
