000
CXUS53 KGRR 031448 CCA
CLMAZO

CLIMATE REPORT
NATIONAL WEATHER SERVICE GRAND RAPIDS, MI
935 AM EST MON DEC 3 2018

...................................

...THE KALAMAZOO CLIMATE SUMMARY FOR THE MONTH OF NOVEMBER 2018...

CLIMATE NORMAL PERIOD 1981 TO 2010
CLIMATE RECORD PERIOD 1998 TO 2018

WEATHER         OBSERVED          NORMAL  DEPART  LAST YEAR`S
                 VALUE   DATE(S)  VALUE   FROM    VALUE  DATE(S)
                                          NORMAL
................................................................
TEMPERATURE (F)
RECORD
 HIGH              81   MM
 LOW               13   11/21/2014
                        11/18/2014
                        11/15/2014
HIGHEST            54   11/06        MM      MM       63  11/28
LOWEST             22   11/29        MM      MM       19  11/10
                        11/14
                        11/10
AVG. MAXIMUM     39.2              47.6    -8.4     46.6
AVG. MINIMUM     30.0              33.4    -3.4     31.9
MEAN             34.6              40.5    -5.9     39.2
DAYS MAX >= 90      0               0.0     0.0        0
DAYS MAX <= 32      6               1.7     4.3        1
DAYS MIN <= 32     20              14.0     6.0       17
DAYS MIN <= 0       0               0.0     0.0        0

PRECIPITATION (INCHES)
RECORD
 MAXIMUM           MM   MM
TOTALS           1.94              3.02   -1.08     3.31
DAILY AVG.       0.06              0.10   -0.04     0.11
DAYS >= .01        15                MM      MM       12
DAYS >= .10         8                MM      MM        8
DAYS >= .50         0                MM      MM        3
DAYS >= 1.00        0                MM      MM        0
GREATEST
 24 HR. TOTAL    0.46   11/26 TO 11/26

DEGREE_DAYS
HEATING TOTAL     903               735     168      765
 SINCE 7/1       1431              1327     104     1163
COOLING TOTAL       0                 0       0        0
 SINCE 1/1       1030               675     355      768
.................................................................

WIND (MPH)
AVERAGE WIND SPEED              7.7
RESULTANT WIND SPEED/DIRECTION   2/262
HIGHEST WIND SPEED/DIRECTION    26/250    DATE  11/06
HIGHEST GUST SPEED/DIRECTION    40/250    DATE  11/06

SKY COVER
POSSIBLE SUNSHINE (PERCENT)   MM
AVERAGE SKY COVER           0.80
NUMBER OF DAYS FAIR            3
NUMBER OF DAYS PC              3
NUMBER OF DAYS CLOUDY         24

AVERAGE RH (PERCENT)     76

WEATHER CONDITIONS. NUMBER OF DAYS WITH
THUNDERSTORM              0     MIXED PRECIP                0
HEAVY RAIN                1     RAIN                        3
LIGHT RAIN               11     FREEZING RAIN               1
LT FREEZING RAIN          0     HAIL                        0
HEAVY SNOW                1     SNOW                        4
LIGHT SNOW               16     SLEET                       0
FOG                      19     FOG W/VIS <= 1/4 MILE       1
HAZE                      8

-  INDICATES NEGATIVE NUMBERS.
R  INDICATES RECORD WAS SET OR TIED.
MM INDICATES DATA IS MISSING.
T  INDICATES TRACE AMOUNT.

$$
