000
CXUS53 KGRR 060559 CCB
CLMAZO

CLIMATE REPORT
NATIONAL WEATHER SERVICE GRAND RAPIDS, MI
853 AM EDT MON SEP 3 2018

...................................

...THE KALAMAZOO CLIMATE SUMMARY FOR THE MONTH OF AUGUST 2018...

CLIMATE NORMAL PERIOD 1981 TO 2010
CLIMATE RECORD PERIOD 1998 TO 2018

WEATHER         OBSERVED          NORMAL  DEPART  LAST YEAR`S
                 VALUE   DATE(S)  VALUE   FROM    VALUE  DATE(S)
                                          NORMAL
................................................................
TEMPERATURE (F)
RECORD
 HIGH             104   MM
 LOW               43   08/15/2014
HIGHEST            93   08/05        MM      MM       89  08/16
LOWEST             51   08/30        MM      MM       45  08/25
AVG. MAXIMUM     83.1              80.9     2.2     80.4
AVG. MINIMUM     63.4              60.3     3.1     57.7
MEAN             73.2              70.6     2.6     69.1
DAYS MAX >= 90      2               1.2     0.8        0
DAYS MAX <= 32      0               0.0     0.0        0
DAYS MIN <= 32      0               0.0     0.0        0
DAYS MIN <= 0       0               0.0     0.0        0

PRECIPITATION (INCHES)
RECORD
 MAXIMUM           MM   MM
TOTALS           5.49              3.87    1.62     1.45
DAILY AVG.       0.18              0.12    0.06     0.05
DAYS >= .01         9                MM      MM       11
DAYS >= .10         8                MM      MM        4
DAYS >= .50         4                MM      MM        0
DAYS >= 1.00        3                MM      MM        0
GREATEST
 24 HR. TOTAL    1.28   08/07 TO 08/07

DEGREE_DAYS
HEATING TOTAL       2                11      -9       18
 SINCE 7/1          2                16     -14       18
COOLING TOTAL     266               185      81      153
 SINCE 1/1        855               611     244      616
.................................................................

WIND (MPH)
AVERAGE WIND SPEED              5.8
RESULTANT WIND SPEED/DIRECTION   2/217
HIGHEST WIND SPEED/DIRECTION    28/340    DATE  08/28
HIGHEST GUST SPEED/DIRECTION    38/340    DATE  08/28

SKY COVER
POSSIBLE SUNSHINE (PERCENT)   MM
AVERAGE SKY COVER           0.30
NUMBER OF DAYS FAIR           20
NUMBER OF DAYS PC              9
NUMBER OF DAYS CLOUDY          2

AVERAGE RH (PERCENT)     74

WEATHER CONDITIONS. NUMBER OF DAYS WITH
THUNDERSTORM              9     MIXED PRECIP                0
HEAVY RAIN                7     RAIN                        7
LIGHT RAIN               12     FREEZING RAIN               0
LT FREEZING RAIN          0     HAIL                        0
HEAVY SNOW                0     SNOW                        0
LIGHT SNOW                0     SLEET                       0
FOG                      28     FOG W/VIS <= 1/4 MILE       9
HAZE                     14

-  INDICATES NEGATIVE NUMBERS.
R  INDICATES RECORD WAS SET OR TIED.
MM INDICATES DATA IS MISSING.
T  INDICATES TRACE AMOUNT.

$$
