000
CXUS53 KLBF 011012
CLMBBW

CLIMATE REPORT
NATIONAL WEATHER SERVICE NORTH PLATTE
506 AM CDT THU NOV 1 2018

...................................

...THE BROKEN BOW NE CLIMATE SUMMARY FOR THE MONTH OF OCTOBER 2018...

CLIMATE NORMAL PERIOD 1981 TO 2010
CLIMATE RECORD PERIOD 1894 TO 2018

WEATHER         OBSERVED          NORMAL  DEPART  LAST YEAR`S
                 VALUE   DATE(S)  VALUE   FROM    VALUE  DATE(S)
                                          NORMAL
................................................................
TEMPERATURE (F)
RECORD
 HIGH              98   10/11/2015
 LOW                    10/28/1925
HIGHEST            91   10/03        85       6       79  10/19
LOWEST             19   10/15        16       3        9  10/28
AVG. MAXIMUM     59.8              63.0    -3.2     64.7
AVG. MINIMUM     34.3              35.8    -1.5     37.6
MEAN             47.1              49.4    -2.3     51.1
DAYS MAX >= 90      1               0.1     0.9        0
DAYS MAX <= 32      0               0.2    -0.2        1
DAYS MIN <= 32     11              10.3     0.7        9
DAYS MIN <= 0       0               0.0     0.0        0

PRECIPITATION (INCHES)
RECORD
 MAXIMUM         7.43   1946
 MINIMUM         0.00   1933
                        1895
TOTALS           2.28              1.84    0.44     5.05
DAILY AVG.       0.07              0.06    0.01     0.17
DAYS >= .01        13                MM      MM        7
DAYS >= .10         4                MM      MM        4
DAYS >= .50         2                MM      MM        3
DAYS >= 1.00        0                MM      MM        3

GREATEST 24 HR. TOTAL    0.75   10/04 TO 10/04

SNOWFALL (INCHES)
TOTALS             MM
SINCE 7/1         0.0
SNOWDEPTH AVG.     MM
DAYS >= TRACE      MM
DAYS >= 1.0        MM
GREATEST
 SNOW DEPTH        MM

DEGREE_DAYS
HEATING TOTAL     550               489      61      410
 SINCE 7/1        681               657      24      512
COOLING TOTAL       1                 6      -5        1
 SINCE 1/1        959               768     191      919
.................................................................

WIND (MPH)
AVERAGE WIND SPEED              9.5
HIGHEST WIND SPEED/DIRECTION    39/340    DATE  10/27
HIGHEST GUST SPEED/DIRECTION    55/340    DATE  10/27

AVERAGE RH (PERCENT)     69

WEATHER CONDITIONS. NUMBER OF DAYS WITH
THUNDERSTORM              2     MIXED PRECIP               0
HEAVY RAIN                1     RAIN                       3
LIGHT RAIN               14     FREEZING RAIN              0
LT FREEZING RAIN          0     HAIL                       0
HEAVY SNOW                0     SNOW                       0
LIGHT SNOW                3     SLEET                      0
FOG                      10     FOG W/VIS <= 1/4 MILE      1
HAZE                      1

-  INDICATES NEGATIVE NUMBERS.
R  INDICATES RECORD WAS SET OR TIED.
MM INDICATES DATA IS MISSING.
T  INDICATES TRACE AMOUNT.

$$
