000
CXUS53 KLBF 011042
CLMBBW


CLIMATE REPORT
NATIONAL WEATHER SERVICE NORTH PLATTE
542 AM CDT TUE MAY 1 2018

...................................

...THE BROKEN BOW NE CLIMATE SUMMARY FOR THE MONTH OF APRIL 2018...

CLIMATE NORMAL PERIOD 1981 TO 2010
CLIMATE RECORD PERIOD 1894 TO 2018

WEATHER         OBSERVED          NORMAL  DEPART  LAST YEAR`S
                 VALUE   DATE(S)  VALUE   FROM    VALUE  DATE(S)
                                          NORMAL
................................................................
TEMPERATURE (F)
RECORD
 HIGH              99   04/28/1910
 LOW               -5   04/03/1936
HIGHEST            85   04/30        84       1       84  04/08
LOWEST              7   04/07        16      -9       25  04/27
                                                          04/11
AVG. MAXIMUM     55.1              61.4    -6.3     62.6
AVG. MINIMUM     27.5              34.2    -6.7     37.5
MEAN             41.3              47.8    -6.5     50.1
DAYS MAX >= 90      0               0.0     0.0        0
DAYS MAX <= 32      3               0.4     2.6        0
DAYS MIN <= 32     22              11.5    10.5        7
DAYS MIN <= 0       0               0.0     0.0        0

PRECIPITATION (INCHES)
RECORD
 MAXIMUM         9.35   1906
 MINIMUM         0.00   1895
TOTALS           1.95              2.59   -0.64     2.36
DAILY AVG.       0.07              0.09   -0.02     0.08
DAYS >= .01        10                MM      MM        8
DAYS >= .10         5                MM      MM        4
DAYS >= .50         1                MM      MM        2
DAYS >= 1.00        1                MM      MM        0
GREATEST
 24 HR. TOTAL    1.00   04/30 TO 04/30           04/30 TO 04/30
                                                          04/30 TO 04/30EATHER         OBSERVED          NORMAL  DEPART  LAST YEAR`S
                                                          04/30 TO 04/30EATHER         OBSERVED          NORMAL  DEPART  LAST YEAR`S

SNOWFALL (INCHES)
TOTALS             MM
SINCE 7/1          MM
SNOWDEPTH AVG.     MM
DAYS >= TRACE       0
DAYS >= 1.0         0
GREATEST
 SNOW DEPTH        MM

DEGREE_DAYS
HEATING TOTAL     705               517     188      441
 SINCE 7/1       6476              6380      96     5534
COOLING TOTAL       2                 1       1        1
 SINCE 1/1          2                 1       1        1
.................................................................

WIND (MPH)
AVERAGE WIND SPEED              12.6
HIGHEST WIND SPEED/DIRECTION    46/340    DATE  04/14
HIGHEST GUST SPEED/DIRECTION    66/360    DATE  04/14

AVERAGE RH (PERCENT)     65

WEATHER CONDITIONS. NUMBER OF DAYS WITH
THUNDERSTORM              1     MIXED PRECIP               0
HEAVY RAIN                1     RAIN                       1
LIGHT RAIN                8     FREEZING RAIN              1
LT FREEZING RAIN          1     HAIL                       0
HEAVY SNOW                0     SNOW                       0
LIGHT SNOW                6     SLEET                      0
FOG                       7     FOG W/VIS <= 1/4 MILE      1
HAZE                      1

-  INDICATES NEGATIVE NUMBERS.
R  INDICATES RECORD WAS SET OR TIED.
MM INDICATES DATA IS MISSING.
T  INDICATES TRACE AMOUNT.

$$
