000
CXUS53 KLBF 012049
CLMBBW


CLIMATE REPORT
NATIONAL WEATHER SERVICE NORTH PLATTE
239 PM CST THU FEB 1 2018

...................................

...THE BROKEN BOW NE CLIMATE SUMMARY FOR THE MONTH OF JANUARY 2018...

CLIMATE NORMAL PERIOD 1981 TO 2010
CLIMATE RECORD PERIOD 1894 TO 2018

WEATHER         OBSERVED          NORMAL  DEPART  LAST YEAR`S
                 VALUE   DATE(S)  VALUE   FROM    VALUE  DATE(S)
                                          NORMAL
................................................................
TEMPERATURE (F)
RECORD
 HIGH              78   01/25/1896
 LOW              -42   01/23/1915
HIGHEST            58   01/19        59      -1       54  01/30
LOWEST            -19   01/01       -15      -4      -14  01/06
AVG. MAXIMUM     35.2              37.6    -2.4     34.3
AVG. MINIMUM     13.3              13.5    -0.2     15.0
MEAN             24.2              25.5    -1.3     24.7
DAYS MAX >= 90      0               0.0     0.0        0
DAYS MAX <= 32     13              10.7     2.3       11
DAYS MIN <= 32     30              30.2    -0.2       30
DAYS MIN <= 0       5               4.6     0.4        5

PRECIPITATION (INCHES)
RECORD
 MAXIMUM         1.98   1941
 MINIMUM         0.00   1981
                        1933
TOTALS           0.37              0.45   -0.08     0.69
DAILY AVG.       0.01              0.01    0.00     0.02
DAYS >= .01         6                MM      MM        5
DAYS >= .10         1                MM      MM        2
DAYS >= .50         0                MM      MM        0
DAYS >= 1.00        0                MM      MM        0
GREATEST
 24 HR. TOTAL    0.16   01/21 TO 01/21           01/24 TO 01/24
                                                          01/27 TO 01/27EATHER         OBSERVED          NORMAL  DEPART  LAST YEAR`S
                                                          01/27 TO 01/27EATHER         OBSERVED          NORMAL  DEPART  LAST YEAR`S

SNOWFALL (INCHES)
TOTALS            0.0
SINCE 7/1         0.0
SNOWDEPTH AVG.      0
DAYS >= TRACE       0
DAYS >= 1.0         0
GREATEST
 SNOW DEPTH         0

DEGREE_DAYS
HEATING TOTAL    1255              1223      32     1240
 SINCE 7/1       3744              3978    -234     3561
COOLING TOTAL       0                 0       0        0
 SINCE 1/1          0                 0       0        0
.................................................................

WIND (MPH)
AVERAGE WIND SPEED              9.7
HIGHEST WIND SPEED/DIRECTION    39/350    DATE  01/10
HIGHEST GUST SPEED/DIRECTION    50/360    DATE  01/10

AVERAGE RH (PERCENT)     71

WEATHER CONDITIONS. NUMBER OF DAYS WITH
THUNDERSTORM              0     MIXED PRECIP               0
HEAVY RAIN                0     RAIN                       0
LIGHT RAIN                0     FREEZING RAIN              0
LT FREEZING RAIN          0     HAIL                       0
HEAVY SNOW                0     SNOW                       0
LIGHT SNOW                8     SLEET                      0
FOG                       7     FOG W/VIS <= 1/4 MILE      0
HAZE                      4

-  INDICATES NEGATIVE NUMBERS.
R  INDICATES RECORD WAS SET OR TIED.
MM INDICATES DATA IS MISSING.
T  INDICATES TRACE AMOUNT.

$$
