000
CXUS53 KLBF 011006
CLMBBW


CLIMATE REPORT
NATIONAL WEATHER SERVICE NORTH PLATTE
504 AM CDT WED AUG 1 2018

...................................

...THE BROKEN BOW NE CLIMATE SUMMARY FOR THE MONTH OF JULY 2018...

CLIMATE NORMAL PERIOD 1981 TO 2010
CLIMATE RECORD PERIOD 1894 TO 2018

WEATHER         OBSERVED          NORMAL  DEPART  LAST YEAR`S
                 VALUE   DATE(S)  VALUE   FROM    VALUE  DATE(S)
                                          NORMAL
................................................................
TEMPERATURE (F)
RECORD
 HIGH             116   07/11/1954
 LOW               37   07/30/1971
HIGHEST            92   07/12        98      -6      103  07/21
LOWEST             47   07/31        47       0       50  07/01
AVG. MAXIMUM     84.2              86.8    -2.6     91.0
AVG. MINIMUM     61.8              61.5     0.3     63.2
MEAN             73.0              74.1    -1.1     77.1
DAYS MAX >= 90      5              10.4    -5.4       18
DAYS MAX <= 32      0               0.0     0.0        0
DAYS MIN <= 32      0               0.0     0.0        0
DAYS MIN <= 0       0               0.0     0.0        0

PRECIPITATION (INCHES)
RECORD
 MAXIMUM         9.06   1993
 MINIMUM         0.23   2002
TOTALS           2.20              2.95   -0.75     1.36
DAILY AVG.       0.07              0.10   -0.03     0.04
DAYS >= .01        13                MM      MM        8
DAYS >= .10         7                MM      MM        5
DAYS >= .50         1                MM      MM        1
DAYS >= 1.00        0                MM      MM        0
GREATEST
 24 HR. TOTAL    1.93   06/30 TO 07/01           07/02 TO 07/02
                        07/01 TO 07/01                    07/02 TO 07/02EATHER         OBSERVED          NORMAL  DEPART  LAST YEAR`S
                        07/01 TO 07/02                    07/02 TO 07/02EATHER         OBSERVED          NORMAL  DEPART  LAST YEAR`S

SNOWFALL (INCHES)
TOTALS             MM
SINCE 7/1          MM
SNOWDEPTH AVG.     MM
DAYS >= TRACE      MM
DAYS >= 1.0        MM
GREATEST
 SNOW DEPTH        MM

DEGREE_DAYS
HEATING TOTAL       3                 5      -2        0
 SINCE 7/1          3                 5      -2        0
COOLING TOTAL     257               288     -31      381
 SINCE 1/1        609               474     135      619
.................................................................

WIND (MPH)
AVERAGE WIND SPEED              7.2
HIGHEST WIND SPEED/DIRECTION    29/290    DATE  07/12
HIGHEST GUST SPEED/DIRECTION    47/250    DATE  07/04

AVERAGE RH (PERCENT)     76

WEATHER CONDITIONS. NUMBER OF DAYS WITH
THUNDERSTORM             16     MIXED PRECIP               0
HEAVY RAIN                3     RAIN                       6
LIGHT RAIN               14     FREEZING RAIN              0
LT FREEZING RAIN          0     HAIL                       0
HEAVY SNOW                0     SNOW                       0
LIGHT SNOW                0     SLEET                      0
FOG                      12     FOG W/VIS <= 1/4 MILE      3
HAZE                      0

-  INDICATES NEGATIVE NUMBERS.
R  INDICATES RECORD WAS SET OR TIED.
MM INDICATES DATA IS MISSING.
T  INDICATES TRACE AMOUNT.

$$
