000
CXUS53 KLBF 011205
CLMBBW


CLIMATE REPORT
NATIONAL WEATHER SERVICE NORTH PLATTE
603 AM CST FRI FEB 1 2019

...................................

...THE BROKEN BOW NE CLIMATE SUMMARY FOR THE MONTH OF JANUARY 2019...

CLIMATE NORMAL PERIOD 1981 TO 2010
CLIMATE RECORD PERIOD 1894 TO 2019

WEATHER         OBSERVED          NORMAL  DEPART  LAST YEAR`S
                 VALUE   DATE(S)  VALUE   FROM    VALUE  DATE(S)
                                          NORMAL
................................................................
TEMPERATURE (F)
RECORD
 HIGH              78   01/25/1896
 LOW              -42   01/23/1915
HIGHEST            54   01/27        59      -5       58  01/19
LOWEST                  01/30       -15      14      -19  01/01
AVG. MAXIMUM     36.6              37.6    -1.0     35.2
AVG. MINIMUM     17.4              13.5     3.9     13.3
MEAN             27.0              25.5     1.5     24.2
DAYS MAX >= 90      0               0.0     0.0        0
DAYS MAX <= 32     11              10.7     0.3       13
DAYS MIN <= 32     29              30.2    -1.2       30
DAYS MIN <= 0       1               4.6    -3.6        5

PRECIPITATION (INCHES)
RECORD
 MAXIMUM         1.98   1941
 MINIMUM         0.00   1981
                        1933
TOTALS           0.07              0.45   -0.38     0.37
DAILY AVG.       0.00              0.01   -0.01     0.01
DAYS >= .01         3                MM      MM        6
DAYS >= .10         0                MM      MM        1
DAYS >= .50         0                MM      MM        0
DAYS >= 1.00        0                MM      MM        0
GREATEST
 24 HR. TOTAL    0.05   01/16 TO 01/16

SNOWFALL (INCHES)
TOTALS             MM
SINCE 7/1         0.0
SNOWDEPTH AVG.     MM
DAYS >= TRACE      MM
DAYS >= 1.0        MM
GREATEST
 SNOW DEPTH        MM

DEGREE_DAYS
HEATING TOTAL    1169              1223     -54     1255
 SINCE 7/1       3967              3978     -11     3744
COOLING TOTAL       0                 0       0        0
 SINCE 1/1          0                 0       0        0
.................................................................

WIND (MPH)
AVERAGE WIND SPEED              10.0
HIGHEST WIND SPEED/DIRECTION    52/330    DATE  01/28
HIGHEST GUST SPEED/DIRECTION    70/330    DATE  01/28

AVERAGE RH (PERCENT)     73

WEATHER CONDITIONS. NUMBER OF DAYS WITH
THUNDERSTORM              0     MIXED PRECIP               0
HEAVY RAIN                0     RAIN                       0
LIGHT RAIN                1     FREEZING RAIN              0
LT FREEZING RAIN          3     HAIL                       0
HEAVY SNOW                0     SNOW                       0
LIGHT SNOW                8     SLEET                      0
FOG                       9     FOG W/VIS <= 1/4 MILE      0
HAZE                      0

-  INDICATES NEGATIVE NUMBERS.
R  INDICATES RECORD WAS SET OR TIED.
MM INDICATES DATA IS MISSING.
T  INDICATES TRACE AMOUNT.

$$
