000
CXUS51 KBOX 011540
CLMBDL


CLIMATE REPORT
NATIONAL WEATHER SERVICE BOSTON/NORTON MA
1025 AM EST SAT DEC 1 2018

...................................

...THE HARTFORD CT CLIMATE SUMMARY FOR THE MONTH OF NOVEMBER 2018...

CLIMATE NORMAL PERIOD 1981 TO 2010
CLIMATE RECORD PERIOD 1904 TO 2018

WEATHER         OBSERVED          NORMAL  DEPART
                 VALUE   DATE(S)  VALUE   FROM
                                          NORMAL
................................................
TEMPERATURE (F)
RECORD
 HIGH              83   11/02/1950
 LOW                1   11/24/1989
HIGHEST            69   11/01
LOWEST              5   11/23
AVG. MAXIMUM     45.9              51.6    -5.7
AVG. MINIMUM     31.1              33.2    -2.1
MEAN             38.5              42.4    -3.9
DAYS MAX >= 90      0               0.0     0.0
DAYS MAX <= 32      2               0.3     1.7
DAYS MIN <= 32     17              14.5     2.5
DAYS MIN <= 0       0               0.0     0.0

PRECIPITATION (INCHES)
RECORD
 MAXIMUM         8.53   1972
 MINIMUM         0.40   2012
TOTALS           8.25              3.89    4.36
DAYS >= .01        15              10.7     4.3
DAYS >= .10        14               6.3     7.7
DAYS >= .50         7               2.8     4.2
DAYS >= 1.00        3               1.1     1.9
GREATEST
 24 HR. TOTAL    1.36   11/02 TO 11/02

SNOWFALL (INCHES)
RECORDS
 TOTAL           15.6   1938
 SNOW DEPTH        16   11/30/1938
TOTALS            8.0               2.0     6.0
SINCE 7/1         8.0               2.0     6.0
SNOWDEPTH AVG.      1
GREATEST
 SNOW DEPTH         7   11/16
 24 HR TOTAL      7.6   11/15 TO 11/15

DEGREE_DAYS
HEATING TOTAL     789               678     111
 SINCE 7/1       1274              1207      67
COOLING TOTAL       0                 0       0
 SINCE 1/1       1092               756     336
.................................................

WIND (MPH)
AVERAGE WIND SPEED              8.4
RESULTANT WIND SPEED/DIRECTION   5/307
HIGHEST WIND SPEED/DIRECTION    39/290    DATE  11/21
HIGHEST GUST SPEED/DIRECTION    48/290    DATE  11/21

SKY COVER
POSSIBLE SUNSHINE (PERCENT)   MM
AVERAGE SKY COVER           0.70
NUMBER OF DAYS FAIR            2
NUMBER OF DAYS PC             17
NUMBER OF DAYS CLOUDY         11

AVERAGE RH (PERCENT)     71

WEATHER CONDITIONS. NUMBER OF DAYS WITH
THUNDERSTORM              0     MIXED PRECIP               0
HEAVY RAIN                6     RAIN                      12
LIGHT RAIN               17     FREEZING RAIN              1
LT FREEZING RAIN          2     HAIL                       0
HEAVY SNOW                1     SNOW                       3
LIGHT SNOW                5     SLEET                      2
FOG                      18     FOG W/VIS <= 1/4 MILE      1
HAZE                      0

-  INDICATES NEGATIVE NUMBERS.
R  INDICATES RECORD WAS SET OR TIED.
MM INDICATES DATA IS MISSING.
T  INDICATES TRACE AMOUNT.

$$
