000
CXUS51 KBOX 011804 CCB
CLMBDL

CLIMATE REPORT
NATIONAL WEATHER SERVICE BOSTON/NORTON MA
1230 PM EDT SAT SEP 1 2018

...................................

...THE HARTFORD CT CLIMATE SUMMARY FOR THE MONTH OF AUGUST 2018...

CLIMATE NORMAL PERIOD 1981 TO 2010
CLIMATE RECORD PERIOD 1904 TO 2018

WEATHER         OBSERVED          NORMAL  DEPART
                 VALUE   DATE(S)  VALUE   FROM
                                          NORMAL
................................................
TEMPERATURE (F)
RECORD
 HIGH             102   08/09/2001
 LOW               36   08/31/1965
HIGHEST            95   08/29
                        08/28
LOWEST             54   08/24
AVG. MAXIMUM     85.6              82.7     2.9
AVG. MINIMUM     66.2              61.1     5.1
MEAN             75.9              71.9     4.0
DAYS MAX >= 90      9               4.0     5.0
DAYS MAX <= 32      0               0.0     0.0
DAYS MIN <= 32      0               0.0     0.0
DAYS MIN <= 0       0               0.0     0.0

PRECIPITATION (INCHES)
RECORD
 MAXIMUM        21.87   1955
 MINIMUM         0.54   1981
TOTALS           9.10              3.93    5.17
DAYS >= .01        16              10.0     6.0
DAYS >= .10        12               5.8     6.2
DAYS >= .50         6               2.4     3.6
DAYS >= 1.00        4               1.2     2.8
GREATEST 24 HR. TOTAL    2.15   08/07 TO 08/08

SNOWFALL (INCHES)
RECORDS
 TOTAL              T   2008
 SNOW DEPTH         0   MM
TOTALS            0.0               0.0     0.0
SINCE 7/1         0.0               0.0     0.0
SNOWDEPTH AVG.      0
GREATEST
 SNOW DEPTH         0   MM
 24 HR TOTAL      0.0   08/31 TO 08/31

DEGREE_DAYS
HEATING TOTAL       0                 9      -9
 SINCE 7/1          0                12     -12
COOLING TOTAL     347               223     124
 SINCE 1/1        913               675     238
.................................................

WIND (MPH)
AVERAGE WIND SPEED              6.2
RESULTANT WIND SPEED/DIRECTION   1/233
HIGHEST WIND SPEED/DIRECTION    33/200    DATE  08/07
HIGHEST GUST SPEED/DIRECTION    40/190    DATE  08/07

SKY COVER
POSSIBLE SUNSHINE (PERCENT)   MM
AVERAGE SKY COVER           0.60
NUMBER OF DAYS FAIR            7
NUMBER OF DAYS PC             16
NUMBER OF DAYS CLOUDY          8

AVERAGE RH (PERCENT)     74

WEATHER CONDITIONS. NUMBER OF DAYS WITH
THUNDERSTORM              9     MIXED PRECIP               0
HEAVY RAIN               11     RAIN                      12
LIGHT RAIN               16     FREEZING RAIN              0
LT FREEZING RAIN          0     HAIL                       0
HEAVY SNOW                0     SNOW                       0
LIGHT SNOW                0     SLEET                      0
FOG                      20     FOG W/VIS <= 1/4 MILE      2
HAZE                      3


-  INDICATES NEGATIVE NUMBERS.
R  INDICATES RECORD WAS SET OR TIED.
MM INDICATES DATA IS MISSING.
T  INDICATES TRACE AMOUNT.

$$
