000
CXUS51 KBOX 011539 CCA
CLMBDL

CLIMATE REPORT
NATIONAL WEATHER SERVICE TAUNTON MA
1008 AM EST THU FEB 1 2018

...................................

...THE HARTFORD CT CLIMATE SUMMARY FOR THE MONTH OF JANUARY 2018...

CLIMATE NORMAL PERIOD 1981 TO 2010
CLIMATE RECORD PERIOD 1904 TO 2018

WEATHER         OBSERVED          NORMAL  DEPART
                 VALUE   DATE(S)  VALUE   FROM
                                          NORMAL
................................................
TEMPERATURE (F)
RECORD
 HIGH              72   01/06/2007
 LOW              -26   01/22/1961
HIGHEST            60   01/12
LOWEST             -9   01/07
AVG. MAXIMUM     34.6              34.5     0.1
AVG. MINIMUM     15.8              17.7    -1.9
MEAN             25.2              26.1    -0.9
DAYS MAX >= 90      0               0.0     0.0
DAYS MAX <= 32     15              12.3     2.7
DAYS MIN <= 32     27              27.8    -0.8
DAYS MIN <= 0       4               2.4     1.6

PRECIPITATION (INCHES)
RECORD
 MAXIMUM         9.61   1978
 MINIMUM         0.38   1981
TOTALS           3.86              3.23    0.63
DAYS >= .01         8              10.8    -2.8
DAYS >= .10         5               6.1    -1.1
DAYS >= .50         3               2.6     0.4
DAYS >= 1.00        1               0.7     0.3
GREATEST
 24 HR. TOTAL    1.94   01/12 TO 01/13

SNOWFALL (INCHES)
RECORDS
 TOTAL           57.0   2011
 SNOW DEPTH        38   01/13/1996
TOTALS           13.7              12.3     1.4
SINCE 7/1        23.5              21.7     1.8
SNOWDEPTH AVG.      3
GREATEST
 SNOW DEPTH        12   01/05
 24 HR TOTAL     10.2   01/04 TO 01/04

DEGREE_DAYS
HEATING TOTAL    1227              1206      21
 SINCE 7/1       3377              3450     -73
COOLING TOTAL       0                 0       0
 SINCE 1/1          0                 0       0
.................................................

WIND (MPH)
AVERAGE WIND SPEED              9.1
RESULTANT WIND SPEED/DIRECTION   4/296
HIGHEST WIND SPEED/DIRECTION    38/290    DATE  01/05
HIGHEST GUST SPEED/DIRECTION    47/180    DATE  01/13

SKY COVER
POSSIBLE SUNSHINE (PERCENT)   MM
AVERAGE SKY COVER           0.60
NUMBER OF DAYS FAIR            8
NUMBER OF DAYS PC             11
NUMBER OF DAYS CLOUDY         12

AVERAGE RH (PERCENT)     67

WEATHER CONDITIONS. NUMBER OF DAYS WITH
THUNDERSTORM              0     MIXED PRECIP               0
HEAVY RAIN                2     RAIN                       3
LIGHT RAIN                5     FREEZING RAIN              0
LT FREEZING RAIN          2     HAIL                       0
HEAVY SNOW                1     SNOW                       2
LIGHT SNOW                6     SLEET                      1
FOG                       10    FOG W/VIS <= 1/4 MILE      5
HAZE                      1

-  INDICATES NEGATIVE NUMBERS.
R  INDICATES RECORD WAS SET OR TIED.
MM INDICATES DATA IS MISSING.
T  INDICATES TRACE AMOUNT.

$$

SIPPRELL
