000
CXUS51 KOKX 031610
CLMBDR

CLIMATE REPORT
NATIONAL WEATHER SERVICE NEW YORK NY
1232 PM EDT SUN JUL 1 2018

...................................

...THE BRIDGEPORT CT CLIMATE SUMMARY FOR THE MONTH OF JUNE 2018...

CLIMATE NORMAL PERIOD 1981 TO 2010
CLIMATE RECORD PERIOD 1948 TO 2018

WEATHER         OBSERVED          NORMAL  DEPART  LAST YEAR`S
                 VALUE   DATE(S)  VALUE   FROM    VALUE  DATE(S)
                                          NORMAL
................................................................
TEMPERATURE (F)
RECORD
 HIGH              97   06/09/2008
 LOW               41   06/01/1967
HIGHEST            90   06/30        MM      MM       94  06/13
                        06/29
LOWEST             51   06/04        MM      MM       50  06/09
AVG. MAXIMUM     76.6              77.0    -0.4     79.7
AVG. MINIMUM     60.9              60.4     0.5     62.2
MEAN             68.8              68.7     0.1     71.0
DAYS MAX >= 90      2               1.1     0.9        4
DAYS MAX <= 32      0               0.0     0.0        0
DAYS MIN <= 32      0               0.0     0.0        0
DAYS MIN <= 0       0               0.0     0.0        0

PRECIPITATION (INCHES)
RECORD
 MAXIMUM        17.70   1972
 MINIMUM         0.07   1949
TOTALS           4.06              3.61    0.45     2.40
DAILY AVG.       0.14              0.12    0.02     0.08
DAYS >= .01        14              11.1     2.9       13
DAYS >= .10         6               6.8    -0.8        5
DAYS >= .50         3               2.3     0.7        2
DAYS >= 1.00        2               0.8     1.2        0
GREATEST
 24 HR. TOTAL    1.04   06/04 TO 06/04           06/19 TO 06/19
                                                          06/30 TO 06/30EATHER         OBSERVED          NORMAL  DEPART  LAST YEAR`S
                                                          06/30 TO 06/30EATHER         OBSERVED          NORMAL  DEPART  LAST YEAR`S
 STORM TOTAL       MM                                 MM
 (MM/DD(HH))            MM                    06/19(00) TO 06/19(00)
                                                 06/30(00) TO 06/30(00)0EATHER         OBSERVED          NORMAL  DEPART  LAST YEAR`S
                                                 06/30(00) TO 06/30(00)0EATHER         OBSERVED          NORMAL  DEPART  LAST YEAR`S

DEGREE_DAYS
HEATING TOTAL      22                32     -10       25
 SINCE 7/1       5092              5392    -300     4565
COOLING TOTAL     144               143       1      214
 SINCE 1/1        192               167      25      258
.................................................................

WIND (MPH)
AVERAGE WIND SPEED              7.5
HIGHEST WIND SPEED/DIRECTION    31/090    DATE  06/02
HIGHEST GUST SPEED/DIRECTION    41/090    DATE  06/02


WEATHER CONDITIONS. NUMBER OF DAYS WITH
THUNDERSTORM              4     MIXED PRECIP               0
HEAVY RAIN                7     RAIN                       4
LIGHT RAIN               13     FREEZING RAIN              0
LT FREEZING RAIN          0     HAIL                       0
HEAVY SNOW                0     SNOW                       0
LIGHT SNOW                0     SLEET                      0
FOG                      16     FOG W/VIS <= 1/4 MILE      2
HAZE                      1

-  INDICATES NEGATIVE NUMBERS.
R  INDICATES RECORD WAS SET OR TIED.
MM INDICATES DATA IS MISSING.
T  INDICATES TRACE AMOUNT.

$$
