000
CXUS51 KOKX 011601
CLMBDR

CLIMATE REPORT
NATIONAL WEATHER SERVICE NEW YORK NY
1101 AM EST TUE JAN 1 2019

...................................

...THE BRIDGEPORT CT CLIMATE SUMMARY FOR THE MONTH OF DECEMBER 2018...

CLIMATE NORMAL PERIOD 1981 TO 2010
CLIMATE RECORD PERIOD 1948 TO 2018

WEATHER         OBSERVED          NORMAL  DEPART  LAST YEAR`S
                 VALUE   DATE(S)  VALUE   FROM    VALUE  DATE(S)
                                          NORMAL
................................................................
TEMPERATURE (F)
RECORD
 HIGH              76   12/07/1998
 LOW               -4   12/26/1980
                        12/25/1980
HIGHEST            62   12/21        MM      MM       59  12/05
LOWEST             20   12/08        MM      MM        6  12/31
AVG. MAXIMUM     44.5              42.3     2.2     39.4
AVG. MINIMUM     30.9              28.4     2.5     27.4
MEAN             37.7              35.4     2.3     33.4
DAYS MAX >= 90      0               0.0     0.0        0
DAYS MAX <= 32      0               3.8    -3.8        8
DAYS MIN <= 32     20              20.2    -0.2       20
DAYS MIN <= 0       0               0.0     0.0        0

PRECIPITATION (INCHES)
RECORD
 MAXIMUM         7.87   1972
 MINIMUM         0.33   1955
TOTALS           5.98              3.33    2.65     1.69
DAILY AVG.       0.19              0.11    0.08     0.05
DAYS >= .01        11              11.1    -0.1       10
DAYS >= .10         6               6.8    -0.8        5
DAYS >= .50         5               2.4     2.6        0
DAYS >= 1.00        3               0.6     2.4        0
GREATEST
 24 HR. TOTAL    1.82   12/21 TO 12/21           12/23 TO 12/23
                                                          12/09 TO 12/09EATHER         OBSERVED          NORMAL  DEPART  LAST YEAR`S
                                                          12/09 TO 12/09EATHER         OBSERVED          NORMAL  DEPART  LAST YEAR`S
 STORM TOTAL       MM                                 MM
 (MM/DD(HH))            MM                    12/23(00) TO 12/23(00)
                                                 12/09(00) TO 12/09(00)9EATHER         OBSERVED          NORMAL  DEPART  LAST YEAR`S
                                                 12/09(00) TO 12/09(00)9EATHER         OBSERVED          NORMAL  DEPART  LAST YEAR`S

SNOWFALL (INCHES)
TOTALS            0.5               5.1    -4.6      8.7
 LIQUID EQUIV    0.05              0.50   -0.45     0.87
SINCE 7/1         6.3               5.8     0.5      8.7
 LIQUID 7/1      0.63              0.60    0.03     0.87
SNOWDEPTH AVG.      0                MM      MM        0
DAYS >= TRACE       4               3.1     0.9       11
DAYS >= 1.0         0               1.5    -1.5        4
GREATEST
 SNOW DEPTH         1   12/24                          4  12/10
 24 HR TOTAL      0.5   12/24 TO 12/24           12/09 TO 12/09
                                                          12/09 TO 12/09EATHER         OBSERVED          NORMAL  DEPART  LAST YEAR`S
                                                          12/09 TO 12/09EATHER         OBSERVED          NORMAL  DEPART  LAST YEAR`S
 STORM TOTAL       MM                                 MM
 (MM/DD(HH))            MM                    12/09(00) TO 12/09(00)
                                                 12/09(00) TO 12/09(00)9EATHER         OBSERVED          NORMAL  DEPART  LAST YEAR`S
                                                 12/09(00) TO 12/09(00)9EATHER         OBSERVED          NORMAL  DEPART  LAST YEAR`S

DEGREE_DAYS
HEATING TOTAL     840               919     -79      971
 SINCE 7/1       1804              1893     -89     1726
COOLING TOTAL       0                 0       0        0
 SINCE 1/1       1172               825     347     1053
.................................................................

WIND (MPH)
AVERAGE WIND SPEED              7.8
HIGHEST WIND SPEED/DIRECTION    31/300    DATE  12/18
HIGHEST GUST SPEED/DIRECTION    45/300    DATE  12/18


WEATHER CONDITIONS. NUMBER OF DAYS WITH
THUNDERSTORM              0     MIXED PRECIP               0
HEAVY RAIN                4     RAIN                       5
LIGHT RAIN               15     FREEZING RAIN              0
LT FREEZING RAIN          0     HAIL                       0
HEAVY SNOW                0     SNOW                       0
LIGHT SNOW                4     SLEET                      0
FOG                      14     FOG W/VIS <= 1/4 MILE      4
HAZE                      1

-  INDICATES NEGATIVE NUMBERS.
R  INDICATES RECORD WAS SET OR TIED.
MM INDICATES DATA IS MISSING.
T  INDICATES TRACE AMOUNT.

$$
