448
CXUS51 KOKX 011348
CLMBDR

CLIMATE REPORT
NATIONAL WEATHER SERVICE NEW YORK NY
946 AM EDT MON OCT 1 2018

...................................

...THE BRIDGEPORT CT CLIMATE SUMMARY FOR THE MONTH OF SEPTEMBER 2018...

CLIMATE NORMAL PERIOD 1981 TO 2010
CLIMATE RECORD PERIOD 1948 TO 2018

WEATHER         OBSERVED          NORMAL  DEPART  LAST YEAR`S
                 VALUE   DATE(S)  VALUE   FROM    VALUE  DATE(S)
                                          NORMAL
................................................................
TEMPERATURE (F)
RECORD
 HIGH              99   09/02/1953
 LOW               36   09/24/1963
                        09/28/1957
                        09/21/1956
HIGHEST            92   09/06        MM      MM       87  09/23
LOWEST             52   09/30        MM      MM       50  09/29
                        09/29
AVG. MAXIMUM     75.6              74.0     1.6     76.5
AVG. MINIMUM     63.4              58.3     5.1     61.7
MEAN             69.5              66.2     3.3     69.1
DAYS MAX >= 90      1               0.3     0.7        0
DAYS MAX <= 32      0               0.0     0.0        0
DAYS MIN <= 32      0               0.0     0.0        0
DAYS MIN <= 0       0               0.0     0.0        0

PRECIPITATION (INCHES)
RECORD
 MAXIMUM         7.42   1960
 MINIMUM         0.43   1959
TOTALS           8.59R             3.48    5.11     1.73
DAILY AVG.       0.29              0.12    0.17     0.06
DAYS >= .01        12               8.2     3.8        7
DAYS >= .10         8               5.4     2.6        5
DAYS >= .50         7               2.5     4.5        2
DAYS >= 1.00        3               0.9     2.1        0
GREATEST
 24 HR. TOTAL    2.00   09/18 TO 09/18           09/03 TO 09/03
                                                          09/30 TO 09/30EATHER         OBSERVED          NORMAL  DEPART  LAST YEAR`S
                                                          09/30 TO 09/30EATHER         OBSERVED          NORMAL  DEPART  LAST YEAR`S
 STORM TOTAL       MM                                 MM
 (MM/DD(HH))            MM                    09/03(00) TO 09/03(00)
                                                 09/30(00) TO 09/30(00)0EATHER         OBSERVED          NORMAL  DEPART  LAST YEAR`S
                                                 09/30(00) TO 09/30(00)0EATHER         OBSERVED          NORMAL  DEPART  LAST YEAR`S

DEGREE_DAYS
HEATING TOTAL      33                64     -31       25
 SINCE 7/1         33                68     -35       25
COOLING TOTAL     174                98      76      157
 SINCE 1/1       1128               816     312      994
.................................................................

WIND (MPH)
AVERAGE WIND SPEED              8.5
HIGHEST WIND SPEED/DIRECTION    30/100    DATE  09/10
HIGHEST GUST SPEED/DIRECTION    37/100    DATE  09/10


WEATHER CONDITIONS. NUMBER OF DAYS WITH
THUNDERSTORM              4     MIXED PRECIP               0
HEAVY RAIN                8     RAIN                       6
LIGHT RAIN               16     FREEZING RAIN              0
LT FREEZING RAIN          0     HAIL                       0
HEAVY SNOW                0     SNOW                       0
LIGHT SNOW                0     SLEET                      0
FOG                      11     FOG W/VIS <= 1/4 MILE      0
HAZE                      3

-  INDICATES NEGATIVE NUMBERS.
R  INDICATES RECORD WAS SET OR TIED.
MM INDICATES DATA IS MISSING.
T  INDICATES TRACE AMOUNT.

$$
