000
CXUS51 KOKX 022306
CLMBDR

CLIMATE REPORT
NATIONAL WEATHER SERVICE NEW YORK NY
606 PM EST FRI FEB 2 2018

...................................

...THE BRIDGEPORT CT CLIMATE SUMMARY FOR THE MONTH OF JANUARY 2018...

CLIMATE NORMAL PERIOD 1981 TO 2010
CLIMATE RECORD PERIOD 1948 TO 2018

WEATHER         OBSERVED          NORMAL  DEPART  LAST YEAR`S
                 VALUE   DATE(S)  VALUE   FROM    VALUE  DATE(S)
                                          NORMAL
................................................................
TEMPERATURE (F)
RECORD
 HIGH              68   01/06/2007
                        01/29/2002
 LOW               -7   01/22/1984
HIGHEST            55   01/12        MM      MM       56  01/13
LOWEST             -2   01/07        MM      MM        9  01/09
AVG. MAXIMUM     36.2              37.1    -0.9     42.9
AVG. MINIMUM     20.9              23.0    -2.1     31.0
MEAN             28.6              30.1    -1.5     36.9
DAYS MAX >= 90      0               0.0     0.0        0
DAYS MAX <= 32     11               8.5     2.5        4
DAYS MIN <= 32     27              25.0     2.0       15
DAYS MIN <= 0       1               0.3     0.7        0

PRECIPITATION (INCHES)
RECORD
 MAXIMUM        11.20   1979
 MINIMUM         0.40   1970
TOTALS           2.50              3.10   -0.60     3.28
DAILY AVG.       0.08              0.10   -0.02     0.11
DAYS >= .01         9              10.9    -1.9       15
DAYS >= .10         7               6.3     0.7       11
DAYS >= .50         2               2.0     0.0        3
DAYS >= 1.00        0               0.5    -0.5        0
GREATEST
 24 HR. TOTAL    0.86   01/04 TO 01/04           01/23 TO 01/24
                                                          01/24 TO 01/24EATHER         OBSERVED          NORMAL  DEPART  LAST YEAR`S
                                                          01/24 TO 01/24EATHER         OBSERVED          NORMAL  DEPART  LAST YEAR`S
 STORM TOTAL       MM                                 MM
 (MM/DD(HH))            MM                    01/24(00) TO 01/24(00)
                                                 01/24(00) TO 01/24(00)4EATHER         OBSERVED          NORMAL  DEPART  LAST YEAR`S
                                                 01/24(00) TO 01/24(00)4EATHER         OBSERVED          NORMAL  DEPART  LAST YEAR`S

SNOWFALL (INCHES)
TOTALS           11.4               7.7     3.7     11.0
 LIQUID EQUIV    1.14              0.80    0.34     1.10
SINCE 7/1        20.1              13.5     6.6     17.0
 LIQUID 7/1      2.01              1.40    0.61     1.70
SNOWDEPTH AVG.      2                 3      -1        0
DAYS >= TRACE       5               4.8     0.2        6
DAYS >= 1.0         2               2.5    -0.5        4
GREATEST
 SNOW DEPTH         8   01/05                          5  01/08
 24 HR TOTAL      9.0   01/04 TO 01/04           01/24 TO 01/24
                                                          01/24 TO 01/24EATHER         OBSERVED          NORMAL  DEPART  LAST YEAR`S
                                                          01/24 TO 01/24EATHER         OBSERVED          NORMAL  DEPART  LAST YEAR`S
 STORM TOTAL       MM                                 MM
 (MM/DD(HH))            MM                    01/24(00) TO 01/24(00)
                                                 01/24(00) TO 01/24(00)4EATHER         OBSERVED          NORMAL  DEPART  LAST YEAR`S
                                                 01/24(00) TO 01/24(00)4EATHER         OBSERVED          NORMAL  DEPART  LAST YEAR`S

DEGREE_DAYS
HEATING TOTAL    1123              1083      40      863
 SINCE 7/1       2849              2976    -127     2428
COOLING TOTAL       0                 0       0        0
 SINCE 1/1          0                 0       0        0
.................................................................

WIND (MPH)
AVERAGE WIND SPEED              9.6
HIGHEST WIND SPEED/DIRECTION    37/290    DATE  01/05
HIGHEST GUST SPEED/DIRECTION    52/330    DATE  01/04


WEATHER CONDITIONS. NUMBER OF DAYS WITH
THUNDERSTORM              0     MIXED PRECIP               0
HEAVY RAIN                1     RAIN                       2
LIGHT RAIN                7     FREEZING RAIN              0
LT FREEZING RAIN          0     HAIL                       0
HEAVY SNOW                0     SNOW                       2
LIGHT SNOW                5     SLEET                      0
FOG                      10     FOG W/VIS <= 1/4 MILE      7
HAZE                      5

-  INDICATES NEGATIVE NUMBERS.
R  INDICATES RECORD WAS SET OR TIED.
MM INDICATES DATA IS MISSING.
T  INDICATES TRACE AMOUNT.

$$
