740
CXAK58 PABE 061722
CLMBET


CLIMATE REPORT
NATIONAL WEATHER SERVICE ANCHORAGE, AK
922 AM AKDT THU SEP 6 2018

...................................

...THE BETHEL CLIMATE SUMMARY FOR THE MONTH OF AUGUST 2018...

CLIMATE NORMAL PERIOD 1981 TO 2010
CLIMATE RECORD PERIOD 1948 TO 2018

WEATHER         OBSERVED          NORMAL  DEPART  LAST YEAR`S
                 VALUE   DATE(S)  VALUE   FROM    VALUE  DATE(S)
                                          NORMAL
................................................................
TEMPERATURE (F)
RECORD
 HIGH              87   MM
 LOW               13   08/07/2017
HIGHEST            66                MM      MM       80
LOWEST             38                MM      MM       37
AVG. MAXIMUM     58.6              60.0    -1.4     60.6
AVG. MINIMUM     47.1              47.0     0.1     47.5
MEAN             52.9              53.5    -0.6     54.0
DAYS MAX >= 90      0               0.0     0.0        0
DAYS MAX <= 32      0               0.0     0.0        0
DAYS MIN <= 32      0               0.1    -0.1        0
DAYS MIN <= 0       0               0.0     0.0        0

PRECIPITATION (INCHES)
RECORD
 MAXIMUM           MM   MM
 MINIMUM           MM   MM
TOTALS           5.06              3.25    1.81     4.96
DAILY AVG.       0.16              0.10    0.06     0.16
DAYS >= .01        23              18.0     5.0       20
DAYS >= .10        14               9.3     4.7       11
DAYS >= .50         3               1.6     1.4        3
DAYS >= 1.00        0               0.2    -0.2        1
GREATEST
 24 HR. TOTAL    0.97   08/13 TO 08/13           08/12 TO 08/12
                                                          08/31 TO 08/31EATHER         OBSERVED          NORMAL  DEPART  LAST YEAR`S
                                                          08/31 TO 08/31EATHER         OBSERVED          NORMAL  DEPART  LAST YEAR`S
 STORM TOTAL       MM                                 MM
 (MM/DD(HH))            MM                    08/12(00) TO 08/12(00)
                                                 08/31(00) TO 08/31(00)1EATHER         OBSERVED          NORMAL  DEPART  LAST YEAR`S
                                                 08/31(00) TO 08/31(00)1EATHER         OBSERVED          NORMAL  DEPART  LAST YEAR`S

SNOWFALL (INCHES)
RECORDS
 TOTAL             MM   MM
 24 HR TOTAL       MM
 SNOW DEPTH        MM   MM
TOTALS            0.0               0.0     0.0      0.0
SINCE 7/1         0.0               0.0     0.0      0.0
SNOWDEPTH AVG.      0                MM      MM        0
DAYS >= TRACE       0               0.0     0.0        0
DAYS >= 1.0         0               0.0     0.0
GREATEST
 SNOW DEPTH         0   MM                             0  MM
 24 HR TOTAL      0.0   08/31 TO 08/31           08/31 TO 08/31
                                                          08/31 TO 08/31EATHER         OBSERVED          NORMAL  DEPART  LAST YEAR`S
                                                          08/31 TO 08/31EATHER         OBSERVED          NORMAL  DEPART  LAST YEAR`S
 STORM TOTAL       MM                                 MM
 (MM/DD(HH))            MM

DEGREE_DAYS
HEATING TOTAL     368               358      10      336
 SINCE 7/1        608               636     -28      551
COOLING TOTAL       0                 1      -1        3
 SINCE 1/1          1                 4      -3        6

FREEZE DATES
RECORD
 EARLIEST     MM
 LATEST       MM
EARLIEST                        MM
LATEST                          MM
.................................................................

WIND (MPH)
AVERAGE WIND SPEED              10.3
RESULTANT WIND SPEED/DIRECTION   5/219
HIGHEST WIND SPEED/DIRECTION    30/180    DATE  08/04
HIGHEST GUST SPEED/DIRECTION    39/170    DATE  08/26

SKY COVER
POSSIBLE SUNSHINE (PERCENT)   MM
AVERAGE SKY COVER           0.80
NUMBER OF DAYS FAIR            1
NUMBER OF DAYS PC              8
NUMBER OF DAYS CLOUDY         22

AVERAGE RH (PERCENT)     86

WEATHER CONDITIONS. NUMBER OF DAYS WITH
  0
  6
  0
  0
  0
  0
  4
HAZE                      2

-  INDICATES NEGATIVE NUMBERS.
R  INDICATES RECORD WAS SET OR TIED.
MM INDICATES DATA IS MISSING.
T  INDICATES TRACE AMOUNT.

$$
