000
CXAK58 PABE 011926 CCA
CLMBET

CLIMATE REPORT
NATIONAL WEATHER SERVICE ANCHORAGE, AK
940 AM AKST SAT DEC 1 2018

...................................

...THE BETHEL CLIMATE SUMMARY FOR THE MONTH OF NOVEMBER 2018...

CLIMATE NORMAL PERIOD 1981 TO 2010
CLIMATE RECORD PERIOD 1948 TO 2018

WEATHER         OBSERVED          NORMAL  DEPART  LAST YEAR`S
                 VALUE   DATE(S)  VALUE   FROM    VALUE  DATE(S)
                                          NORMAL
................................................................
TEMPERATURE (F)
RECORD
 HIGH              54   11/02/1926
 LOW              -31   11/30/1939
HIGHEST            40                MM      MM       39
LOWEST                               MM      MM       -1
AVG. MAXIMUM     28.9              23.2     5.7     31.0
AVG. MINIMUM     18.4              11.6     6.8     20.1
MEAN             23.7              17.4     6.3     25.6
DAYS MAX >= 90      0               0.0     0.0        0
DAYS MAX <= 32     20              21.0    -1.0       12
DAYS MIN <= 32     29              28.2     0.8       29
DAYS MIN <= 0       1               6.5    -5.5        1

PRECIPITATION (INCHES)
RECORD
 MAXIMUM           MM   MM
 MINIMUM           MM   MM
TOTALS           1.30              1.60   -0.30     1.97
DAILY AVG.       0.04              0.05   -0.01     0.07
DAYS >= .01        16              12.6     3.4       19
DAYS >= .10         5               4.7     0.3        9
DAYS >= .50         0               0.6    -0.6        1
DAYS >= 1.00        0               0.1    -0.1        0
GREATEST
 24 HR. TOTAL    0.44   11/30 TO 11/30           11/18 TO 11/18
                                                          11/15 TO 11/15EATHER         OBSERVED          NORMAL  DEPART  LAST YEAR`S
                                                          11/15 TO 11/15EATHER         OBSERVED          NORMAL  DEPART  LAST YEAR`S
 STORM TOTAL       MM                                 MM
 (MM/DD(HH))            MM                    11/18(00) TO 11/18(00)
                                                 11/15(00) TO 11/15(00)5EATHER         OBSERVED          NORMAL  DEPART  LAST YEAR`S
                                                 11/15(00) TO 11/15(00)5EATHER         OBSERVED          NORMAL  DEPART  LAST YEAR`S

SNOWFALL (INCHES)
RECORDS
 TOTAL             MM   MM
 24 HR TOTAL       MM
 SNOW DEPTH        MM   MM
TOTALS            0.3              12.9   -12.6      6.1
SINCE 7/1         0.4              17.9   -17.5      7.3
SNOWDEPTH AVG.      T                 4      -4        2
DAYS >= TRACE       1              11.5   -10.5       13
DAYS >= 1.0         0               3.9    -3.9
GREATEST
 SNOW DEPTH         T   11/29                          5  11/28
                        11/24                             11/27
                                                          11/26
 24 HR TOTAL      0.3   11/24 TO 11/24           11/15 TO 11/15
                                                          11/15 TO 11/15EATHER         OBSERVED          NORMAL  DEPART  LAST YEAR`S
                                                          11/15 TO 11/15EATHER         OBSERVED          NORMAL  DEPART  LAST YEAR`S
 STORM TOTAL       MM                                 MM
 (MM/DD(HH))            MM

DEGREE_DAYS
HEATING TOTAL    1232              1428    -196     1175
 SINCE 7/1       2990              3723    -733     3166
COOLING TOTAL       0                 0       0        0
 SINCE 1/1          1                 4      -3        6

FREEZE DATES
RECORD
 EARLIEST     MM
 LATEST       MM
EARLIEST                        MM
LATEST                          MM
.................................................................

WIND (MPH)
AVERAGE WIND SPEED              11.4
RESULTANT WIND SPEED/DIRECTION   5/044
HIGHEST WIND SPEED/DIRECTION    39/020    DATE  11/12
HIGHEST GUST SPEED/DIRECTION    51/020    DATE  11/12

SKY COVER
POSSIBLE SUNSHINE (PERCENT)   MM
AVERAGE SKY COVER           0.70
NUMBER OF DAYS FAIR            7
NUMBER OF DAYS PC              8
NUMBER OF DAYS CLOUDY         15

AVERAGE RH (PERCENT)     92

WEATHER CONDITIONS. NUMBER OF DAYS WITH
THUNDERSTORM              0     MIXED PRECIP               1
HEAVY RAIN                0     RAIN                       1
LIGHT RAIN                5     FREEZING RAIN              0
LT FREEZING RAIN          6     HAIL                       0
HEAVY SNOW                0     SNOW                       3
LIGHT SNOW               13     SLEET                      0
FOG                      22     FOG W/VIS <= 1/4 MILE      9
HAZE                      0                                                    0

-  INDICATES NEGATIVE NUMBERS.
R  INDICATES RECORD WAS SET OR TIED.
MM INDICATES DATA IS MISSING.
T  INDICATES TRACE AMOUNT.

$$
