613
CXUS51 KCTP 011154
CLMBFD

PHLCLMBFD 000
TTAA00 KCTP 011118


CLIMATE REPORT
NATIONAL WEATHER SERVICE STATE COLLEGE PA
618 AM EST FRI FEB 1 2019

...................................

...THE BRADFORD CLIMATE SUMMARY FOR THE MONTH OF JANUARY 2019...

CLIMATE NORMAL PERIOD 1981 TO 2010
CLIMATE RECORD PERIOD 1957 TO 2019

WEATHER         OBSERVED          NORMAL  DEPART  LAST YEAR`S
                 VALUE   DATE(S)  VALUE   FROM    VALUE  DATE(S)
                                          NORMAL
................................................................
TEMPERATURE (F)
RECORD
 HIGH              65   01/11/2018
 LOW              -27   01/17/1982
HIGHEST            56   01/01                         65  01/11
LOWEST            -13   01/31                        -17  01/14
AVG. MAXIMUM     28.7              29.0    -0.3     30.3
AVG. MINIMUM     11.2              13.6    -2.4     11.8
MEAN             20.0              21.3    -1.3     21.1
DAYS MAX >= 90      0                MM      MM        0
DAYS MAX <= 32     20                MM      MM       18
DAYS MIN <= 32     31                MM      MM       27
DAYS MIN <= 0       7                MM      MM        9

PRECIPITATION (INCHES)
RECORD
 MAXIMUM         5.83   1978
 MINIMUM         0.38   2001
TOTALS           3.17              3.29   -0.12     3.65
DAILY AVG.       0.10              0.11   -0.01     0.12
DAYS >= .01        16                MM      MM       13
DAYS >= .10         6                MM      MM        6
DAYS >= .50         2                MM      MM        2
DAYS >= 1.00        0                MM      MM        1
GREATEST
 24 HR. TOTAL    0.91   01/23 TO 01/23           01/12 TO 01/12

DEGREE_DAYS
HEATING TOTAL    1386              1355      31     1357
 SINCE 7/1       4155              4411    -256     4179
COOLING TOTAL       0                 0       0        0
 SINCE 1/1          0                 0       0        0
.................................................................

WIND (MPH)
AVERAGE WIND SPEED              8.9
HIGHEST WIND SPEED/DIRECTION    30/270    DATE  01/01
HIGHEST GUST SPEED/DIRECTION    44/270    DATE  01/01

SKY COVER
POSSIBLE SUNSHINE (PERCENT)   MM
AVERAGE SKY COVER           0.70
NUMBER OF DAYS FAIR            5
NUMBER OF DAYS PC              8
NUMBER OF DAYS CLOUDY         18

AVERAGE RH (PERCENT)     76

WEATHER CONDITIONS. NUMBER OF DAYS WITH
THUNDERSTORM              1     MIXED PRECIP                0
HEAVY RAIN                1     RAIN                        2
LIGHT RAIN                7     FREEZING RAIN               1
LT FREEZING RAIN          6     HAIL                        0
HEAVY SNOW                1     SNOW                        4
LIGHT SNOW               21     SLEET                       0
FOG                      25     FOG W/VIS <= 1/4 MILE       3
HAZE                     16

-  INDICATES NEGATIVE NUMBERS.
R  INDICATES RECORD WAS SET OR TIED.
MM INDICATES DATA IS MISSING.
T  INDICATES TRACE AMOUNT.

$$
