000
CXUS51 KCTP 010906
CLMBFD

CLIMATE REPORT
NATIONAL WEATHER SERVICE STATE COLLEGE PA
447 AM EDT THU NOV 1 2018

...................................

...THE BRADFORD CLIMATE SUMMARY FOR THE MONTH OF OCTOBER 2018...

CLIMATE NORMAL PERIOD 1981 TO 2010
CLIMATE RECORD PERIOD 1957 TO 2018

WEATHER         OBSERVED          NORMAL  DEPART  LAST YEAR`S
                 VALUE   DATE(S)  VALUE   FROM    VALUE  DATE(S)
                                          NORMAL
................................................................
TEMPERATURE (F)
RECORD
 HIGH              81   10/05/2007
 LOW               10   10/29/1965
HIGHEST            80   10/09                         78  10/04
                        10/08
LOWEST             29   10/19                         25  10/17

AVG. MAXIMUM     56.3              57.0    -0.7     62.9
AVG. MINIMUM     41.1              35.9     5.2     42.5
MEAN             48.7              46.5     2.2     52.7
DAYS MAX >= 90      0                MM      MM        0
DAYS MAX <= 32      0                MM      MM        0
DAYS MIN <= 32      7                MM      MM        6
DAYS MIN <= 0       0                MM      MM        0

PRECIPITATION (INCHES)
RECORD
 MAXIMUM         7.85   2016
 MINIMUM         0.70   1963

TOTALS           5.77              3.43    2.34     5.62
DAILY AVG.       0.19              0.11    0.08     0.18
DAYS >= .01        18                MM      MM       14
DAYS >= .10        13                MM      MM        9
DAYS >= .50         3                MM      MM        5
DAYS >= 1.00        2                MM      MM        1
GREATEST
 24 HR. TOTAL    1.39   10/27 TO 10/27

DEGREE_DAYS
HEATING TOTAL     521               576     -55      383
 SINCE 7/1        711               993    -282      668
COOLING TOTAL      21                 1      20        7
 SINCE 1/1        447               193     254      264
.................................................................

WIND (MPH)
AVERAGE WIND SPEED              7.3
HIGHEST WIND SPEED/DIRECTION    30/320    DATE  10/23
HIGHEST GUST SPEED/DIRECTION    42/330    DATE  10/23

SKY COVER
POSSIBLE SUNSHINE (PERCENT)   MM
AVERAGE SKY COVER           0.70
NUMBER OF DAYS FAIR            3
NUMBER OF DAYS PC             12
NUMBER OF DAYS CLOUDY         16

AVERAGE RH (PERCENT)     81

WEATHER CONDITIONS. NUMBER OF DAYS WITH
THUNDERSTORM              2     MIXED PRECIP                0
HEAVY RAIN                5     RAIN                       11
LIGHT RAIN               19     FREEZING RAIN               0
LT FREEZING RAIN          0     HAIL                        0
HEAVY SNOW                0     SNOW                        0
LIGHT SNOW                0     SLEET                       0
FOG                      25     FOG W/VIS <= 1/4 MILE       4
HAZE                      2

-  INDICATES NEGATIVE NUMBERS.
R  INDICATES RECORD WAS SET OR TIED.
MM INDICATES DATA IS MISSING.
T  INDICATES TRACE AMOUNT.

$$

LA CORTE
