000
CXUS51 KCTP 010726
CLMBFD

CLIMATE REPORT
NATIONAL WEATHER SERVICE STATE COLLEGE PA
326 AM EDT WED AUG 1 2018

...................................

...THE BRADFORD CLIMATE SUMMARY FOR THE MONTH OF JULY 2018...

CLIMATE NORMAL PERIOD 1981 TO 2010
CLIMATE RECORD PERIOD 1957 TO 2018

WEATHER         OBSERVED          NORMAL  DEPART  LAST YEAR`S
                 VALUE   DATE(S)  VALUE   FROM    VALUE  DATE(S)
                                          NORMAL
................................................................
TEMPERATURE (F)
RECORD
 HIGH              97   07/22/2011
                        07/16/1988
 LOW               33   07/12/1973
                        07/18/1971
                        07/09/1963
HIGHEST            88   07/01                         85  07/20
                                                          07/19
LOWEST             43   07/08                         44  07/09
                        07/07
AVG. MAXIMUM     79.2              77.3     1.9     77.6
AVG. MINIMUM     55.6              53.3     2.3     56.2
MEAN             67.4              65.3     2.1     66.9
DAYS MAX >= 90      0                MM      MM        0
DAYS MAX <= 32      0                MM      MM        0
DAYS MIN <= 32      0                MM      MM        0
DAYS MIN <= 0       0                MM      MM        0

PRECIPITATION (INCHES)
RECORD
 MAXIMUM        10.09   1992
 MINIMUM         1.39   1966
TOTALS           4.32              4.19    0.13     5.07
DAILY AVG.       0.14              0.14    0.00     0.16
DAYS >= .01        14                MM      MM       11
DAYS >= .10        10                MM      MM        9
DAYS >= .50         4                MM      MM        2
DAYS >= 1.00        1                MM      MM        2
GREATEST
 24 HR. TOTAL    1.21   07/22 TO 07/22

DEGREE_DAYS
HEATING TOTAL      31                64     -33       24
 SINCE 7/1         31                64     -33       24
COOLING TOTAL     116                74      42       90
 SINCE 1/1        212               124      88      180
.................................................................

WIND (MPH)
AVERAGE WIND SPEED              5.1
HIGHEST WIND SPEED/DIRECTION    21/310    DATE  07/29
HIGHEST GUST SPEED/DIRECTION    31/150    DATE  07/21

SKY COVER
POSSIBLE SUNSHINE (PERCENT)   MM
AVERAGE SKY COVER           0.40
NUMBER OF DAYS FAIR           16
NUMBER OF DAYS PC             12
NUMBER OF DAYS CLOUDY          3

AVERAGE RH (PERCENT)     75

WEATHER CONDITIONS. NUMBER OF DAYS WITH
THUNDERSTORM              8     MIXED PRECIP                0
HEAVY RAIN                7     RAIN                        3
LIGHT RAIN               17     FREEZING RAIN               0
LT FREEZING RAIN          0     HAIL                        0
HEAVY SNOW                0     SNOW                        0
LIGHT SNOW                0     SLEET                       0
FOG                      22     FOG W/VIS <= 1/4 MILE       5
HAZE                      2

-  INDICATES NEGATIVE NUMBERS.
R  INDICATES RECORD WAS SET OR TIED.
MM INDICATES DATA IS MISSING.
T  INDICATES TRACE AMOUNT.

&&

A RECORD DAILY RAINFALL OF 1.21 INCHES WAS SET ON 7/22.
A RECORD HIGH TEMPERATURE OF 88 DEGREES WAS SET ON 7/1.

$$
MS
