290
CXUS46 KHNX 011651
CLMBFL


CLIMATE REPORT
NATIONAL WEATHER SERVICE SAN JOAQUIN VALLEY, CA
842 AM PST TUE JAN 1 2019

...................................

...THE BAKERSFIELD CLIMATE SUMMARY FOR THE MONTH OF DECEMBER 2018...

CLIMATE NORMAL PERIOD 1981 TO 2010
CLIMATE RECORD PERIOD 1889 TO 2018

WEATHER         OBSERVED          NORMAL  DEPART  LAST YEAR`S
                 VALUE   DATE(S)  VALUE   FROM    VALUE  DATE(S)
                                          NORMAL
................................................................
TEMPERATURE (F)
RECORD
 HIGH              87   12/02/1915
 LOW               13   12/24/1905
HIGHEST            69   12/16        MM      MM       69  12/31
                        12/04                             12/30
LOWEST             31   12/29        MM      MM       30  12/22
AVG. MAXIMUM     58.7              56.6     2.1     63.3
AVG. MINIMUM     43.4              39.0     4.4     36.7
MEAN             51.1              47.8     3.2     50.0
DAYS MAX >= 90      0               0.0     0.0        0
DAYS MIN <= 32      1               3.6    -2.6        2

PRECIPITATION (INCHES)
RECORD
 MAXIMUM         5.82   2010
TOTALS           0.62              1.02   -0.40     0.04
DAYS >= .01         4               5.9    -1.9        1
DAYS >= .10         3               2.8     0.2        0
DAYS >= .50         0               0.4    -0.4        0
DAYS >= 1.00        0               0.1    -0.1        0
GREATEST
 24 HR. TOTAL    0.31   12/06 TO 12/06

SNOWFALL (INCHES)
RECORDS
 TOTAL             MM   5
TOTALS            0.0               0.0

DEGREE_DAYS
HEATING TOTAL     424               533    -109      459
 SINCE 7/1        622               891    -269      636
COOLING TOTAL       0                 0       0        0
 SINCE 1/1       2794              2258     536     2948
.................................................................

WIND (MPH)
AVERAGE WIND SPEED              4.5
HIGHEST WIND SPEED/DIRECTION    35/130    DATE  12/04
HIGHEST GUST SPEED/DIRECTION    43/120    DATE  12/04

AVERAGE RH (PERCENT)     71

WEATHER CONDITIONS. NUMBER OF DAYS WITH
THUNDERSTORM              0     RAIN                       1
HAIL                      0     FOG                       21
FOG W/VIS <= 1/4 MILE     6     HAZE                      19

-  INDICATES NEGATIVE NUMBERS.
R  INDICATES RECORD WAS SET OR TIED.
MM INDICATES DATA IS MISSING.
T  INDICATES TRACE AMOUNT.

$$
