000
CXUS46 KHNX 012343
CLMBFL


CLIMATE REPORT
NATIONAL WEATHER SERVICE SAN JOAQUIN VALLEY, CA
440 PM PDT MON OCT 1 2018

...................................

...THE BAKERSFIELD CLIMATE SUMMARY FOR THE MONTH OF SEPTEMBER 2018...

CLIMATE NORMAL PERIOD 1981 TO 2010
CLIMATE RECORD PERIOD 1889 TO 2018

WEATHER         OBSERVED          NORMAL  DEPART  LAST YEAR`S
                 VALUE   DATE(S)  VALUE   FROM    VALUE  DATE(S)
                                          NORMAL
................................................................
TEMPERATURE (F)
RECORD
 HIGH             112   09/03/1955
 LOW               30   09/27/1908
HIGHEST           101   09/05        MM      MM      111  09/03
                                                          09/02
LOWEST             58   09/30        MM      MM       52  09/22
                        09/14
AVG. MAXIMUM     92.5              90.0     2.5     91.7
AVG. MINIMUM     65.5              64.0     1.5     66.9
MEAN             79.0              77.0     2.0     79.3
DAYS MAX >= 90     20              16.7     3.3       18
DAYS MIN <= 32      0               0.0     0.0        0

PRECIPITATION (INCHES)
RECORD
 MAXIMUM         1.15   1908
TOTALS           0.00R             0.08   -0.08     0.52
DAYS >= .01         0               1.0    -1.0        3
DAYS >= .10         0               0.3    -0.3        1
DAYS >= .50         0               0.0     0.0        1
DAYS >= 1.00        0               0.0     0.0        0
GREATEST
 24 HR. TOTAL    0.00

SNOWFALL (INCHES)
RECORDS
 TOTAL            0.0
TOTALS            0.0               0.0

DEGREE_DAYS
HEATING TOTAL       0                 2      -2        1
 SINCE 7/1          0                 2      -2        1
COOLING TOTAL     428               362      66      435
 SINCE 1/1       2650              2130     520     2803
.................................................................

WIND (MPH)
AVERAGE WIND SPEED              5.2
HIGHEST WIND SPEED/DIRECTION    20/350    DATE  09/28
HIGHEST GUST SPEED/DIRECTION    25/320    DATE  09/05

AVERAGE RH (PERCENT)     35

WEATHER CONDITIONS. NUMBER OF DAYS WITH
THUNDERSTORM              0     RAIN                       0
HAIL                      0     FOG                        0
FOG W/VIS <= 1/4 MILE     0     HAZE                       5

-  INDICATES NEGATIVE NUMBERS.
R  INDICATES RECORD WAS SET OR TIED.
MM INDICATES DATA IS MISSING.
T  INDICATES TRACE AMOUNT.

$$
