000
CXUS46 KHNX 011253
CLMBFL


CLIMATE REPORT
NATIONAL WEATHER SERVICE SAN JOAQUIN VALLEY, CA
547 AM PDT SUN JUL 1 2018

...................................

...THE BAKERSFIELD CLIMATE SUMMARY FOR THE MONTH OF JUNE 2018...

CLIMATE NORMAL PERIOD 1981 TO 2010
CLIMATE RECORD PERIOD 1889 TO 2018

WEATHER         OBSERVED          NORMAL  DEPART  LAST YEAR`S
                 VALUE   DATE(S)  VALUE   FROM    VALUE  DATE(S)
                                          NORMAL
................................................................
TEMPERATURE (F)
RECORD
 HIGH             114   06/28/1976
 LOW               38   06/07/1914
                        06/02/1908
                        06/12/1907
HIGHEST           105   06/13        MM      MM      110  06/25
                        06/03                             06/22
                                                          06/21
LOWEST             54   06/01        MM      MM       52  06/12
AVG. MAXIMUM     94.2              90.9     3.3     96.5
AVG. MINIMUM     66.8              64.2     2.6     69.1
MEAN             80.5              77.5     3.0     82.8
DAYS MAX >= 90     20              16.7     3.3       24
DAYS MIN <= 32      0               0.0     0.0        0

PRECIPITATION (INCHES)
RECORD
 MAXIMUM         1.11   1972
TOTALS           0.00R             0.08   -0.08     0.00
DAYS >= .01         0               0.5    -0.5        0
DAYS >= .10         0               0.3    -0.3        0
DAYS >= .50         0               0.0     0.0        0
DAYS >= 1.00        0               0.0     0.0        0
GREATEST
 24 HR. TOTAL    0.00   06/30 TO 06/30

SNOWFALL (INCHES)
RECORDS
 TOTAL            0.0  MM
TOTALS            0.0               0.0

DEGREE_DAYS
HEATING TOTAL       0                 2      -2        1
 SINCE 7/1       1535              2175    -640     1616
COOLING TOTAL     473               379      94      542
 SINCE 1/1        836               646     190      891
.................................................................

WIND (MPH)
AVERAGE WIND SPEED              7.0
HIGHEST WIND SPEED/DIRECTION    26/330    DATE  06/16
HIGHEST GUST SPEED/DIRECTION    34/340    DATE  06/09

AVERAGE RH (PERCENT)     35

WEATHER CONDITIONS. NUMBER OF DAYS WITH
THUNDERSTORM              0     RAIN                       0
HAIL                      0     FOG                        0
FOG W/VIS <= 1/4 MILE     0     HAZE                       1

-  INDICATES NEGATIVE NUMBERS.
R  INDICATES RECORD WAS SET OR TIED.
MM INDICATES DATA IS MISSING.
T  INDICATES TRACE AMOUNT.

$$
