000
CXUS54 KAMA 011619
CLMBGD


CLIMATE REPORT
NATIONAL WEATHER SERVICE AMARILLO TX
1018 AM CST FRI FEB 1 2019

...................................

...THE BORGER CLIMATE SUMMARY FOR THE MONTH OF JANUARY 2019...

CLIMATE NORMAL PERIOD 1981 TO 2010
CLIMATE RECORD PERIOD 1949 TO 2019

WEATHER         OBSERVED          NORMAL  DEPART  LAST YEAR`S
                 VALUE   DATE(S)  VALUE   FROM    VALUE  DATE(S)
                                          NORMAL
................................................................
TEMPERATURE (F)
HIGHEST            76   01/21                         80  01/20
LOWEST             14   01/30                          4  01/16
                        01/01                             01/02
                                                          01/01
AVG. MAXIMUM     55.1              51.3     3.8     56.7
AVG. MINIMUM     27.5              26.1     1.4     25.0
MEAN             41.3              38.7     2.6     40.8
DAYS MAX >= 90      0               0.0     0.0        0
DAYS MAX <= 32      1               2.5    -1.5        3
DAYS MIN <= 32     25              23.7     1.3       23
DAYS MIN <= 0       0               0.1    -0.1        0

PRECIPITATION (INCHES)
TOTALS           0.02              0.59   -0.57     0.01
DAILY AVG.       0.00              0.02   -0.02     0.00
DAYS >= .01         1               3.1    -2.1        1
DAYS >= .10         0               1.6    -1.6        0
DAYS >= .50         0               0.4    -0.4        0
DAYS >= 1.00        0               0.1    -0.1        0
GREATEST
 24 HR. TOTAL    0.02   01/11 TO 01/11

SNOWFALL (INCHES)
TOTALS              T                MM      MM      0.0
SINCE 7/1         9.2                MM      MM      2.0
DAYS >= TRACE       4                MM      MM        0
DAYS >= 1.0         0                MM      MM        0
GREATEST
 SNOW DEPTH         T   01/19
 24 HR TOTAL        T   01/19 TO 01/19

DEGREE_DAYS
HEATING TOTAL     725               815     -90      743
 SINCE 7/1       2302              2352     -50     2040
COOLING TOTAL       0                 0       0        0
 SINCE 1/1          0                 0       0        0
.................................................................

WIND (MPH)
AVERAGE WIND SPEED              10.0
HIGHEST WIND SPEED/DIRECTION    35/340    DATE  01/22
HIGHEST GUST SPEED/DIRECTION    47/350    DATE  01/18

SKY COVER
POSSIBLE SUNSHINE (PERCENT)   MM
NUMBER OF DAYS FAIR           24
NUMBER OF DAYS PC              4
NUMBER OF DAYS CLOUDY          3

AVERAGE RH (PERCENT)     54

WEATHER CONDITIONS. NUMBER OF DAYS WITH
THUNDERSTORM              0     MIXED PRECIP               0
HEAVY RAIN                0     RAIN                       0
LIGHT RAIN                2     FREEZING RAIN              0
LT FREEZING RAIN          0     HEAVY SNOW                 0
SNOW                      1     LIGHT SNOW                 3
SLEET                     0     FOG                        8
FOG W/VIS <= 1/4 MILE     3     HAZE                       2

-  INDICATES NEGATIVE NUMBERS.
R  INDICATES RECORD WAS SET OR TIED.
MM INDICATES DATA IS MISSING.
T  INDICATES TRACE AMOUNT.

$$
