000
CXUS54 KAMA 011536
CLMBGD


CLIMATE REPORT
NATIONAL WEATHER SERVICE AMARILLO TX
1036 AM CDT TUE MAY 1 2018

...................................

...THE BORGER CLIMATE SUMMARY FOR THE MONTH OF APRIL 2018...

CLIMATE NORMAL PERIOD 1981 TO 2010
CLIMATE RECORD PERIOD 1949 TO 2018

WEATHER         OBSERVED          NORMAL  DEPART  LAST YEAR`S
                 VALUE   DATE(S)  VALUE   FROM    VALUE  DATE(S)
                                          NORMAL
................................................................
TEMPERATURE (F)
HIGHEST            95   04/12                         93  04/19
                        04/11
LOWEST             21   04/07                         33  04/29
AVG. MAXIMUM     71.9              72.5    -0.6     72.2
AVG. MINIMUM     41.0              44.9    -3.9     47.9
MEAN             56.5              58.7    -2.2     60.1
DAYS MAX >= 90      4               1.3     2.7        3
DAYS MAX <= 32      0               0.0     0.0        0
DAYS MIN <= 32      5               2.2     2.8        0
DAYS MIN <= 0       0               0.0     0.0        0

PRECIPITATION (INCHES)
TOTALS           1.03              1.54   -0.51     3.81
DAILY AVG.       0.03              0.05   -0.02     0.13
DAYS >= .01         3               5.6    -2.6        9
DAYS >= .10         3               2.8     0.2        6
DAYS >= .50         0               1.0    -1.0        3
DAYS >= 1.00        0               0.3    -0.3        1
GREATEST
 24 HR. TOTAL    0.47   04/20 TO 04/20

SNOWFALL (INCHES)
TOTALS            0.0                MM      MM      1.1
SINCE 7/1         2.0                MM      MM      1.2
DAYS >= TRACE       0                MM      MM        3
DAYS >= 1.0         0                MM      MM        1
GREATEST
 SNOW DEPTH         0   MM
 24 HR TOTAL      0.0   04/30 TO 04/30

DEGREE_DAYS
HEATING TOTAL     295               226      69      209
 SINCE 7/1       3267              3703    -436     2842
COOLING TOTAL      46                37       9       68
 SINCE 1/1         57                44      13      115
.................................................................

WIND (MPH)
AVERAGE WIND SPEED              13.2
HIGHEST WIND SPEED/DIRECTION    40/350    DATE  04/14
HIGHEST GUST SPEED/DIRECTION    53/360    DATE  04/14

SKY COVER
POSSIBLE SUNSHINE (PERCENT)   MM
NUMBER OF DAYS FAIR           23
NUMBER OF DAYS PC              4
NUMBER OF DAYS CLOUDY          3

AVERAGE RH (PERCENT)     43

WEATHER CONDITIONS. NUMBER OF DAYS WITH
THUNDERSTORM              0     MIXED PRECIP               0
HEAVY RAIN                2     RAIN                       3
LIGHT RAIN                4     FREEZING RAIN              0
LT FREEZING RAIN          0     HEAVY SNOW                 0
SNOW                      0     LIGHT SNOW                 0
SLEET                     0     FOG                        4
FOG W/VIS <= 1/4 MILE     0     HAZE                       1

-  INDICATES NEGATIVE NUMBERS.
R  INDICATES RECORD WAS SET OR TIED.
MM INDICATES DATA IS MISSING.
T  INDICATES TRACE AMOUNT.

$$
