000
CXUS54 KAMA 011624
CLMBGD


CLIMATE REPORT
NATIONAL WEATHER SERVICE AMARILLO TX
1014 AM CST THU FEB 1 2018

...................................

...THE BORGER CLIMATE SUMMARY FOR THE MONTH OF JANUARY 2018...

CLIMATE NORMAL PERIOD 1981 TO 2010
CLIMATE RECORD PERIOD 1949 TO 2018

WEATHER         OBSERVED          NORMAL  DEPART  LAST YEAR`S
                 VALUE   DATE(S)  VALUE   FROM    VALUE  DATE(S)
                                          NORMAL
................................................................
TEMPERATURE (F)
HIGHEST            80   01/20                         75  01/11
                                                          01/09
LOWEST              4   01/16                          4  01/07
                        01/02
                        01/01
AVG. MAXIMUM     56.7              51.3     5.4     52.0
AVG. MINIMUM     25.0              26.1    -1.1     28.5
MEAN             40.8              38.7     2.1     40.2
DAYS MAX >= 90      0               0.0     0.0        0
DAYS MAX <= 32      3               2.5     0.5        4
DAYS MIN <= 32     23              23.7    -0.7       21
DAYS MIN <= 0       0               0.1    -0.1        0

PRECIPITATION (INCHES)
TOTALS           0.01              0.59   -0.58     3.11
DAILY AVG.       0.00              0.02   -0.02     0.10
DAYS >= .01         1               3.1    -2.1        8
DAYS >= .10         0               1.6    -1.6        5
DAYS >= .50         0               0.4    -0.4        2
DAYS >= 1.00        0               0.1    -0.1        1
GREATEST
 24 HR. TOTAL    0.01   01/11 TO 01/11

SNOWFALL (INCHES)
TOTALS            0.0                MM      MM      0.0
SINCE 7/1         2.0                MM      MM      0.1
DAYS >= TRACE       0                MM      MM        0
DAYS >= 1.0         0                MM      MM        0
GREATEST
 SNOW DEPTH         0   MM
 24 HR TOTAL      0.0   01/31 TO 01/31

DEGREE_DAYS
HEATING TOTAL     743               815     -72      758
 SINCE 7/1       2040              2352    -312     1902
COOLING TOTAL       0                 0       0        0
 SINCE 1/1          0                 0       0        0
.................................................................

WIND (MPH)
AVERAGE WIND SPEED              10.2
HIGHEST WIND SPEED/DIRECTION    41/350    DATE  01/11
HIGHEST GUST SPEED/DIRECTION    55/340    DATE  01/11

SKY COVER
POSSIBLE SUNSHINE (PERCENT)   MM
NUMBER OF DAYS FAIR           30
NUMBER OF DAYS PC              1
NUMBER OF DAYS CLOUDY          0

AVERAGE RH (PERCENT)     40

WEATHER CONDITIONS. NUMBER OF DAYS WITH
THUNDERSTORM              0     MIXED PRECIP               0
HEAVY RAIN                0     RAIN                       0
LIGHT RAIN                3     FREEZING RAIN              0
LT FREEZING RAIN          0     HEAVY SNOW                 0
SNOW                      0     LIGHT SNOW                 1
SLEET                     0     FOG                        0
FOG W/VIS <= 1/4 MILE     0     HAZE                       2

-  INDICATES NEGATIVE NUMBERS.
R  INDICATES RECORD WAS SET OR TIED.
MM INDICATES DATA IS MISSING.
T  INDICATES TRACE AMOUNT.

$$
