000
CXUS51 KBGM 020120
CLMBGM


CLIMATE REPORT
NATIONAL WEATHER SERVICE BINGHAMTON NY
809 PM EST FRI FEB 1 2019

...................................

...THE BINGHAMTON NY CLIMATE SUMMARY FOR THE MONTH OF JANUARY 2019...

CLIMATE NORMAL PERIOD 1981 TO 2010
CLIMATE RECORD PERIOD 1951 TO 2019

WEATHER         OBSERVED          NORMAL  DEPART  LAST YEAR`S
                 VALUE   DATE(S)  VALUE   FROM    VALUE  DATE(S)
                                          NORMAL
................................................................
TEMPERATURE (F)
RECORD
 HIGH              63   01/08/2008
                        01/08/1998
                        01/25/1967
 LOW              -20   01/15/1957
HIGHEST            48   01/01        28      20       60  01/12
LOWEST            -10   01/31        15     -25       -7  01/07
                                                          01/01
AVG. MAXIMUM     27.7              28.7    -1.0     29.1
AVG. MINIMUM     12.9              15.7    -2.8     13.4
MEAN             20.3              22.2    -1.9     21.3
DAYS MAX >= 90      0               0.0     0.0        0
DAYS MAX <= 32     21              19.6     1.4       18
DAYS MIN <= 32     31              28.7     2.3       28
DAYS MIN <= 0       4               3.2     0.8        6

PRECIPITATION (INCHES)
RECORD
 MAXIMUM         6.39   1979
 MINIMUM         0.76   1970
TOTALS           3.82              2.45    1.37     2.80
DAILY AVG.       0.12              0.08    0.04     0.09
DAYS >= .01        17              15.7     1.3       14
DAYS >= .10         8               5.8     2.2        5
DAYS >= .50         3               1.2     1.8        1
DAYS >= 1.00        1               0.3     0.7        1
GREATEST
 24 HR. TOTAL    1.36   01/23 TO 01/24

SNOWFALL (INCHES)
RECORDS
 TOTAL           45.9   2005
 24 HR TOTAL     18.4   01/13/1964 TO 01/13/1964
 SNOW DEPTH        32   01/08/1994
TOTALS           26.2              22.2     4.0     14.9
SINCE 7/1        60.3              46.8    13.5     28.0
SNOWDEPTH AVG.      4                 4       0        3
DAYS >= TRACE      23              16.9     6.1       19
DAYS >= 1.0         9               6.1     2.9        5
GREATEST
 SNOW DEPTH        14   01/20                          8  01/18
                                                          01/17
 24 HR TOTAL     11.6   01/19 TO 01/20

DEGREE_DAYS
HEATING TOTAL    1379              1327      52     1350
 SINCE 7/1       4099              4072      27     4020
COOLING TOTAL       0                 0       0        0
 SINCE 1/1          0                 0       0        0
.................................................................

WIND (MPH)
AVERAGE WIND SPEED              9.8
RESULTANT WIND SPEED/DIRECTION   4/276
HIGHEST WIND SPEED/DIRECTION    32/290    DATE  01/30
HIGHEST GUST SPEED/DIRECTION    45/280    DATE  01/30

SKY COVER
POSSIBLE SUNSHINE (PERCENT)   MM
AVERAGE SKY COVER           0.70
NUMBER OF DAYS FAIR            7
NUMBER OF DAYS PC              5
NUMBER OF DAYS CLOUDY         19

AVERAGE RH (PERCENT)     75

WEATHER CONDITIONS. NUMBER OF DAYS WITH
THUNDERSTORM              0     MIXED PRECIP                0
HEAVY RAIN                1     RAIN                        4
LIGHT RAIN                7     FREEZING RAIN               2
LT FREEZING RAIN          3     HAIL                        0
HEAVY SNOW                5     SNOW                        9
LIGHT SNOW               20     SLEET                       0
FOG                      23     FOG W/VIS <= 1/4 MILE       8
HAZE                      9

-  INDICATES NEGATIVE NUMBERS.
R  INDICATES RECORD WAS SET OR TIED.
MM INDICATES DATA IS MISSING.
T  INDICATES TRACE AMOUNT.

&&
7TH GREATEST JANUARY PRECIPITATION
$$
