000
CXUS51 KBGM 061505 CCA
CLMBGM

CLIMATE REPORT...CORRECTED AND UPDATED
NATIONAL WEATHER SERVICE BINGHAMTON NY
1105 AM EDT SAT OCT 6 2018

...................................

...THE BINGHAMTON NY CLIMATE SUMMARY FOR THE MONTH OF SEPTEMBER 2018...

CLIMATE NORMAL PERIOD 1981 TO 2010
CLIMATE RECORD PERIOD 1951 TO 2018

WEATHER         OBSERVED          NORMAL  DEPART  LAST YEAR`S
                 VALUE   DATE(S)  VALUE   FROM    VALUE  DATE(S)
                                          NORMAL
................................................................
TEMPERATURE (F)
RECORD
 HIGH              96   09/03/1953
                        09/02/1953
 LOW               25   09/24/1974
HIGHEST            87   09/05        68      19       87  09/25
LOWEST             41   09/23        50      -9       39  09/11
                                                          09/02
AVG. MAXIMUM     70.9              68.4     2.5     71.5
AVG. MINIMUM     55.4              50.7     4.7     52.3
MEAN             63.2              59.6     3.6     61.9
DAYS MAX >= 90      0               0.0     0.0        0
DAYS MAX <= 32      0               0.0     0.0        0
DAYS MIN <= 32      0               0.2    -0.2        0
DAYS MIN <= 0       0               0.0     0.0        0

PRECIPITATION (INCHES)
RECORD
 MAXIMUM        16.58   2011
 MINIMUM         0.61   1961
TOTALS           8.66              3.63    5.03     1.26
DAILY AVG.       0.29              0.12    0.17     0.04
DAYS >= .01        11              11.1    -0.1       11
DAYS >= .10         8               6.4     1.6        4
DAYS >= .50         5               2.3     2.7        0
DAYS >= 1.00        4               0.8     3.2        0
GREATEST
 24 HR. TOTAL    3.11   09/17 TO 09/18

SNOWFALL (INCHES)
RECORDS
 TOTAL            0.0   2007
 24 HR TOTAL      0.0   MM
 SNOW DEPTH        MM   MM
TOTALS            0.0               0.0     0.0      0.0
SINCE 7/1         0.0               0.0     0.0      0.0
SNOWDEPTH AVG.      0                MM      MM        0
DAYS >= TRACE       0               0.0     0.0        0
DAYS >= 1.0         0               0.0     0.0        0
GREATEST
 SNOW DEPTH         0   MM                             0  MM
 24 HR TOTAL      0.0   09/30 TO 09/30

DEGREE_DAYS
HEATING TOTAL     133               194     -61      155
 SINCE 7/1        145               257    -112      236
COOLING TOTAL      85                31      54       69
 SINCE 1/1        522               379     143      340
.................................................................

WIND (MPH)
AVERAGE WIND SPEED              6.8
RESULTANT WIND SPEED/DIRECTION   1/153
HIGHEST WIND SPEED/DIRECTION    26/130    DATE  09/10
HIGHEST GUST SPEED/DIRECTION    34/140    DATE  09/10

SKY COVER
POSSIBLE SUNSHINE (PERCENT)   MM
AVERAGE SKY COVER           0.50
NUMBER OF DAYS FAIR            8
NUMBER OF DAYS PC             15
NUMBER OF DAYS CLOUDY          7

AVERAGE RH (PERCENT)     83

WEATHER CONDITIONS. NUMBER OF DAYS WITH
THUNDERSTORM              3     MIXED PRECIP                0
HEAVY RAIN                5     RAIN                        7
LIGHT RAIN               15     FREEZING RAIN               0
LT FREEZING RAIN          0     HAIL                        0
HEAVY SNOW                0     SNOW                        0
LIGHT SNOW                0     SLEET                       0
FOG                      20     FOG W/VIS <= 1/4 MILE       8
HAZE                      0

-  INDICATES NEGATIVE NUMBERS.
R  INDICATES RECORD WAS SET OR TIED.
MM INDICATES DATA IS MISSING.
T  INDICATES TRACE AMOUNT.

&&
CORRECTED GREATEST 24 HOUR TOTAL PRECIPITATION
7TH WARMEST SEPTEMBER  (RECORD 65.9F IN 1961)
3RD WETTEST SEPTEMBER
$$

TAC
