000
CXUS51 KBGM 041349 CCA
CLMBGM

CLIMATE REPORT...CORRECTED
NATIONAL WEATHER SERVICE BINGHAMTON NY
950 AM EDT WED JUL 4 2018

...................................

...THE BINGHAMTON NY CLIMATE SUMMARY FOR THE MONTH OF JUNE 2018...

CLIMATE NORMAL PERIOD 1981 TO 2010
CLIMATE RECORD PERIOD 1951 TO 2018

WEATHER         OBSERVED          NORMAL  DEPART  LAST YEAR`S
                 VALUE   DATE(S)  VALUE   FROM    VALUE  DATE(S)
                                          NORMAL
................................................................
TEMPERATURE (F)
RECORD
 HIGH              94   06/26/1952
 LOW               33   06/09/1980
HIGHEST            90   06/18        73      17       85  06/12
LOWEST             48   06/26        54      -6       44  06/04
                        06/22                             06/03
                        06/07                             06/02
AVG. MAXIMUM     73.2              73.7    -0.5     73.2
AVG. MINIMUM     55.0              55.2    -0.2     54.8
MEAN             64.1              64.4    -0.3     64.0
DAYS MAX >= 90      1               0.1     0.9        0
DAYS MAX <= 32      0               0.0     0.0        0
DAYS MIN <= 32      0               0.0     0.0        0
DAYS MIN <= 0       0               0.0     0.0        0

PRECIPITATION (INCHES)
RECORD
 MAXIMUM        11.45   2006
 MINIMUM         0.98   1979
TOTALS           3.89              4.31   -0.42     5.74
DAILY AVG.       0.13              0.14   -0.01     0.19
DAYS >= .01        11              12.6    -1.6       18
DAYS >= .10         7               8.1    -1.1       10
DAYS >= .50         4               2.8     1.2        4
DAYS >= 1.00        1               0.9     0.1        2
GREATEST
 24 HR. TOTAL    1.55   06/27 TO 06/28

SNOWFALL (INCHES)
RECORDS
 TOTAL              T   2017
                        2012
 24 HR TOTAL        T   06/27/2017 TO 06/27/2017
                        06/06/2012 TO 06/06/2012
 SNOW DEPTH         T   06/06/2012
TOTALS            0.0               0.0     0.0        T
SINCE 7/1        90.6              83.4     7.2    135.2
SNOWDEPTH AVG.      0                MM      MM        0
DAYS >= TRACE       0               0.0     0.0        1
DAYS >= 1.0         0               0.0     0.0        0
GREATEST
 SNOW DEPTH         0   MM                             0  MM
 24 HR TOTAL      0.0   06/30 TO 06/30

DEGREE_DAYS
HEATING TOTAL      80                91     -11       95
 SINCE 7/1       7065              7195    -130     6611
COOLING TOTAL      59                74     -15       73
 SINCE 1/1        105                97       8       94
.................................................................

WIND (MPH)
AVERAGE WIND SPEED              7.3
RESULTANT WIND SPEED/DIRECTION   2/283
HIGHEST WIND SPEED/DIRECTION    29/310    DATE  06/14
HIGHEST GUST SPEED/DIRECTION    41/320    DATE  06/14

SKY COVER
POSSIBLE SUNSHINE (PERCENT)   MM
AVERAGE SKY COVER           0.40
NUMBER OF DAYS FAIR           16
NUMBER OF DAYS PC              7
NUMBER OF DAYS CLOUDY          7

AVERAGE RH (PERCENT)     71

WEATHER CONDITIONS. NUMBER OF DAYS WITH
THUNDERSTORM              5     MIXED PRECIP                0
HEAVY RAIN                5     RAIN                        8
LIGHT RAIN               14     FREEZING RAIN               0
LT FREEZING RAIN          0     HAIL                        0
HEAVY SNOW                0     SNOW                        0
LIGHT SNOW                0     SLEET                       0
FOG                      16     FOG W/VIS <= 1/4 MILE       3
HAZE                      1

-  INDICATES NEGATIVE NUMBERS.
R  INDICATES RECORD WAS SET OR TIED.
MM INDICATES DATA IS MISSING.
T  INDICATES TRACE AMOUNT.

&&
CORRECTED 24 HOUR GREATEST TOTAL PRECIPITATION
AND TO ADD TABLE AT BOTTOM
$$
