000
CXUS51 KCAR 031136
CLMBGR

CLIMATE REPORT
NATIONAL WEATHER SERVICE CARIBOU, ME
736 AM EDT TUE JUL 3 2018

...................................

...THE BANGOR ME CLIMATE SUMMARY FOR THE MONTH OF JUNE 2018...

CLIMATE NORMAL PERIOD 1981 TO 2010
CLIMATE RECORD PERIOD 1925 TO 2018

WEATHER         OBSERVED          NORMAL  DEPART  LAST YEAR`S
                 VALUE   DATE(S)  VALUE   FROM    VALUE  DATE(S)
                                          NORMAL
................................................................
TEMPERATURE (F)
RECORD
 HIGH              98   06/27/1941
 LOW               29   06/03/1939
HIGHEST            88   06/16        MM      MM       91  06/11
LOWEST             37   06/04        MM      MM       44  06/07
AVG. MAXIMUM     73.6              74.3    -0.7     73.8
AVG. MINIMUM     49.4              52.0    -2.6     53.2
MEAN             61.5              63.2    -1.7     63.5
DAYS MAX >= 90      0               0.9    -0.9        1
DAYS MAX <= 32      0               0.0     0.0        0
DAYS MIN <= 32      0               0.0     0.0        0
DAYS MIN <= 0       0               0.0     0.0        0

PRECIPITATION (INCHES)
RECORD
 MAXIMUM         8.12   2009
 MINIMUM         0.87   1930
TOTALS           5.42                      1.66
DAILY AVG.       0.18              0.13    0.05     0.14
DAYS >= .01        13              12.0     1.0       13
DAYS >= .10         8               7.4     0.6       11
DAYS >= .50         3               2.6     0.4        2
DAYS >= 1.00        2               0.7     1.3        0
GREATEST
 24 HR. TOTAL    1.51   06/18 TO 06/18           06/09 TO 06/09
                                                          06/01 TO 06/01EATHER         OBSERVED          NORMAL  DEPART  LAST YEAR`S
                                                          06/01 TO 06/01EATHER         OBSERVED          NORMAL  DEPART  LAST YEAR`S

SNOWFALL (INCHES)
RECORDS
 TOTAL             MM   MM
TOTALS            0.0               0.0     0.0        T
SINCE 7/1       111.3              66.1    45.2     82.6
SNOWDEPTH AVG.      0                MM      MM        0
DAYS >= 1.0         0               0.0     0.0        0
GREATEST
 SNOW DEPTH         0   MM                             0  MM
 24 HR TOTAL      0.0   06/30 TO 06/30           06/01 TO 06/01
                                                          06/01 TO 06/01EATHER         OBSERVED          NORMAL  DEPART  LAST YEAR`S
                                                          06/01 TO 06/01EATHER         OBSERVED          NORMAL  DEPART  LAST YEAR`S

DEGREE_DAYS
HEATING TOTAL     137               107      30       91
 SINCE 7/1       7360              7860    -500     7383
COOLING TOTAL      40                52     -12       53
 SINCE 1/1         49                58      -9       60
.................................................................

WIND (MPH)
AVERAGE WIND SPEED              7.4
HIGHEST WIND SPEED/DIRECTION    29/330    DATE  06/19
HIGHEST GUST SPEED/DIRECTION    36/320    DATE  06/19

SKY COVER
POSSIBLE SUNSHINE (PERCENT)   MM
AVERAGE SKY COVER           0.60
NUMBER OF DAYS FAIR            7
NUMBER OF DAYS PC             13
NUMBER OF DAYS CLOUDY         10

AVERAGE RH (PERCENT)     69

WEATHER CONDITIONS. NUMBER OF DAYS WITH
  0
  7
  0
  0
  0
  0
  2
HAZE                      1

-  INDICATES NEGATIVE NUMBERS.
R  INDICATES RECORD WAS SET OR TIED.
MM INDICATES DATA IS MISSING.
T  INDICATES TRACE AMOUNT.
---------------------------------------------------------------------
...JUNE 2018 MONTHLY CLIMATE NARRATIVE FOR NORTHERN AND EASTERN
MAINE...

JUNE 2018 FINISHED WITH BELOW NORMAL TEMPERATURES. PRECIPITATION WAS
MORE VARIABLE AND RANGED FROM 50 TO 90 PERCENT OF NORMAL ACROSS MOST
AREAS FROM THE KATAHDIN REGION NORTH TO THE SAINT JOHN VALLEY, AND
FROM 90 TO 150 PERCENT OF NORMAL ACROSS THE DOWNEAST REGION.

TEMPERATURES ACROSS THE REGION AVERAGED FROM 1 TO 3 DEGREES BELOW
AVERAGE. THERE WERE LARGE DIURNAL TEMPERATURE RANGES FROM DAY TO
NIGHT ON MANY DAYS WITH A LOT OF COOL NIGHTS. THERE WERE 5 NIGHTS
WITH LOWS IN THE 30S AT CARIBOU, WHICH WAS THE MOST SINCE 2002.
THERE WERE 9 SUCH NIGHTS AT HOULTON, WHICH WAS THE MOST SINCE 2000.
SOME OF THE NORMALLY COLDER VALLEYS IN NORTHWEST MAINE HAD LIGHT
FROSTS WELL INTO THE 2ND HALF OF THE MONTH, AND ESTCOURT STATION HAS
A LOW OF 29 DEGREES ON THE MORNING OF THE 22ND.

THE FIRST HALF OF THE MONTH WAS VERY DRY WITH VERY LITTLE RAINFALL.
RAINFALL BECOME MORE FREQUENT DURING THE 2ND HALF OF THE MONTH WITH
THE HEAVIEST EVENT ON THE 28TH INTO THE 29TH WHEN SEVERAL LOCATIONS
IN HANCOCK AND WASHINGTON COUNTIES OBSERVED OVER 2 INCHES OF RAIN.
THE TOTAL RAINFALL FOR THE MONTH AT BANGOR WAS 5.42 INCHES, WHICH
WAS 1.66 INCHES ABOVE AVERAGE. PRECIPITATION WAS BELOW AVERAGE AT
CARIBOU, HOULTON, AND MILLINOCKET.

THE OUTLOOK FOR JULY 2018 FROM THE CLIMATE PREDICTION CENTER IS
CALLING FOR AN INCREASED LIKELIHOOD OF ABOVE AVERAGE TEMPERATURES
AND AN INCREASED CHANCE OF BELOW AVERAGE PRECIPITATION. NORMAL HIGH
TEMPERATURES REACH THEIR WARMEST LEVELS DURING MID-LATE MONTH WITH
AN AVERAGE HIGH OF 76 AT CARIBOU AND 80 DEGREES AT BANGOR.
AVERAGE LOWS RANGE FROM THE MID 50S AT CARIBOU TO 60 DEGREES AT
BANGOR. AVERAGE RAINFALL ACROSS THE REGION AS A WHOLE IS AROUND 3.50
TO 4 INCHES, BUT TENDS TO BE HIGHLY VARIABLE DUE TO THE NATURE OF
SHOWERS AND THUNDERSTORMS. 53 MINUTES OF DAYLIGHT IS LOST DURING THE
MONTH AT CARIBOU.

$$

CB/VJN
