000
CXUS54 KBMX 011845
CLMBHM


CLIMATE REPORT
NATIONAL WEATHER SERVICE BIRMINGHAM, AL
145 PM CDT SUN JUL 1 2018

...................................

...THE BIRMINGHAM CLIMATE SUMMARY FOR THE MONTH OF JUNE 2018...

CLIMATE NORMAL PERIOD 1981 TO 2010
CLIMATE RECORD PERIOD 1895 TO 2018

WEATHER         OBSERVED          NORMAL  DEPART  LAST YEAR`S
                 VALUE   DATE(S)  VALUE   FROM    VALUE  DATE(S)
                                          NORMAL
................................................................
TEMPERATURE (F)
RECORD
 HIGH             106   06/29/1931
 LOW               42   06/01/1966
HIGHEST            94   06/30        MM      MM       93  06/15
                        06/26
LOWEST             61   06/06        MM      MM       58  06/08
                        06/05
                        06/04
AVG. MAXIMUM     89.9              87.7     2.2     85.0
AVG. MINIMUM     69.6              67.7     1.9     68.5
MEAN             79.8                               76.8
DAYS MAX >= 90     20              10.6     9.4        3
DAYS MAX <= 32      0               0.0     0.0        0
DAYS MIN <= 32      0               0.0     0.0        0
DAYS MIN <= 0       0               0.0     0.0        0

PRECIPITATION (INCHES)
RECORD
 MAXIMUM        12.09   1900
 MINIMUM         0.47   1931
TOTALS           5.77              4.38    1.39    10.80
DAILY AVG.       0.19              0.15    0.04     0.36
DAYS >= .01        14              11.0     3.0       16
DAYS >= .10        10               7.9     2.1       13
DAYS >= .50         5               3.3     1.7        8
DAYS >= 1.00        2               1.1     0.9        4

DEGREE_DAYS
HEATING TOTAL       0                 1      -1        0
 SINCE 7/1       2475              2677    -202     1689
COOLING TOTAL     451               382      69      360
 SINCE 1/1        873               664     209      822
.................................................................

WIND (MPH)
AVERAGE WIND SPEED              4.9
HIGHEST WIND SPEED/DIRECTION    43/020    DATE  06/28
HIGHEST GUST SPEED/DIRECTION    58/360    DATE  06/28

AVERAGE RH (PERCENT)     73

WEATHER CONDITIONS. NUMBER OF DAYS WITH
THUNDERSTORM             17     MIXED PRECIP               0
HEAVY RAIN                7     RAIN                       8
LIGHT RAIN               16     FREEZING RAIN              0
LT FREEZING RAIN          0     HAIL                       0
HEAVY SNOW                0     SNOW                       0
LIGHT SNOW                0     SLEET                      0
FOG                      14     FOG W/VIS <= 1/4 MILE      0
HAZE                      1

-  INDICATES NEGATIVE NUMBERS.
R  INDICATES RECORD WAS SET OR TIED.
MM INDICATES DATA IS MISSING.
T  INDICATES TRACE AMOUNT.

$$
