000
CXUS55 KVEF 011131
CLMBIH

CLIMATE REPORT
NATIONAL WEATHER SERVICE LAS VEGAS, NV
421 AM PDT FRI JUN 1 2018

...................................

...THE BISHOP CA CLIMATE SUMMARY FOR THE MONTH OF MAY 2018...

CLIMATE NORMAL PERIOD 1981 TO 2010
CLIMATE RECORD PERIOD 1943 TO 2018

WEATHER         OBSERVED          NORMAL  DEPART  LAST YEAR`S
                 VALUE   DATE(S)  VALUE   FROM    VALUE  DATE(S)
                                          NORMAL
................................................................
TEMPERATURE (F)
RECORD
 HIGH             102   MM
 LOW               25   05/22/2010
                        05/10/2010
                        05/11/2010
HIGHEST            96   05/08        81      15       93  05/30
                                                          05/24
                                                          05/23
LOWEST             33   05/02        44     -11       34  05/16
AVG. MAXIMUM     81.6              82.4    -0.8     82.2
AVG. MINIMUM     47.0              44.2     2.8     44.7
MEAN             64.3              63.3     1.0     63.5
DAYS MAX >= 90      6               6.7    -0.7        7
DAYS MAX <= 32      0               0.0     0.0        0
DAYS MIN <= 32      0               1.1    -1.1        0
DAYS MIN <= 0       0               0.0     0.0        0

PRECIPITATION (INCHES)
RECORD
 MAXIMUM         1.39   2015
 MINIMUM         0.00   2007
                        2002
                        1985
TOTALS           0.27              0.19    0.08     0.35
DAILY AVG.       0.01              0.01    0.00     0.01
DAYS >= .01         6               1.7     4.3        3
DAYS >= .10         1               0.7     0.3        3
DAYS >= .50         0               0.1    -0.1        0
DAYS >= 1.00        0               0.0     0.0        0
GREATEST
 24 HR. TOTAL    0.15   05/20 TO 05/20

DEGREE_DAYS
HEATING TOTAL      80               116     -36       99
 SINCE 7/1       3644              4158    -514     3783
COOLING TOTAL      65                64       1       57
 SINCE 1/1         77                68       9       57

FREEZE DATES
RECORD
 EARLIEST     09/20/1986
 LATEST       06/07/1988
EARLIEST                        10/15
LATEST                          05/03
.................................................................

WIND (MPH)
AVERAGE WIND SPEED              9.0
HIGHEST WIND SPEED/DIRECTION    40/360    DATE  05/11
HIGHEST GUST SPEED/DIRECTION    51/350    DATE  05/11

SKY COVER
POSSIBLE SUNSHINE (PERCENT)   MM
AVERAGE SKY COVER           0.20
NUMBER OF DAYS FAIR           24
NUMBER OF DAYS PC              7
NUMBER OF DAYS CLOUDY          0

AVERAGE RH (PERCENT)     40

WEATHER CONDITIONS. NUMBER OF DAYS WITH
THUNDERSTORM              3     MIXED PRECIP               0
HEAVY RAIN                1     RAIN                       0
LIGHT RAIN                13    FREEZING RAIN              0
LT FREEZING RAIN          0     HAIL                       0
HEAVY SNOW                0     SNOW                       0
LIGHT SNOW                0     SLEET                      0
FOG                       1     FOG W/VIS <= 1/4 MILE      0
HAZE                      0

-  INDICATES NEGATIVE NUMBERS.
R  INDICATES RECORD WAS SET OR TIED.
MM INDICATES DATA IS MISSING.
T  INDICATES TRACE AMOUNT.

$$
