000
CXUS55 KVEF 011522
CLMBIH

CLIMATE REPORT
NATIONAL WEATHER SERVICE LAS VEGAS, NV
617 AM PST SAT DEC 1 2018

...................................

...THE BISHOP CA CLIMATE SUMMARY FOR THE MONTH OF NOVEMBER 2018...

CLIMATE NORMAL PERIOD 1981 TO 2010
CLIMATE RECORD PERIOD 1943 TO 2018

WEATHER         OBSERVED          NORMAL  DEPART  LAST YEAR`S
                 VALUE   DATE(S)  VALUE   FROM    VALUE  DATE(S)
                                          NORMAL
................................................................
TEMPERATURE (F)
RECORD
 HIGH              84   11/03/1988
                        11/01/1960
                        11/02/1949
 LOW                5   11/17/1958
HIGHEST            80   11/03        63      17       80  11/26
LOWEST             18   11/10        28     -10       21  11/11
                                                          11/07
AVG. MAXIMUM     65.7              62.6     3.1     67.3
AVG. MINIMUM     28.8              27.8     1.0     29.3
MEAN             47.2              45.2     2.0     48.3
DAYS MAX >= 90      0               0.0     0.0        0
DAYS MAX <= 32      0               0.0     0.0        0
DAYS MIN <= 32     22              22.8    -0.8       20
DAYS MIN <= 0       0               0.0     0.0        0

PRECIPITATION (INCHES)
RECORD
 MAXIMUM         2.59   1960
 MINIMUM         0.00   2006
                        2000
                        1991
TOTALS           0.91              0.52    0.39     0.16
DAILY AVG.       0.03              0.02    0.01     0.01
DAYS >= .01         3               2.3     0.7        1
DAYS >= .10         2               1.3     0.7        1
DAYS >= .50         1               0.4     0.6        0
DAYS >= 1.00        0               0.0     0.0        0
GREATEST
 24 HR. TOTAL    0.76   11/29 TO 11/29

SNOWFALL (INCHES)
RECORDS
 TOTAL            3.9   1964
 24 HR TOTAL      3.9
TOTALS            0.0               0.3    -0.3      0.0
SINCE 7/1         0.0
SNOWDEPTH AVG.      0
DAYS >= TRACE       0
DAYS >= 1.0         0
GREATEST
 SNOW DEPTH         0
 24 HR TOTAL      0.0   MM
 STORM TOTAL       MM
 (MM/DD(HH))

DEGREE_DAYS
HEATING TOTAL     527               594     -67      491
 SINCE 7/1        776               901    -125      800
COOLING TOTAL       0                 0       0        0
 SINCE 1/1       1448              1104     344     1407

FREEZE DATES
RECORD
 EARLIEST     09/20/1986
 LATEST       06/07/1988
EARLIEST                        10/15
LATEST                          05/03
.................................................................

WIND (MPH)
AVERAGE WIND SPEED              6.7
HIGHEST WIND SPEED/DIRECTION    30/360    DATE  11/11
HIGHEST GUST SPEED/DIRECTION    40/350    DATE  11/11

SKY COVER
POSSIBLE SUNSHINE (PERCENT)   MM
AVERAGE SKY COVER           0.10
NUMBER OF DAYS FAIR           27
NUMBER OF DAYS PC              3
NUMBER OF DAYS CLOUDY          0

AVERAGE RH (PERCENT)     35

WEATHER CONDITIONS. NUMBER OF DAYS WITH

THUNDERSTORM              0     MIXED PRECIP               0
HEAVY RAIN                1     RAIN                       2
LIGHT RAIN                4     FREEZING RAIN              0
LT FREEZING RAIN          0     HAIL                       0
HEAVY SNOW                0     SNOW                       0
LIGHT SNOW                0     SLEET                      0
FOG                       2     FOG W/VIS <= 1/4 MILE      0
HAZE                      1

-  INDICATES NEGATIVE NUMBERS.
R  INDICATES RECORD WAS SET OR TIED.
MM INDICATES DATA IS MISSING.
T  INDICATES TRACE AMOUNT.

$$
