000
CXUS53 KBIS 011509
CLMBIS

CLIMATE REPORT
NATIONAL WEATHER SERVICE BISMARCK ND
901 AM CST FRI FEB 1 2019

...................................

...THE BISMARCK ND CLIMATE SUMMARY FOR THE MONTH OF JANUARY 2019...

CLIMATE NORMAL PERIOD 1981 TO 2010
CLIMATE RECORD PERIOD 1875 TO 2019

WEATHER         OBSERVED          NORMAL  DEPART  LAST YEAR`S
                 VALUE   DATE(S)  VALUE   FROM    VALUE  DATE(S)
                                          NORMAL
................................................................
TEMPERATURE (F)
RECORD
 HIGH              63   01/08/2002
 LOW              -45   01/13/1916
HIGHEST            48   01/04                         49  01/30
LOWEST            -33   01/30                        -29  01/13
                                                          01/12
AVG. MAXIMUM     21.9              23.4    -1.5     25.0
AVG. MINIMUM      4.0               2.2     1.8      1.0
MEAN             13.0              12.8     0.2     13.0
DAYS MAX >= 90      0               0.0     0.0        0
DAYS MAX <= 32     24              20.8     3.2       19
DAYS MIN <= 32     31              30.8     0.2       31
DAYS MIN <= 0      10              13.4    -3.4       13

PRECIPITATION (INCHES)
RECORD
 MAXIMUM         1.64   1877
 MINIMUM         0.00   1878
TOTALS           0.81              0.43    0.38     0.42
DAILY AVG.       0.03              0.01    0.02     0.01
DAYS >= .01        11               7.5     3.5        3
DAYS >= .10         3               1.3     1.7        1
DAYS >= .50         0               0.1    -0.1        0
DAYS >= 1.00        0               0.0     0.0        0
GREATEST
 24 HR. TOTAL    0.25   01/18 TO 01/18              0.40

SNOWFALL (INCHES)
RECORDS
 TOTAL           25.0   5
                        0

TOTALS           11.3               8.9     2.4      6.2
SINCE 7/1        27.6              29.4    -1.8     13.1
SNOWDEPTH AVG.      3                 4      -1        3
DAYS >= 1.0         4               2.6     1.4        1
GREATEST
 SNOW DEPTH         6   01/22                          6  01/14
                        01/21                             01/13
                                                          01/12
 24 HR TOTAL      3.5   01/21 TO 01/21               5.6

DEGREE_DAYS
HEATING TOTAL    1606              1618     -12
 SINCE 7/1       5021              5118     -97
.................................................................

WIND (MPH)
HIGHEST WIND SPEED/DIRECTION    41/340    DATE  01/27
HIGHEST GUST SPEED/DIRECTION    62/340    DATE  01/27

SKY COVER
POSSIBLE SUNSHINE (PERCENT)   MM
NUMBER OF DAYS FAIR            8
NUMBER OF DAYS PC             12
NUMBER OF DAYS CLOUDY         11


WEATHER CONDITIONS. NUMBER OF DAYS WITH
THUNDERSTORM              0     MIXED PRECIP               0
HEAVY RAIN                0     RAIN                       0
LIGHT RAIN                1     FREEZING RAIN              0
LT FREEZING RAIN          1     HAIL                       0
HEAVY SNOW                0     SNOW                       3
LIGHT SNOW               16     SLEET                      0
FOG                      22     FOG W/VIS <= 1/4 MILE      1
HAZE                     11

-  INDICATES NEGATIVE NUMBERS.
R  INDICATES RECORD WAS SET OR TIED.
MM INDICATES DATA IS MISSING.
T  INDICATES TRACE AMOUNT.

$$
