000
CXUS53 KBIS 011545
CLMBIS


CLIMATE REPORT
NATIONAL WEATHER SERVICE BISMARCK ND
1045 AM CDT WED AUG 1 2018

...................................

...THE BISMARCK ND CLIMATE SUMMARY FOR THE MONTH OF JULY 2018...

CLIMATE NORMAL PERIOD 1981 TO 2010
CLIMATE RECORD PERIOD 1875 TO 2018

WEATHER         OBSERVED          NORMAL  DEPART  LAST YEAR`S
                 VALUE   DATE(S)  VALUE   FROM    VALUE  DATE(S)
                                          NORMAL
................................................................
TEMPERATURE (F)
RECORD
 HIGH             114   07/06/1936
 LOW               32   07/06/1884
HIGHEST            98   07/14                        103  07/05
LOWEST             47   07/02                         50  07/02
AVG. MAXIMUM     85.2              84.7     0.5     91.1
AVG. MINIMUM     58.1              57.4     0.7     60.6
MEAN             71.6              71.1     0.5     75.9
DAYS MAX >= 90      6               8.0    -2.0       18
DAYS MAX <= 32      0               0.0     0.0        0
DAYS MIN <= 32      0               0.0     0.0        0
DAYS MIN <= 0       0               0.0     0.0        0

PRECIPITATION (INCHES)
RECORD
 MAXIMUM        13.75   1993
 MINIMUM         0.10   1936
TOTALS           3.89              2.89    1.00     1.68
DAILY AVG.       0.13              0.09    0.04     0.05
DAYS >= .01         9               9.7    -0.7        9
DAYS >= .10         5               5.6    -0.6        4
DAYS >= .50         3               1.7     1.3        1
DAYS >= 1.00        1               0.5     0.5        0
GREATEST
 24 HR. TOTAL    1.91   07/03 TO 07/03              0.60

DEGREE_DAYS
COOLING TOTAL     221               204      17
 SINCE 1/1        465               304     161
.................................................................

WIND (MPH)
HIGHEST WIND SPEED/DIRECTION    51/330    DATE  07/03
HIGHEST GUST SPEED/DIRECTION    63/330    DATE  07/03

SKY COVER
POSSIBLE SUNSHINE (PERCENT)   MM
NUMBER OF DAYS FAIR           27
NUMBER OF DAYS PC              4
NUMBER OF DAYS CLOUDY          0


WEATHER CONDITIONS. NUMBER OF DAYS WITH
THUNDERSTORM             12     MIXED PRECIP               0
HEAVY RAIN                4     RAIN                       5
LIGHT RAIN               15     FREEZING RAIN              0
LT FREEZING RAIN          0     HAIL                       2
HEAVY SNOW                0     SNOW                       0
LIGHT SNOW                0     SLEET                      0
FOG                       6     FOG W/VIS <= 1/4 MILE      1
HAZE                      7

-  INDICATES NEGATIVE NUMBERS.
R  INDICATES RECORD WAS SET OR TIED.
MM INDICATES DATA IS MISSING.
T  INDICATES TRACE AMOUNT.

$$
