000
CXUS53 KGRR 011659
CLMBIV


CLIMATE REPORT
NATIONAL WEATHER SERVICE GRAND RAPIDS, MI
1244 PM EDT SUN JUL 1 2018

...................................

...THE HOLLAND/TULIP CITY MI CLIMATE SUMMARY FOR THE MONTH OF JUNE 2018...

CLIMATE NORMAL PERIOD 1981 TO 2010
CLIMATE RECORD PERIOD 1996 TO 2018

WEATHER         OBSERVED          NORMAL  DEPART  LAST YEAR`S
                 VALUE   DATE(S)  VALUE   FROM    VALUE  DATE(S)
                                          NORMAL
................................................................
TEMPERATURE (F)
HIGHEST            93   06/30        MM      MM       94  06/14
LOWEST             48   06/06        MM      MM       47  06/27
AVG. MAXIMUM     78.5              78.6    -0.1     79.1
AVG. MINIMUM     61.4              58.0     3.4     59.2
MEAN             70.0              68.3     1.7     69.1
DAYS MAX >= 90      3               1.9     1.1        3
DAYS MAX <= 32      0               0.0     0.0        0
DAYS MIN <= 32      0               0.0     0.0        0
DAYS MIN <= 0       0               0.0     0.0        0

PRECIPITATION (INCHES)
TOTALS           3.74              4.22   -0.48     3.31
DAILY AVG.       0.12              0.14   -0.02     0.11
DAYS >= .01        12                MM      MM        9
DAYS >= .10         9                MM      MM        7
DAYS >= .50         2                MM      MM        3
DAYS >= 1.00        0                MM      MM        1
GREATEST
 24 HR. TOTAL    0.86   06/27 TO 06/27

DEGREE_DAYS
HEATING TOTAL      11                48     -37       20
 SINCE 7/1       6325              6160     165     5450
COOLING TOTAL     166               146      20      153
 SINCE 1/1        259               188      71      184
.................................................................

WIND (MPH)
AVERAGE WIND SPEED              7.6
RESULTANT WIND SPEED/DIRECTION   1/155
HIGHEST WIND SPEED/DIRECTION    21/250    DATE  06/18
HIGHEST GUST SPEED/DIRECTION    31/010    DATE  06/04

SKY COVER
POSSIBLE SUNSHINE (PERCENT)   MM
AVERAGE SKY COVER           0.40
NUMBER OF DAYS FAIR           14
NUMBER OF DAYS PC             10
NUMBER OF DAYS CLOUDY          6

AVERAGE RH (PERCENT)     73

WEATHER CONDITIONS. NUMBER OF DAYS WITH
THUNDERSTORM              6     MIXED PRECIP                0
HEAVY RAIN                4     RAIN                       10
LIGHT RAIN               14     FREEZING RAIN               0
LT FREEZING RAIN          0     HAIL                        0
HEAVY SNOW                0     SNOW                        0
LIGHT SNOW                0     SLEET                       0
FOG                      21     FOG W/VIS <= 1/4 MILE       3
HAZE                      3

-  INDICATES NEGATIVE NUMBERS.
R  INDICATES RECORD WAS SET OR TIED.
MM INDICATES DATA IS MISSING.
T  INDICATES TRACE AMOUNT.

$$

63
