000
CXUS53 KGRR 012334 CCA
CLMBIV

CLIMATE REPORT
NATIONAL WEATHER SERVICE GRAND RAPIDS, MI
503 PM EST FRI FEB 1 2019

...................................

...THE HOLLAND/TULIP CITY MI CLIMATE SUMMARY FOR THE MONTH OF JANUARY 2019...

CLIMATE NORMAL PERIOD 1981 TO 2010
CLIMATE RECORD PERIOD 1996 TO 2019

WEATHER         OBSERVED          NORMAL  DEPART  LAST YEAR`S
                 VALUE   DATE(S)  VALUE   FROM    VALUE  DATE(S)
                                          NORMAL
................................................................
TEMPERATURE (F)
HIGHEST            51   01/07        MM      MM       57  01/11
LOWEST            -13R  01/21        MM      MM       -4  01/05
AVG. MAXIMUM     29.1              32.0    -2.9     32.5
AVG. MINIMUM     16.8              20.2    -3.4     20.1
MEAN             22.9              26.1    -3.2     26.3
DAYS MAX >= 90      0               0.0     0.0        0
DAYS MAX <= 32     17              15.7     1.3       15
DAYS MIN <= 32     30              26.4     3.6       26
DAYS MIN <= 0       4               1.0     3.0        2

PRECIPITATION (INCHES)
TOTALS           1.58              2.09   -0.51     1.80
DAILY AVG.       0.05              0.07   -0.02     0.06
DAYS >= .01        15                MM      MM       12
DAYS >= .10         5                MM      MM        3
DAYS >= .50         0                MM      MM        1
DAYS >= 1.00        0                MM      MM        0
GREATEST
 24 HR. TOTAL    0.38   01/07 TO 01/07

DEGREE_DAYS
HEATING TOTAL    1299              1206      93     1192
 SINCE 7/1       3656              3474     182     3532
COOLING TOTAL       0                 0       0        0
 SINCE 1/1          0                 0       0        0
.................................................................

WIND (MPH)
AVERAGE WIND SPEED              10.0
RESULTANT WIND SPEED/DIRECTION   2/269
HIGHEST WIND SPEED/DIRECTION    37/230    DATE  01/07
HIGHEST GUST SPEED/DIRECTION    51/220    DATE  01/07

SKY COVER
POSSIBLE SUNSHINE (PERCENT)   MM
AVERAGE SKY COVER           0.80
NUMBER OF DAYS FAIR            6
NUMBER OF DAYS PC              4
NUMBER OF DAYS CLOUDY         21

AVERAGE RH (PERCENT)     73

WEATHER CONDITIONS. NUMBER OF DAYS WITH
THUNDERSTORM              0     MIXED PRECIP                0
HEAVY RAIN                0     RAIN                        1
LIGHT RAIN                3     FREEZING RAIN               0
LT FREEZING RAIN          2     HAIL                        0
HEAVY SNOW                4     SNOW                        7
LIGHT SNOW               19     SLEET                       0
FOG                      14     FOG W/VIS <= 1/4 MILE       3
HAZE                     12

-  INDICATES NEGATIVE NUMBERS.
R  INDICATES RECORD WAS SET OR TIED.
MM INDICATES DATA IS MISSING.
T  INDICATES TRACE AMOUNT.

$$
